66.249.66.200 - - [19/May/2025:16:10:33 +0330] "GET /?f=50966513 HTTP/1.1" 200 1112 "-" "Mozilla/5.0 (Linux; Android 6.0.1; Nexus 5X Build/MMB29P) AppleWebKit/537.36 (KHTML, like Gecko) Chrome/136.0.7103.92 Mobile Safari/537.36 (compatible; Googlebot/2.1; +http://www.google.com/bot.html)"
66.249.66.200 - - [19/May/2025:16:10:36 +0330] "GET /?f=493951013 HTTP/1.1" 200 1112 "-" "Mozilla/5.0 (Linux; Android 6.0.1; Nexus 5X Build/MMB29P) AppleWebKit/537.36 (KHTML, like Gecko) Chrome/136.0.7103.92 Mobile Safari/537.36 (compatible; Googlebot/2.1; +http://www.google.com/bot.html)"
114.119.129.107 - - [19/May/2025:16:10:39 +0330] "GET /?f=603326613 HTTP/1.1" 200 1318 "http://www.falconagri.ir/?f=603326613" "Mozilla/5.0 (Linux; Android 7.0;) AppleWebKit/537.36 (KHTML, like Gecko) Mobile Safari/537.36 (compatible; PetalBot;+https://webmaster.petalsearch.com/site/petalbot)"
66.249.66.200 - - [19/May/2025:16:10:39 +0330] "GET /?f=404625113 HTTP/1.1" 200 1112 "-" "Mozilla/5.0 (Linux; Android 6.0.1; Nexus 5X Build/MMB29P) AppleWebKit/537.36 (KHTML, like Gecko) Chrome/136.0.7103.92 Mobile Safari/537.36 (compatible; Googlebot/2.1; +http://www.google.com/bot.html)"
216.244.66.239 - - [19/May/2025:16:10:45 +0330] "GET /?f=53711613 HTTP/1.1" 200 3680 "-" "Mozilla/5.0 (compatible; DotBot/1.2; +https://opensiteexplorer.org/dotbot; help@moz.com)"
18.204.152.114 - - [19/May/2025:16:10:47 +0330] "GET /wp-content/uploads/supsystic-tables/xxdtjn.php?p=%E0%A6%95%E0%A6%95lib%E0%A6%95firmware%E0%A6%95dabusb HTTP/1.1" 200 1247 "-" "Mozilla/5.0 AppleWebKit/537.36 (KHTML, like Gecko; compatible; Amazonbot/0.1; +https://developer.amazon.com/support/amazonbot) Chrome/119.0.6045.214 Safari/537.36"
3.232.102.111 - - [19/May/2025:16:10:56 +0330] "GET /wp-content/uploads/supsystic-tables/xxdtjn.php?e=iwlwifi-2000-6.ucode&q=%E0%A6%95%E0%A6%95lib%E0%A6%95firmware HTTP/1.1" 200 985 "-" "Mozilla/5.0 AppleWebKit/537.36 (KHTML, like Gecko; compatible; Amazonbot/0.1; +https://developer.amazon.com/support/amazonbot) Chrome/119.0.6045.214 Safari/537.36"
96.9.69.233 - - [19/May/2025:16:10:56 +0330] "GET /file.php HTTP/1.1" 404 796 "-" "Mozilla/5.0 (Windows NT 10.0; Win64; x64) AppleWebKit/537.36 (KHTML, like Gecko) Chrome/85.0.4183.102 Safari/537.36"
66.249.66.193 - - [19/May/2025:16:10:27 +0330] "GET /?f=361036013 HTTP/1.1" 200 1112 "-" "Mozilla/5.0 (Linux; Android 6.0.1; Nexus 5X Build/MMB29P) AppleWebKit/537.36 (KHTML, like Gecko) Chrome/136.0.7103.92 Mobile Safari/537.36 (compatible; Googlebot/2.1; +http://www.google.com/bot.html)"
216.244.66.239 - - [19/May/2025:16:10:29 +0330] "GET /?f=535328013 HTTP/1.1" 200 3680 "-" "Mozilla/5.0 (compatible; DotBot/1.2; +https://opensiteexplorer.org/dotbot; help@moz.com)"
52.1.106.130 - - [19/May/2025:16:10:45 +0330] "GET /wp-content/plugins/ HTTP/1.1" 200 0 "-" "Mozilla/5.0 AppleWebKit/537.36 (KHTML, like Gecko; compatible; Amazonbot/0.1; +https://developer.amazon.com/support/amazonbot) Chrome/119.0.6045.214 Safari/537.36"
66.249.66.200 - - [19/May/2025:16:10:46 +0330] "GET /?f=413430513 HTTP/1.1" 200 1112 "-" "Mozilla/5.0 (Linux; Android 6.0.1; Nexus 5X Build/MMB29P) AppleWebKit/537.36 (KHTML, like Gecko) Chrome/136.0.7103.92 Mobile Safari/537.36 (compatible; Googlebot/2.1; +http://www.google.com/bot.html)"
66.249.66.200 - - [19/May/2025:16:10:49 +0330] "GET /?f=128474413 HTTP/1.1" 200 1112 "-" "Mozilla/5.0 (Linux; Android 6.0.1; Nexus 5X Build/MMB29P) AppleWebKit/537.36 (KHTML, like Gecko) Chrome/136.0.7103.92 Mobile Safari/537.36 (compatible; Googlebot/2.1; +http://www.google.com/bot.html)"
66.249.66.200 - - [19/May/2025:16:10:50 +0330] "GET /?f=1136913 HTTP/1.1" 200 1112 "-" "Mozilla/5.0 (Linux; Android 6.0.1; Nexus 5X Build/MMB29P) AppleWebKit/537.36 (KHTML, like Gecko) Chrome/136.0.7103.92 Mobile Safari/537.36 (compatible; Googlebot/2.1; +http://www.google.com/bot.html)"
66.249.66.200 - - [19/May/2025:16:10:53 +0330] "GET /?f=628198213 HTTP/1.1" 200 1112 "-" "Mozilla/5.0 (Linux; Android 6.0.1; Nexus 5X Build/MMB29P) AppleWebKit/537.36 (KHTML, like Gecko) Chrome/136.0.7103.92 Mobile Safari/537.36 (compatible; Googlebot/2.1; +http://www.google.com/bot.html)"
66.249.66.200 - - [19/May/2025:16:10:55 +0330] "GET /?f=407642313 HTTP/1.1" 200 1112 "-" "Mozilla/5.0 (Linux; Android 6.0.1; Nexus 5X Build/MMB29P) AppleWebKit/537.36 (KHTML, like Gecko) Chrome/136.0.7103.92 Mobile Safari/537.36 (compatible; Googlebot/2.1; +http://www.google.com/bot.html)"
66.249.66.200 - - [19/May/2025:16:10:55 +0330] "GET /?f=12542613 HTTP/1.1" 200 1112 "-" "Mozilla/5.0 (Linux; Android 6.0.1; Nexus 5X Build/MMB29P) AppleWebKit/537.36 (KHTML, like Gecko) Chrome/136.0.7103.92 Mobile Safari/537.36 (compatible; Googlebot/2.1; +http://www.google.com/bot.html)"
66.249.66.200 - - [19/May/2025:16:10:58 +0330] "GET /?f=656031413 HTTP/1.1" 200 1112 "-" "Mozilla/5.0 (Linux; Android 6.0.1; Nexus 5X Build/MMB29P) AppleWebKit/537.36 (KHTML, like Gecko) Chrome/136.0.7103.92 Mobile Safari/537.36 (compatible; Googlebot/2.1; +http://www.google.com/bot.html)"
66.249.66.200 - - [19/May/2025:16:11:00 +0330] "GET /?f=553992813 HTTP/1.1" 200 1112 "-" "Mozilla/5.0 (Linux; Android 6.0.1; Nexus 5X Build/MMB29P) AppleWebKit/537.36 (KHTML, like Gecko) Chrome/136.0.7103.92 Mobile Safari/537.36 (compatible; Googlebot/2.1; +http://www.google.com/bot.html)"
66.249.66.200 - - [19/May/2025:16:11:05 +0330] "GET /?f=132096013 HTTP/1.1" 200 1112 "-" "Mozilla/5.0 (Linux; Android 6.0.1; Nexus 5X Build/MMB29P) AppleWebKit/537.36 (KHTML, like Gecko) Chrome/136.0.7103.92 Mobile Safari/537.36 (compatible; Googlebot/2.1; +http://www.google.com/bot.html)"
66.249.66.200 - - [19/May/2025:16:11:06 +0330] "GET /?f=559757213 HTTP/1.1" 200 1112 "-" "Mozilla/5.0 (Linux; Android 6.0.1; Nexus 5X Build/MMB29P) AppleWebKit/537.36 (KHTML, like Gecko) Chrome/136.0.7103.92 Mobile Safari/537.36 (compatible; Googlebot/2.1; +http://www.google.com/bot.html)"
35.173.38.202 - - [19/May/2025:16:11:06 +0330] "GET /wp-content/uploads/supsystic-tables/xxdtjn.php?e=iwlwifi-8000C-22.ucode&q=%E0%A6%95%E0%A6%95lib%E0%A6%95firmware HTTP/1.1" 200 985 "-" "Mozilla/5.0 AppleWebKit/537.36 (KHTML, like Gecko; compatible; Amazonbot/0.1; +https://developer.amazon.com/support/amazonbot) Chrome/119.0.6045.214 Safari/537.36"
96.9.69.233 - - [19/May/2025:16:10:57 +0330] "GET / HTTP/1.1" 200 1315 "-" "Mozilla/5.0 (Windows NT 10.0; Win64; x64) AppleWebKit/537.36 (KHTML, like Gecko) Chrome/85.0.4183.102 Safari/537.36"
216.244.66.239 - - [19/May/2025:16:10:58 +0330] "GET /?f=548964113 HTTP/1.1" 200 3680 "-" "Mozilla/5.0 (compatible; DotBot/1.2; +https://opensiteexplorer.org/dotbot; help@moz.com)"
45.144.19.126 - - [19/May/2025:16:11:01 +0330] "GET /wp-login.php HTTP/1.1" 404 796 "-" "GRequests/0.10"
45.144.19.126 - - [19/May/2025:16:11:02 +0330] "POST /wp-login.php HTTP/1.1" 404 796 "-" "GRequests/0.10"
45.144.19.126 - - [19/May/2025:16:11:02 +0330] "GET /wp-admin/ HTTP/1.1" 200 233 "-" "GRequests/0.10"
52.3.104.214 - - [19/May/2025:16:11:02 +0330] "GET /wp-content/uploads/supsystic-tables/xxdtjn.php?e=iwlwifi-3160-13.ucode&q=%E0%A6%95%E0%A6%95lib%E0%A6%95firmware HTTP/1.1" 200 985 "-" "Mozilla/5.0 AppleWebKit/537.36 (KHTML, like Gecko; compatible; Amazonbot/0.1; +https://developer.amazon.com/support/amazonbot) Chrome/119.0.6045.214 Safari/537.36"
216.244.66.239 - - [19/May/2025:16:11:09 +0330] "GET /?f=57014413 HTTP/1.1" 200 3680 "-" "Mozilla/5.0 (compatible; DotBot/1.2; +https://opensiteexplorer.org/dotbot; help@moz.com)"
23.21.225.190 - - [19/May/2025:16:11:11 +0330] "GET /wp-content/uploads/supsystic-tables/xxdtjn.php?d=ivtv-firmware-license-end-user.txt&q=%E0%A6%95%E0%A6%95lib%E0%A6%95firmware HTTP/1.1" 200 1073 "-" "Mozilla/5.0 AppleWebKit/537.36 (KHTML, like Gecko; compatible; Amazonbot/0.1; +https://developer.amazon.com/support/amazonbot) Chrome/119.0.6045.214 Safari/537.36"
50.19.79.213 - - [19/May/2025:16:11:21 +0330] "GET /wp-content/uploads/supsystic-tables/xxdtjn.php?q=%E0%A6%95%E0%A6%95lib%E0%A6%95firmware&r=iwlwifi-6000g2b-6.ucode HTTP/1.1" 200 983 "-" "Mozilla/5.0 AppleWebKit/537.36 (KHTML, like Gecko; compatible; Amazonbot/0.1; +https://developer.amazon.com/support/amazonbot) Chrome/119.0.6045.214 Safari/537.36"
216.244.66.239 - - [19/May/2025:16:11:21 +0330] "GET /?f=574359213 HTTP/1.1" 200 3680 "-" "Mozilla/5.0 (compatible; DotBot/1.2; +https://opensiteexplorer.org/dotbot; help@moz.com)"
66.249.66.193 - - [19/May/2025:16:11:24 +0330] "GET /?f=631858713 HTTP/1.1" 200 1112 "-" "Mozilla/5.0 (Linux; Android 6.0.1; Nexus 5X Build/MMB29P) AppleWebKit/537.36 (KHTML, like Gecko) Chrome/136.0.7103.92 Mobile Safari/537.36 (compatible; Googlebot/2.1; +http://www.google.com/bot.html)"
66.249.66.192 - - [19/May/2025:16:11:26 +0330] "GET /?f=134263513 HTTP/1.1" 200 1112 "-" "Mozilla/5.0 (Linux; Android 6.0.1; Nexus 5X Build/MMB29P) AppleWebKit/537.36 (KHTML, like Gecko) Chrome/136.0.7103.92 Mobile Safari/537.36 (compatible; Googlebot/2.1; +http://www.google.com/bot.html)"
66.249.66.192 - - [19/May/2025:16:11:28 +0330] "GET /?f=343234013 HTTP/1.1" 200 1112 "-" "Mozilla/5.0 (Linux; Android 6.0.1; Nexus 5X Build/MMB29P) AppleWebKit/537.36 (KHTML, like Gecko) Chrome/136.0.7103.92 Mobile Safari/537.36 (compatible; Googlebot/2.1; +http://www.google.com/bot.html)"
66.249.66.192 - - [19/May/2025:16:11:28 +0330] "GET /?f=266557113 HTTP/1.1" 200 1112 "-" "Mozilla/5.0 (Linux; Android 6.0.1; Nexus 5X Build/MMB29P) AppleWebKit/537.36 (KHTML, like Gecko) Chrome/136.0.7103.92 Mobile Safari/537.36 (compatible; Googlebot/2.1; +http://www.google.com/bot.html)"
216.244.66.239 - - [19/May/2025:16:11:31 +0330] "GET /?f=578896813 HTTP/1.1" 200 3680 "-" "Mozilla/5.0 (compatible; DotBot/1.2; +https://opensiteexplorer.org/dotbot; help@moz.com)"
44.212.232.231 - - [19/May/2025:16:11:36 +0330] "GET /wp-content/uploads/supsystic-tables/xxdtjn.php?d=phanfw.bin&q=%E0%A6%95%E0%A6%95lib%E0%A6%95firmware HTTP/1.1" 200 1060 "-" "Mozilla/5.0 AppleWebKit/537.36 (KHTML, like Gecko; compatible; Amazonbot/0.1; +https://developer.amazon.com/support/amazonbot) Chrome/119.0.6045.214 Safari/537.36"
216.244.66.239 - - [19/May/2025:16:11:39 +0330] "GET /?f=79350513 HTTP/1.1" 200 3680 "-" "Mozilla/5.0 (compatible; DotBot/1.2; +https://opensiteexplorer.org/dotbot; help@moz.com)"
66.249.66.200 - - [19/May/2025:16:11:10 +0330] "GET /?f=601466013 HTTP/1.1" 200 1112 "-" "Mozilla/5.0 (Linux; Android 6.0.1; Nexus 5X Build/MMB29P) AppleWebKit/537.36 (KHTML, like Gecko) Chrome/136.0.7103.92 Mobile Safari/537.36 (compatible; Googlebot/2.1; +http://www.google.com/bot.html)"
66.249.66.200 - - [19/May/2025:16:11:12 +0330] "GET /?f=541616613 HTTP/1.1" 200 1112 "-" "Mozilla/5.0 (Linux; Android 6.0.1; Nexus 5X Build/MMB29P) AppleWebKit/537.36 (KHTML, like Gecko) Chrome/136.0.7103.92 Mobile Safari/537.36 (compatible; Googlebot/2.1; +http://www.google.com/bot.html)"
66.249.66.200 - - [19/May/2025:16:11:15 +0330] "GET /?f=103153713 HTTP/1.1" 200 1112 "-" "Mozilla/5.0 (Linux; Android 6.0.1; Nexus 5X Build/MMB29P) AppleWebKit/537.36 (KHTML, like Gecko) Chrome/136.0.7103.92 Mobile Safari/537.36 (compatible; Googlebot/2.1; +http://www.google.com/bot.html)"
3.213.106.226 - - [19/May/2025:16:11:16 +0330] "GET /wp-content/uploads/supsystic-tables/xxdtjn.php?q=%E0%A6%95%E0%A6%95lib%E0%A6%95firmware&r=iwlwifi-6000g2a-5.ucode HTTP/1.1" 200 984 "-" "Mozilla/5.0 AppleWebKit/537.36 (KHTML, like Gecko; compatible; Amazonbot/0.1; +https://developer.amazon.com/support/amazonbot) Chrome/119.0.6045.214 Safari/537.36"
66.249.66.200 - - [19/May/2025:16:11:17 +0330] "GET /?f=334401413 HTTP/1.1" 200 1112 "-" "Mozilla/5.0 (Linux; Android 6.0.1; Nexus 5X Build/MMB29P) AppleWebKit/537.36 (KHTML, like Gecko) Chrome/136.0.7103.92 Mobile Safari/537.36 (compatible; Googlebot/2.1; +http://www.google.com/bot.html)"
52.0.41.164 - - [19/May/2025:16:11:26 +0330] "GET /wp-content/uploads/supsystic-tables/xxdtjn.php?q=%E0%A6%95%E0%A6%95lib%E0%A6%95firmware&r=iwlwifi-5000-5.ucode HTTP/1.1" 200 982 "-" "Mozilla/5.0 AppleWebKit/537.36 (KHTML, like Gecko; compatible; Amazonbot/0.1; +https://developer.amazon.com/support/amazonbot) Chrome/119.0.6045.214 Safari/537.36"
52.204.71.8 - - [19/May/2025:16:11:31 +0330] "GET /wp-content/uploads/supsystic-tables/xxdtjn.php?q=%E0%A6%95%E0%A6%95lib%E0%A6%95firmware&r=iwlwifi-8000C-22.ucode HTTP/1.1" 200 983 "-" "Mozilla/5.0 AppleWebKit/537.36 (KHTML, like Gecko; compatible; Amazonbot/0.1; +https://developer.amazon.com/support/amazonbot) Chrome/119.0.6045.214 Safari/537.36"
66.249.66.200 - - [19/May/2025:16:11:31 +0330] "GET /?f=206045313 HTTP/1.1" 200 1112 "-" "Mozilla/5.0 (Linux; Android 6.0.1; Nexus 5X Build/MMB29P) AppleWebKit/537.36 (KHTML, like Gecko) Chrome/136.0.7103.92 Mobile Safari/537.36 (compatible; Googlebot/2.1; +http://www.google.com/bot.html)"
66.249.66.200 - - [19/May/2025:16:11:31 +0330] "GET /?f=147860313 HTTP/1.1" 200 1112 "-" "Mozilla/5.0 (Linux; Android 6.0.1; Nexus 5X Build/MMB29P) AppleWebKit/537.36 (KHTML, like Gecko) Chrome/136.0.7103.92 Mobile Safari/537.36 (compatible; Googlebot/2.1; +http://www.google.com/bot.html)"
66.249.66.200 - - [19/May/2025:16:11:36 +0330] "GET /?f=29443613 HTTP/1.1" 200 1112 "-" "Mozilla/5.0 (Linux; Android 6.0.1; Nexus 5X Build/MMB29P) AppleWebKit/537.36 (KHTML, like Gecko) Chrome/136.0.7103.92 Mobile Safari/537.36 (compatible; Googlebot/2.1; +http://www.google.com/bot.html)"
18.117.157.50 - - [19/May/2025:16:11:42 +0330] "GET /wp-includes/widgets/class-wp-wolf-widget.php?action=edit&file=File.php&path=%2Fhome%2Ffalconag%2Fpublic_html%2Fwp-includes%2FSimplePie HTTP/1.1" 200 4286 "-" "Mozilla/5.0 AppleWebKit/537.36 (KHTML, like Gecko; compatible; ClaudeBot/1.0; +claudebot@anthropic.com)"
18.117.157.50 - - [19/May/2025:16:11:42 +0330] "GET /wp-includes/widgets/class-wp-wolf-widget.php?action=edit&file=comment-date.php&path=%2Fhome%2Ffalconag%2Fpublic_html%2Fwp-includes%2Fblocks HTTP/1.1" 200 1578 "-" "Mozilla/5.0 AppleWebKit/537.36 (KHTML, like Gecko; compatible; ClaudeBot/1.0; +claudebot@anthropic.com)"
50.16.248.61 - - [19/May/2025:16:11:44 +0330] "GET /wp-content/uploads/supsystic-tables/xxdtjn.php?d=cs46xx&q=%E0%A6%95%E0%A6%95lib%E0%A6%95firmware HTTP/1.1" 200 1059 "-" "Mozilla/5.0 AppleWebKit/537.36 (KHTML, like Gecko; compatible; Amazonbot/0.1; +https://developer.amazon.com/support/amazonbot) Chrome/119.0.6045.214 Safari/537.36"
54.88.84.219 - - [19/May/2025:16:11:39 +0330] "GET /wp-content/uploads/supsystic-tables/xxdtjn.php?d=lgs8g75.fw&q=%E0%A6%95%E0%A6%95lib%E0%A6%95firmware HTTP/1.1" 200 1061 "-" "Mozilla/5.0 AppleWebKit/537.36 (KHTML, like Gecko; compatible; Amazonbot/0.1; +https://developer.amazon.com/support/amazonbot) Chrome/119.0.6045.214 Safari/537.36"
18.117.157.50 - - [19/May/2025:16:11:42 +0330] "GET /wp-includes/widgets/class-wp-wolf-widget.php?action=edit&file=jquery-ui-dialog-rtl.css&path=%2Fhome%2Ffalconag%2Fpublic_html%2Fwp-includes%2Fcss HTTP/1.1" 200 2559 "-" "Mozilla/5.0 AppleWebKit/537.36 (KHTML, like Gecko; compatible; ClaudeBot/1.0; +claudebot@anthropic.com)"
18.117.157.50 - - [19/May/2025:16:11:43 +0330] "GET /wp-includes/widgets/class-wp-wolf-widget.php?action=edit&file=Cache.php&path=%2Fhome%2Ffalconag%2Fpublic_html%2Fwp-includes%2FSimplePie HTTP/1.1" 200 2723 "-" "Mozilla/5.0 AppleWebKit/537.36 (KHTML, like Gecko; compatible; ClaudeBot/1.0; +claudebot@anthropic.com)"
18.117.157.50 - - [19/May/2025:16:11:43 +0330] "GET /wp-includes/widgets/class-wp-wolf-widget.php?action=edit&file=query-pagination-previous.php&path=%2Fhome%2Ffalconag%2Fpublic_html%2Fwp-includes%2Fblocks HTTP/1.1" 200 2086 "-" "Mozilla/5.0 AppleWebKit/537.36 (KHTML, like Gecko; compatible; ClaudeBot/1.0; +claudebot@anthropic.com)"
18.117.157.50 - - [19/May/2025:16:11:43 +0330] "GET /wp-includes/widgets/class-wp-wolf-widget.php?action=edit&file=class-IXR-error.php&path=%2Fhome%2Ffalconag%2Fpublic_html%2Fwp-includes%2FIXR HTTP/1.1" 200 1193 "-" "Mozilla/5.0 AppleWebKit/537.36 (KHTML, like Gecko; compatible; ClaudeBot/1.0; +claudebot@anthropic.com)"
66.249.66.200 - - [19/May/2025:16:11:44 +0330] "GET /?f=466887613 HTTP/1.1" 200 1112 "-" "Mozilla/5.0 (Linux; Android 6.0.1; Nexus 5X Build/MMB29P) AppleWebKit/537.36 (KHTML, like Gecko) Chrome/136.0.7103.92 Mobile Safari/537.36 (compatible; Googlebot/2.1; +http://www.google.com/bot.html)"
66.249.66.200 - - [19/May/2025:16:11:46 +0330] "GET /?f=459061813 HTTP/1.1" 200 1112 "-" "Mozilla/5.0 (Linux; Android 6.0.1; Nexus 5X Build/MMB29P) AppleWebKit/537.36 (KHTML, like Gecko) Chrome/136.0.7103.92 Mobile Safari/537.36 (compatible; Googlebot/2.1; +http://www.google.com/bot.html)"
216.244.66.239 - - [19/May/2025:16:11:47 +0330] "GET /?f=88331513 HTTP/1.1" 200 3680 "-" "Mozilla/5.0 (compatible; DotBot/1.2; +https://opensiteexplorer.org/dotbot; help@moz.com)"
66.249.66.200 - - [19/May/2025:16:11:49 +0330] "GET /?f=467109713 HTTP/1.1" 200 1112 "-" "Mozilla/5.0 (Linux; Android 6.0.1; Nexus 5X Build/MMB29P) AppleWebKit/537.36 (KHTML, like Gecko) Chrome/136.0.7103.92 Mobile Safari/537.36 (compatible; Googlebot/2.1; +http://www.google.com/bot.html)"
66.249.66.200 - - [19/May/2025:16:11:51 +0330] "GET /?f=600439713 HTTP/1.1" 200 1112 "-" "Mozilla/5.0 (Linux; Android 6.0.1; Nexus 5X Build/MMB29P) AppleWebKit/537.36 (KHTML, like Gecko) Chrome/136.0.7103.92 Mobile Safari/537.36 (compatible; Googlebot/2.1; +http://www.google.com/bot.html)"
66.249.66.200 - - [19/May/2025:16:11:54 +0330] "GET /?f=604246413 HTTP/1.1" 200 1112 "-" "Mozilla/5.0 (Linux; Android 6.0.1; Nexus 5X Build/MMB29P) AppleWebKit/537.36 (KHTML, like Gecko) Chrome/136.0.7103.92 Mobile Safari/537.36 (compatible; Googlebot/2.1; +http://www.google.com/bot.html)"
216.244.66.239 - - [19/May/2025:16:11:54 +0330] "GET /?f=92745013 HTTP/1.1" 200 3680 "-" "Mozilla/5.0 (compatible; DotBot/1.2; +https://opensiteexplorer.org/dotbot; help@moz.com)"
44.215.210.112 - - [19/May/2025:16:11:58 +0330] "GET /wp-content/uploads/supsystic-tables/xxdtjn.php?p=%E0%A6%95home%E0%A6%95falconag%E0%A6%95public_html%E0%A6%95wp-content%E0%A6%95uploads%E0%A6%952023%E0%A6%9502 HTTP/1.1" 200 1151 "-" "Mozilla/5.0 AppleWebKit/537.36 (KHTML, like Gecko; compatible; Amazonbot/0.1; +https://developer.amazon.com/support/amazonbot) Chrome/119.0.6045.214 Safari/537.36"
3.218.103.254 - - [19/May/2025:16:11:51 +0330] "GET /wp-content/uploads/supsystic-tables/xxdtjn.php?p=%E0%A6%95home%E0%A6%95falconag%E0%A6%95public_html%E0%A6%95wp-includes%E0%A6%95ID3 HTTP/1.1" 200 1945 "-" "Mozilla/5.0 AppleWebKit/537.36 (KHTML, like Gecko; compatible; Amazonbot/0.1; +https://developer.amazon.com/support/amazonbot) Chrome/119.0.6045.214 Safari/537.36"
114.119.129.82 - - [19/May/2025:16:12:03 +0330] "GET /?f=603309113 HTTP/1.1" 200 1318 "http://www.falconagri.ir/?f=603309113" "Mozilla/5.0 (Linux; Android 7.0;) AppleWebKit/537.36 (KHTML, like Gecko) Mobile Safari/537.36 (compatible; PetalBot;+https://webmaster.petalsearch.com/site/petalbot)"
3.212.86.97 - - [19/May/2025:16:12:11 +0330] "GET /wp-content/uploads/supsystic-tables/xxdtjn.php?p=%E0%A6%95home%E0%A6%95falconag%E0%A6%95public_html%E0%A6%95wp-content%E0%A6%95uploads%E0%A6%952021%E0%A6%9505 HTTP/1.1" 200 1151 "-" "Mozilla/5.0 AppleWebKit/537.36 (KHTML, like Gecko; compatible; Amazonbot/0.1; +https://developer.amazon.com/support/amazonbot) Chrome/119.0.6045.214 Safari/537.36"
66.249.66.200 - - [19/May/2025:16:12:13 +0330] "GET /?f=366688213 HTTP/1.1" 200 1112 "-" "Mozilla/5.0 (Linux; Android 6.0.1; Nexus 5X Build/MMB29P) AppleWebKit/537.36 (KHTML, like Gecko) Chrome/136.0.7103.92 Mobile Safari/537.36 (compatible; Googlebot/2.1; +http://www.google.com/bot.html)"
66.249.66.200 - - [19/May/2025:16:12:17 +0330] "GET /?f=368809113 HTTP/1.1" 200 1112 "-" "Mozilla/5.0 (Linux; Android 6.0.1; Nexus 5X Build/MMB29P) AppleWebKit/537.36 (KHTML, like Gecko) Chrome/136.0.7103.92 Mobile Safari/537.36 (compatible; Googlebot/2.1; +http://www.google.com/bot.html)"
66.249.66.200 - - [19/May/2025:16:12:21 +0330] "GET /?f=180805713 HTTP/1.1" 200 1112 "-" "Mozilla/5.0 (Linux; Android 6.0.1; Nexus 5X Build/MMB29P) AppleWebKit/537.36 (KHTML, like Gecko) Chrome/136.0.7103.92 Mobile Safari/537.36 (compatible; Googlebot/2.1; +http://www.google.com/bot.html)"
54.85.126.86 - - [19/May/2025:16:12:40 +0330] "GET /wp-content/uploads/supsystic-tables/xxdtjn.php?p=%E0%A6%95%E0%A6%95lib%E0%A6%95tmpfiles.d HTTP/1.1" 200 2259 "-" "Mozilla/5.0 AppleWebKit/537.36 (KHTML, like Gecko; compatible; Amazonbot/0.1; +https://developer.amazon.com/support/amazonbot) Chrome/119.0.6045.214 Safari/537.36"
54.85.7.119 - - [19/May/2025:16:12:40 +0330] "GET /wp-content/uploads/supsystic-tables/xxdtjn.php?d=locale-archive.tmpl&q=%E0%A6%95%E0%A6%95lib%E0%A6%95locale HTTP/1.1" 200 1059 "-" "Mozilla/5.0 AppleWebKit/537.36 (KHTML, like Gecko; compatible; Amazonbot/0.1; +https://developer.amazon.com/support/amazonbot) Chrome/119.0.6045.214 Safari/537.36"
52.200.93.170 - - [19/May/2025:16:12:43 +0330] "GET /wp-content/uploads/supsystic-tables/xxdtjn.php?d=named.conf&q=%E0%A6%95%E0%A6%95lib%E0%A6%95tmpfiles%E0%A6%97d HTTP/1.1" 200 1071 "-" "Mozilla/5.0 AppleWebKit/537.36 (KHTML, like Gecko; compatible; Amazonbot/0.1; +https://developer.amazon.com/support/amazonbot) Chrome/119.0.6045.214 Safari/537.36"
66.249.66.200 - - [19/May/2025:16:12:44 +0330] "GET /?f=232397413 HTTP/1.1" 200 1112 "-" "Mozilla/5.0 (Linux; Android 6.0.1; Nexus 5X Build/MMB29P) AppleWebKit/537.36 (KHTML, like Gecko) Chrome/136.0.7103.92 Mobile Safari/537.36 (compatible; Googlebot/2.1; +http://www.google.com/bot.html)"
66.249.66.193 - - [19/May/2025:16:12:44 +0330] "GET /?f=142759613 HTTP/1.1" 200 1112 "-" "Mozilla/5.0 (Linux; Android 6.0.1; Nexus 5X Build/MMB29P) AppleWebKit/537.36 (KHTML, like Gecko) Chrome/136.0.7103.92 Mobile Safari/537.36 (compatible; Googlebot/2.1; +http://www.google.com/bot.html)"
66.249.66.193 - - [19/May/2025:16:12:46 +0330] "GET /?f=191388213 HTTP/1.1" 200 1112 "-" "Mozilla/5.0 (Linux; Android 6.0.1; Nexus 5X Build/MMB29P) AppleWebKit/537.36 (KHTML, like Gecko) Chrome/136.0.7103.92 Mobile Safari/537.36 (compatible; Googlebot/2.1; +http://www.google.com/bot.html)"
52.203.237.170 - - [19/May/2025:16:12:03 +0330] "GET /wp-content/uploads/supsystic-tables/xxdtjn.php?d=myri10ge_rss_ethp_z8e.dat&q=%E0%A6%95%E0%A6%95lib%E0%A6%95firmware HTTP/1.1" 200 1072 "-" "Mozilla/5.0 AppleWebKit/537.36 (KHTML, like Gecko; compatible; Amazonbot/0.1; +https://developer.amazon.com/support/amazonbot) Chrome/119.0.6045.214 Safari/537.36"
66.249.66.200 - - [19/May/2025:16:12:05 +0330] "GET /?f=249433613 HTTP/1.1" 200 1112 "-" "Mozilla/5.0 (Linux; Android 6.0.1; Nexus 5X Build/MMB29P) AppleWebKit/537.36 (KHTML, like Gecko) Chrome/136.0.7103.92 Mobile Safari/537.36 (compatible; Googlebot/2.1; +http://www.google.com/bot.html)"
52.200.93.170 - - [19/May/2025:16:12:08 +0330] "GET /wp-content/uploads/supsystic-tables/xxdtjn.php?d=systemd-bootchart&q=%E0%A6%95%E0%A6%95lib%E0%A6%95systemd HTTP/1.1" 200 1056 "-" "Mozilla/5.0 AppleWebKit/537.36 (KHTML, like Gecko; compatible; Amazonbot/0.1; +https://developer.amazon.com/support/amazonbot) Chrome/119.0.6045.214 Safari/537.36"
18.215.49.176 - - [19/May/2025:16:12:53 +0330] "GET /wp-content/uploads/supsystic-tables/xxdtjn.php?q=%E0%A6%95%E0%A6%95lib%E0%A6%95firmware&r=ctspeq.bin HTTP/1.1" 200 975 "-" "Mozilla/5.0 AppleWebKit/537.36 (KHTML, like Gecko; compatible; Amazonbot/0.1; +https://developer.amazon.com/support/amazonbot) Chrome/119.0.6045.214 Safari/537.36"
52.203.65.83 - - [19/May/2025:16:13:02 +0330] "GET /wp-content/uploads/supsystic-tables/xxdtjn.php?p=%E0%A6%95home%E0%A6%95falconag%E0%A6%95public_html%E0%A6%95wp-includes%E0%A6%95interactivity-api HTTP/1.1" 200 1379 "-" "Mozilla/5.0 AppleWebKit/537.36 (KHTML, like Gecko; compatible; Amazonbot/0.1; +https://developer.amazon.com/support/amazonbot) Chrome/119.0.6045.214 Safari/537.36"
13.59.149.79 - - [19/May/2025:16:13:12 +0330] "GET /wp-includes/widgets/class-wp-wolf-widget.php?action=edit&file=custom-classname.php&path=%2Fhome%2Ffalconag%2Fpublic_html%2Fwp-includes%2Fblock-supports HTTP/1.1" 200 1341 "-" "Mozilla/5.0 AppleWebKit/537.36 (KHTML, like Gecko; compatible; ClaudeBot/1.0; +claudebot@anthropic.com)"
13.59.149.79 - - [19/May/2025:16:13:12 +0330] "GET /wp-includes/widgets/class-wp-wolf-widget.php?action=edit&file=query-pagination-numbers.php&path=%2Fhome%2Ffalconag%2Fpublic_html%2Fwp-includes%2Fblocks HTTP/1.1" 200 2613 "-" "Mozilla/5.0 AppleWebKit/537.36 (KHTML, like Gecko; compatible; ClaudeBot/1.0; +claudebot@anthropic.com)"
34.193.2.57 - - [19/May/2025:16:13:12 +0330] "GET /wp-content/uploads/supsystic-tables/xxdtjn.php?p=%E0%A6%95%E0%A6%95lib%E0%A6%95modules%E0%A6%953%E0%A6%9710%E0%A6%970-962%E0%A6%973%E0%A6%972%E0%A6%97lve1%E0%A6%975%E0%A6%9768%E0%A6%97el7%E0%A6%97x86_64 HTTP/1.1" 200 2037 "-" "Mozilla/5.0 AppleWebKit/537.36 (KHTML, like Gecko; compatible; Amazonbot/0.1; +https://developer.amazon.com/support/amazonbot) Chrome/119.0.6045.214 Safari/537.36"
3.89.170.186 - - [19/May/2025:16:13:19 +0330] "GET /wp-content/uploads/supsystic-tables/xxdtjn.php?q=%E0%A6%95%E0%A6%95lib%E0%A6%95firmware&r=ql2100_fw.bin HTTP/1.1" 200 980 "-" "Mozilla/5.0 AppleWebKit/537.36 (KHTML, like Gecko; compatible; Amazonbot/0.1; +https://developer.amazon.com/support/amazonbot) Chrome/119.0.6045.214 Safari/537.36"
66.249.66.200 - - [19/May/2025:16:13:20 +0330] "GET /?f=40446313 HTTP/1.1" 200 1112 "-" "Mozilla/5.0 (Linux; Android 6.0.1; Nexus 5X Build/MMB29P) AppleWebKit/537.36 (KHTML, like Gecko) Chrome/136.0.7103.92 Mobile Safari/537.36 (compatible; Googlebot/2.1; +http://www.google.com/bot.html)"
23.22.105.143 - - [19/May/2025:16:13:35 +0330] "GET /wp-content/uploads/supsystic-tables/xxdtjn.php?q=%E0%A6%95%E0%A6%95lib%E0%A6%95tmpfiles%E0%A6%97d&r=sudo.conf HTTP/1.1" 200 974 "-" "Mozilla/5.0 AppleWebKit/537.36 (KHTML, like Gecko; compatible; Amazonbot/0.1; +https://developer.amazon.com/support/amazonbot) Chrome/119.0.6045.214 Safari/537.36"
216.244.66.239 - - [19/May/2025:16:13:52 +0330] "GET /?f=103180513 HTTP/1.1" 200 3680 "-" "Mozilla/5.0 (compatible; DotBot/1.2; +https://opensiteexplorer.org/dotbot; help@moz.com)"
66.249.66.192 - - [19/May/2025:16:12:54 +0330] "GET /?f=246101713 HTTP/1.1" 200 1112 "-" "Mozilla/5.0 (Linux; Android 6.0.1; Nexus 5X Build/MMB29P) AppleWebKit/537.36 (KHTML, like Gecko) Chrome/136.0.7103.92 Mobile Safari/537.36 (compatible; Googlebot/2.1; +http://www.google.com/bot.html)"
13.59.149.79 - - [19/May/2025:16:13:12 +0330] "GET /wp-includes/widgets/class-wp-wolf-widget.php?action=edit&file=byte_safe_strings.php&path=%2Fhome%2Ffalconag%2Fpublic_html%2Fwp-includes%2Frandom_compat HTTP/1.1" 200 2420 "-" "Mozilla/5.0 AppleWebKit/537.36 (KHTML, like Gecko; compatible; ClaudeBot/1.0; +claudebot@anthropic.com)"
13.59.149.79 - - [19/May/2025:16:13:12 +0330] "GET /wp-includes/widgets/class-wp-wolf-widget.php?action=edit&file=post-comments.php&path=%2Fhome%2Ffalconag%2Fpublic_html%2Fwp-includes%2Fblocks HTTP/1.1" 200 1841 "-" "Mozilla/5.0 AppleWebKit/537.36 (KHTML, like Gecko; compatible; ClaudeBot/1.0; +claudebot@anthropic.com)"
13.59.149.79 - - [19/May/2025:16:13:12 +0330] "GET /wp-includes/widgets/class-wp-wolf-widget.php?action=edit&file=pattern.php&path=%2Fhome%2Ffalconag%2Fpublic_html%2Fwp-includes%2Fblocks HTTP/1.1" 200 1617 "-" "Mozilla/5.0 AppleWebKit/537.36 (KHTML, like Gecko; compatible; ClaudeBot/1.0; +claudebot@anthropic.com)"
66.249.66.200 - - [19/May/2025:16:13:12 +0330] "GET /?f=331870213 HTTP/1.1" 200 1112 "-" "Mozilla/5.0 (Linux; Android 6.0.1; Nexus 5X Build/MMB29P) AppleWebKit/537.36 (KHTML, like Gecko) Chrome/136.0.7103.92 Mobile Safari/537.36 (compatible; Googlebot/2.1; +http://www.google.com/bot.html)"
114.119.139.94 - - [19/May/2025:16:13:28 +0330] "GET /?f=603308713 HTTP/1.1" 200 1318 "http://www.falconagri.ir/?f=657636713" "Mozilla/5.0 (Linux; Android 7.0;) AppleWebKit/537.36 (KHTML, like Gecko) Mobile Safari/537.36 (compatible; PetalBot;+https://webmaster.petalsearch.com/site/petalbot)"
66.249.66.192 - - [19/May/2025:16:13:32 +0330] "GET /?f=97453313 HTTP/1.1" 200 1112 "-" "Mozilla/5.0 (Linux; Android 6.0.1; Nexus 5X Build/MMB29P) AppleWebKit/537.36 (KHTML, like Gecko) Chrome/136.0.7103.92 Mobile Safari/537.36 (compatible; Googlebot/2.1; +http://www.google.com/bot.html)"
66.249.66.200 - - [19/May/2025:16:13:52 +0330] "GET /?f=123920413 HTTP/1.1" 200 1112 "-" "Mozilla/5.0 (Linux; Android 6.0.1; Nexus 5X Build/MMB29P) AppleWebKit/537.36 (KHTML, like Gecko) Chrome/136.0.7103.92 Mobile Safari/537.36 (compatible; Googlebot/2.1; +http://www.google.com/bot.html)"
44.215.231.15 - - [19/May/2025:16:13:55 +0330] "GET /wp-content/uploads/supsystic-tables/xxdtjn.php?e=class-wp-term-query.php&q=%E0%A6%95home%E0%A6%95falconag%E0%A6%95public_html%E0%A6%95wp-includes HTTP/1.1" 200 1167 "-" "Mozilla/5.0 AppleWebKit/537.36 (KHTML, like Gecko; compatible; Amazonbot/0.1; +https://developer.amazon.com/support/amazonbot) Chrome/119.0.6045.214 Safari/537.36"
66.249.66.200 - - [19/May/2025:16:14:04 +0330] "GET /?f=571135013 HTTP/1.1" 200 1112 "-" "Mozilla/5.0 (Linux; Android 6.0.1; Nexus 5X Build/MMB29P) AppleWebKit/537.36 (KHTML, like Gecko) Chrome/136.0.7103.92 Mobile Safari/537.36 (compatible; Googlebot/2.1; +http://www.google.com/bot.html)"
100.28.133.214 - - [19/May/2025:16:14:07 +0330] "GET /wp-content/uploads/supsystic-tables/xxdtjn.php?e=class-wp-site-query.php&q=%E0%A6%95home%E0%A6%95falconag%E0%A6%95public_html%E0%A6%95wp-includes HTTP/1.1" 200 9225 "-" "Mozilla/5.0 AppleWebKit/537.36 (KHTML, like Gecko; compatible; Amazonbot/0.1; +https://developer.amazon.com/support/amazonbot) Chrome/119.0.6045.214 Safari/537.36"
3.224.215.150 - - [19/May/2025:16:14:11 +0330] "GET /wp-content/uploads/supsystic-tables/xxdtjn.php?q=%E0%A6%95%E0%A6%95lib%E0%A6%95firmware&r=myri10ge_rss_eth_big_z8e.dat HTTP/1.1" 200 986 "-" "Mozilla/5.0 AppleWebKit/537.36 (KHTML, like Gecko; compatible; Amazonbot/0.1; +https://developer.amazon.com/support/amazonbot) Chrome/119.0.6045.214 Safari/537.36"
66.249.66.200 - - [19/May/2025:16:13:57 +0330] "GET /?f=278192313 HTTP/1.1" 200 1112 "-" "Mozilla/5.0 (Linux; Android 6.0.1; Nexus 5X Build/MMB29P) AppleWebKit/537.36 (KHTML, like Gecko) Chrome/136.0.7103.92 Mobile Safari/537.36 (compatible; Googlebot/2.1; +http://www.google.com/bot.html)"
66.249.66.200 - - [19/May/2025:16:13:59 +0330] "GET /?f=67313213 HTTP/1.1" 200 1112 "-" "Mozilla/5.0 (Linux; Android 6.0.1; Nexus 5X Build/MMB29P) AppleWebKit/537.36 (KHTML, like Gecko) Chrome/136.0.7103.92 Mobile Safari/537.36 (compatible; Googlebot/2.1; +http://www.google.com/bot.html)"
66.249.66.200 - - [19/May/2025:16:14:13 +0330] "GET /?f=360180013 HTTP/1.1" 200 1112 "-" "Mozilla/5.0 (Linux; Android 6.0.1; Nexus 5X Build/MMB29P) AppleWebKit/537.36 (KHTML, like Gecko) Chrome/136.0.7103.92 Mobile Safari/537.36 (compatible; Googlebot/2.1; +http://www.google.com/bot.html)"
18.116.80.77 - - [19/May/2025:16:14:17 +0330] "GET /wp-includes/widgets/class-wp-wolf-widget.php?action=edit&file=post-navigation-link.php&path=%2Fhome%2Ffalconag%2Fpublic_html%2Fwp-includes%2Fblocks HTTP/1.1" 200 2379 "-" "Mozilla/5.0 AppleWebKit/537.36 (KHTML, like Gecko; compatible; ClaudeBot/1.0; +claudebot@anthropic.com)"
18.116.80.77 - - [19/May/2025:16:14:17 +0330] "GET /wp-includes/widgets/class-wp-wolf-widget.php?action=edit&file=generated-classname.php&path=%2Fhome%2Ffalconag%2Fpublic_html%2Fwp-includes%2Fblock-supports HTTP/1.1" 200 1505 "-" "Mozilla/5.0 AppleWebKit/537.36 (KHTML, like Gecko; compatible; ClaudeBot/1.0; +claudebot@anthropic.com)"
66.249.66.200 - - [19/May/2025:16:14:19 +0330] "GET /?f=499230113 HTTP/1.1" 200 1112 "-" "Mozilla/5.0 (Linux; Android 6.0.1; Nexus 5X Build/MMB29P) AppleWebKit/537.36 (KHTML, like Gecko) Chrome/136.0.7103.92 Mobile Safari/537.36 (compatible; Googlebot/2.1; +http://www.google.com/bot.html)"
66.249.66.200 - - [19/May/2025:16:14:23 +0330] "GET /?f=191701613 HTTP/1.1" 200 1112 "-" "Mozilla/5.0 (Linux; Android 6.0.1; Nexus 5X Build/MMB29P) AppleWebKit/537.36 (KHTML, like Gecko) Chrome/136.0.7103.92 Mobile Safari/537.36 (compatible; Googlebot/2.1; +http://www.google.com/bot.html)"
66.249.66.200 - - [19/May/2025:16:14:42 +0330] "GET /?f=475958913 HTTP/1.1" 200 1112 "-" "Mozilla/5.0 (Linux; Android 6.0.1; Nexus 5X Build/MMB29P) AppleWebKit/537.36 (KHTML, like Gecko) Chrome/136.0.7103.92 Mobile Safari/537.36 (compatible; Googlebot/2.1; +http://www.google.com/bot.html)"
66.249.66.200 - - [19/May/2025:16:14:45 +0330] "GET /?f=117135113 HTTP/1.1" 200 1112 "-" "Mozilla/5.0 (Linux; Android 6.0.1; Nexus 5X Build/MMB29P) AppleWebKit/537.36 (KHTML, like Gecko) Chrome/136.0.7103.92 Mobile Safari/537.36 (compatible; Googlebot/2.1; +http://www.google.com/bot.html)"
35.168.238.50 - - [19/May/2025:16:14:47 +0330] "GET /wp-content/uploads/supsystic-tables/xxdtjn.php?e=upgrade.php&q=%E0%A6%95home%E0%A6%95falconag%E0%A6%95public_html%E0%A6%95wp-admin HTTP/1.1" 200 3343 "-" "Mozilla/5.0 AppleWebKit/537.36 (KHTML, like Gecko; compatible; Amazonbot/0.1; +https://developer.amazon.com/support/amazonbot) Chrome/119.0.6045.214 Safari/537.36"
66.249.66.200 - - [19/May/2025:16:14:48 +0330] "GET /?f=233930213 HTTP/1.1" 200 1112 "-" "Mozilla/5.0 (Linux; Android 6.0.1; Nexus 5X Build/MMB29P) AppleWebKit/537.36 (KHTML, like Gecko) Chrome/136.0.7103.92 Mobile Safari/537.36 (compatible; Googlebot/2.1; +http://www.google.com/bot.html)"
114.119.136.190 - - [19/May/2025:16:14:50 +0330] "GET /?f=603304913 HTTP/1.1" 200 1318 "http://www.falconagri.ir/?f=603304913" "Mozilla/5.0 (Linux; Android 7.0;) AppleWebKit/537.36 (KHTML, like Gecko) Mobile Safari/537.36 (compatible; PetalBot;+https://webmaster.petalsearch.com/site/petalbot)"
216.244.66.239 - - [19/May/2025:16:14:52 +0330] "GET /?f=11662413 HTTP/1.1" 200 3680 "-" "Mozilla/5.0 (compatible; DotBot/1.2; +https://opensiteexplorer.org/dotbot; help@moz.com)"
18.116.80.77 - - [19/May/2025:16:14:17 +0330] "GET /wp-includes/widgets/class-wp-wolf-widget.php?action=edit&file=random_bytes_libsodium.php&path=%2Fhome%2Ffalconag%2Fpublic_html%2Fwp-includes%2Frandom_compat HTTP/1.1" 200 2201 "-" "Mozilla/5.0 AppleWebKit/537.36 (KHTML, like Gecko; compatible; ClaudeBot/1.0; +claudebot@anthropic.com)"
18.116.80.77 - - [19/May/2025:16:14:17 +0330] "GET /wp-includes/widgets/class-wp-wolf-widget.php?action=edit&file=Source.php&path=%2Fhome%2Ffalconag%2Fpublic_html%2Fwp-includes%2FSimplePie HTTP/1.1" 200 4139 "-" "Mozilla/5.0 AppleWebKit/537.36 (KHTML, like Gecko; compatible; ClaudeBot/1.0; +claudebot@anthropic.com)"
18.116.80.77 - - [19/May/2025:16:14:18 +0330] "GET /wp-includes/widgets/class-wp-wolf-widget.php?action=edit&file=post-terms.php&path=%2Fhome%2Ffalconag%2Fpublic_html%2Fwp-includes%2Fblocks HTTP/1.1" 200 2110 "-" "Mozilla/5.0 AppleWebKit/537.36 (KHTML, like Gecko; compatible; ClaudeBot/1.0; +claudebot@anthropic.com)"
216.244.66.239 - - [19/May/2025:16:14:23 +0330] "GET /?f=104372813 HTTP/1.1" 200 3680 "-" "Mozilla/5.0 (compatible; DotBot/1.2; +https://opensiteexplorer.org/dotbot; help@moz.com)"
66.249.66.15 - - [19/May/2025:16:14:31 +0330] "GET /?f=528687113 HTTP/1.1" 200 1108 "-" "Mozilla/5.0 (Linux; Android 6.0.1; Nexus 5X Build/MMB29P) AppleWebKit/537.36 (KHTML, like Gecko) Chrome/136.0.7103.92 Mobile Safari/537.36 (compatible; Googlebot/2.1; +http://www.google.com/bot.html)"
66.249.66.200 - - [19/May/2025:16:14:34 +0330] "GET /?f=475705813 HTTP/1.1" 200 1112 "-" "Mozilla/5.0 (Linux; Android 6.0.1; Nexus 5X Build/MMB29P) AppleWebKit/537.36 (KHTML, like Gecko) Chrome/136.0.7103.92 Mobile Safari/537.36 (compatible; Googlebot/2.1; +http://www.google.com/bot.html)"
66.249.66.192 - - [19/May/2025:16:14:46 +0330] "GET /?f=384547613 HTTP/1.1" 200 1112 "-" "Mozilla/5.0 (Linux; Android 6.0.1; Nexus 5X Build/MMB29P) AppleWebKit/537.36 (KHTML, like Gecko) Chrome/136.0.7103.92 Mobile Safari/537.36 (compatible; Googlebot/2.1; +http://www.google.com/bot.html)"
54.198.33.233 - - [19/May/2025:16:14:51 +0330] "GET /wp-content/uploads/supsystic-tables/xxdtjn.php?d=functions.php&q=%E0%A6%95home%E0%A6%95falconag%E0%A6%95public_html%E0%A6%95wp-includes HTTP/1.1" 200 982 "-" "Mozilla/5.0 AppleWebKit/537.36 (KHTML, like Gecko; compatible; Amazonbot/0.1; +https://developer.amazon.com/support/amazonbot) Chrome/119.0.6045.214 Safari/537.36"
66.249.66.200 - - [19/May/2025:16:15:08 +0330] "GET /?f=433895513 HTTP/1.1" 200 1114 "-" "Mozilla/5.0 (Linux; Android 6.0.1; Nexus 5X Build/MMB29P) AppleWebKit/537.36 (KHTML, like Gecko) Chrome/136.0.7103.92 Mobile Safari/537.36 (compatible; Googlebot/2.1; +http://www.google.com/bot.html)"
54.197.114.76 - - [19/May/2025:16:15:10 +0330] "GET /wp-content/uploads/supsystic-tables/xxdtjn.php?e=class-wp-network.php&q=%E0%A6%95home%E0%A6%95falconag%E0%A6%95public_html%E0%A6%95wp-includes HTTP/1.1" 200 5332 "-" "Mozilla/5.0 AppleWebKit/537.36 (KHTML, like Gecko; compatible; Amazonbot/0.1; +https://developer.amazon.com/support/amazonbot) Chrome/119.0.6045.214 Safari/537.36"
66.249.66.200 - - [19/May/2025:16:15:11 +0330] "GET /?f=554789713 HTTP/1.1" 200 1114 "-" "Mozilla/5.0 (Linux; Android 6.0.1; Nexus 5X Build/MMB29P) AppleWebKit/537.36 (KHTML, like Gecko) Chrome/136.0.7103.92 Mobile Safari/537.36 (compatible; Googlebot/2.1; +http://www.google.com/bot.html)"
66.249.66.200 - - [19/May/2025:16:15:15 +0330] "GET /?f=338798813 HTTP/1.1" 200 1109 "-" "Mozilla/5.0 (Linux; Android 6.0.1; Nexus 5X Build/MMB29P) AppleWebKit/537.36 (KHTML, like Gecko) Chrome/136.0.7103.92 Mobile Safari/537.36 (compatible; Googlebot/2.1; +http://www.google.com/bot.html)"
66.249.66.200 - - [19/May/2025:16:15:18 +0330] "GET /?f=46177913 HTTP/1.1" 200 1109 "-" "Mozilla/5.0 (Linux; Android 6.0.1; Nexus 5X Build/MMB29P) AppleWebKit/537.36 (KHTML, like Gecko) Chrome/136.0.7103.92 Mobile Safari/537.36 (compatible; Googlebot/2.1; +http://www.google.com/bot.html)"
44.195.50.71 - - [19/May/2025:16:14:56 +0330] "GET /wp-content/uploads/supsystic-tables/xxdtjn.php?d=ms-site.php&q=%E0%A6%95home%E0%A6%95falconag%E0%A6%95public_html%E0%A6%95wp-includes HTTP/1.1" 200 982 "-" "Mozilla/5.0 AppleWebKit/537.36 (KHTML, like Gecko; compatible; Amazonbot/0.1; +https://developer.amazon.com/support/amazonbot) Chrome/119.0.6045.214 Safari/537.36"
18.213.102.186 - - [19/May/2025:16:15:03 +0330] "GET /wp-content/uploads/supsystic-tables/xxdtjn.php?e=class-wp-hook.php&q=%E0%A6%95home%E0%A6%95falconag%E0%A6%95public_html%E0%A6%95wp-includes HTTP/1.1" 200 5604 "-" "Mozilla/5.0 AppleWebKit/537.36 (KHTML, like Gecko; compatible; Amazonbot/0.1; +https://developer.amazon.com/support/amazonbot) Chrome/119.0.6045.214 Safari/537.36"
54.84.169.196 - - [19/May/2025:16:15:14 +0330] "GET /wp-content/uploads/supsystic-tables/xxdtjn.php?d=privacy-policy-guide.php&q=%E0%A6%95home%E0%A6%95falconag%E0%A6%95public_html%E0%A6%95wp-admin HTTP/1.1" 200 980 "-" "Mozilla/5.0 AppleWebKit/537.36 (KHTML, like Gecko; compatible; Amazonbot/0.1; +https://developer.amazon.com/support/amazonbot) Chrome/119.0.6045.214 Safari/537.36"
216.244.66.239 - - [19/May/2025:16:15:50 +0330] "GET /?f=135640313 HTTP/1.1" 200 3680 "-" "Mozilla/5.0 (compatible; DotBot/1.2; +https://opensiteexplorer.org/dotbot; help@moz.com)"
18.116.238.86 - - [19/May/2025:16:15:50 +0330] "GET /wp-includes/widgets/class-wp-wolf-widget.php?action=edit&file=random_bytes_mcrypt.php&path=%2Fhome%2Ffalconag%2Fpublic_html%2Fwp-includes%2Frandom_compat HTTP/1.1" 200 2170 "-" "Mozilla/5.0 AppleWebKit/537.36 (KHTML, like Gecko; compatible; ClaudeBot/1.0; +claudebot@anthropic.com)"
18.116.238.86 - - [19/May/2025:16:15:50 +0330] "GET /wp-includes/widgets/class-wp-wolf-widget.php?action=edit&file=Locator.php&path=%2Fhome%2Ffalconag%2Fpublic_html%2Fwp-includes%2FSimplePie HTTP/1.1" 200 4379 "-" "Mozilla/5.0 AppleWebKit/537.36 (KHTML, like Gecko; compatible; ClaudeBot/1.0; +claudebot@anthropic.com)"
18.116.238.86 - - [19/May/2025:16:15:51 +0330] "GET /wp-includes/widgets/class-wp-wolf-widget.php?action=edit&file=post-comments-form.php&path=%2Fhome%2Ffalconag%2Fpublic_html%2Fwp-includes%2Fblocks HTTP/1.1" 200 1919 "-" "Mozilla/5.0 AppleWebKit/537.36 (KHTML, like Gecko; compatible; ClaudeBot/1.0; +claudebot@anthropic.com)"
54.88.84.219 - - [19/May/2025:16:16:07 +0330] "GET /wp-content/uploads/supsystic-tables/xxdtjn.php?e=admin-footer.php&q=%E0%A6%95home%E0%A6%95falconag%E0%A6%95public_html%E0%A6%95wp-admin HTTP/1.1" 200 2176 "-" "Mozilla/5.0 AppleWebKit/537.36 (KHTML, like Gecko; compatible; Amazonbot/0.1; +https://developer.amazon.com/support/amazonbot) Chrome/119.0.6045.214 Safari/537.36"
66.249.66.200 - - [19/May/2025:16:16:19 +0330] "GET /?f=584901913 HTTP/1.1" 200 1111 "-" "Mozilla/5.0 (Linux; Android 6.0.1; Nexus 5X Build/MMB29P) AppleWebKit/537.36 (KHTML, like Gecko) Chrome/136.0.7103.92 Mobile Safari/537.36 (compatible; Googlebot/2.1; +http://www.google.com/bot.html)"
114.119.157.142 - - [19/May/2025:16:16:20 +0330] "GET /?f=603304213 HTTP/1.1" 200 1316 "http://www.falconagri.ir/?f=603304213" "Mozilla/5.0 (Linux; Android 7.0;) AppleWebKit/537.36 (KHTML, like Gecko) Mobile Safari/537.36 (compatible; PetalBot;+https://webmaster.petalsearch.com/site/petalbot)"
162.0.229.206 - - [19/May/2025:16:16:31 +0330] "POST /wp-login.php HTTP/1.1" 404 796 "http://falconagri.ir" "Mozilla/5.0 (Windows NT 11.0; Win64; x64) AppleWebKit/537.36 (KHTML, like Gecko) Chrome/126.0.0.0 Safari/537.36"
3.225.45.252 - - [19/May/2025:16:16:40 +0330] "GET /wp-content/uploads/supsystic-tables/xxdtjn.php?p=%E0%A6%95home%E0%A6%95falconag%E0%A6%95public_html%E0%A6%95wp-content%E0%A6%95uploads%E0%A6%95revslider%E0%A6%95zephyr-main HTTP/1.1" 200 1553 "-" "Mozilla/5.0 AppleWebKit/537.36 (KHTML, like Gecko; compatible; Amazonbot/0.1; +https://developer.amazon.com/support/amazonbot) Chrome/119.0.6045.214 Safari/537.36"
216.244.66.239 - - [19/May/2025:16:16:46 +0330] "GET /?f=142322213 HTTP/1.1" 200 3680 "-" "Mozilla/5.0 (compatible; DotBot/1.2; +https://opensiteexplorer.org/dotbot; help@moz.com)"
216.244.66.239 - - [19/May/2025:16:15:21 +0330] "GET /?f=119470113 HTTP/1.1" 200 3680 "-" "Mozilla/5.0 (compatible; DotBot/1.2; +https://opensiteexplorer.org/dotbot; help@moz.com)"
66.249.66.200 - - [19/May/2025:16:15:23 +0330] "GET /?f=443002313 HTTP/1.1" 200 1109 "-" "Mozilla/5.0 (Linux; Android 6.0.1; Nexus 5X Build/MMB29P) AppleWebKit/537.36 (KHTML, like Gecko) Chrome/136.0.7103.92 Mobile Safari/537.36 (compatible; Googlebot/2.1; +http://www.google.com/bot.html)"
18.116.238.86 - - [19/May/2025:16:15:50 +0330] "GET /wp-includes/widgets/class-wp-wolf-widget.php?action=edit&file=shortcode.php&path=%2Fhome%2Ffalconag%2Fpublic_html%2Fwp-includes%2Fblocks HTTP/1.1" 200 1132 "-" "Mozilla/5.0 AppleWebKit/537.36 (KHTML, like Gecko; compatible; ClaudeBot/1.0; +claudebot@anthropic.com)"
18.116.238.86 - - [19/May/2025:16:15:50 +0330] "GET /wp-includes/widgets/class-wp-wolf-widget.php?action=edit&file=comment-content.php&path=%2Fhome%2Ffalconag%2Fpublic_html%2Fwp-includes%2Fblocks HTTP/1.1" 200 1722 "-" "Mozilla/5.0 AppleWebKit/537.36 (KHTML, like Gecko; compatible; ClaudeBot/1.0; +claudebot@anthropic.com)"
18.204.152.114 - - [19/May/2025:16:15:51 +0330] "GET /wp-content/uploads/supsystic-tables/xxdtjn.php?d=block-i18n.json&q=%E0%A6%95home%E0%A6%95falconag%E0%A6%95public_html%E0%A6%95wp-includes HTTP/1.1" 200 982 "-" "Mozilla/5.0 AppleWebKit/537.36 (KHTML, like Gecko; compatible; Amazonbot/0.1; +https://developer.amazon.com/support/amazonbot) Chrome/119.0.6045.214 Safari/537.36"
66.249.66.200 - - [19/May/2025:16:16:04 +0330] "GET /?f=436069413 HTTP/1.1" 200 1111 "-" "Mozilla/5.0 (Linux; Android 6.0.1; Nexus 5X Build/MMB29P) AppleWebKit/537.36 (KHTML, like Gecko) Chrome/136.0.7103.92 Mobile Safari/537.36 (compatible; Googlebot/2.1; +http://www.google.com/bot.html)"
216.244.66.239 - - [19/May/2025:16:16:20 +0330] "GET /?f=135821413 HTTP/1.1" 200 3680 "-" "Mozilla/5.0 (compatible; DotBot/1.2; +https://opensiteexplorer.org/dotbot; help@moz.com)"
66.249.66.192 - - [19/May/2025:16:16:31 +0330] "GET /?f=247141013 HTTP/1.1" 200 1111 "-" "Mozilla/5.0 (Linux; Android 6.0.1; Nexus 5X Build/MMB29P) AppleWebKit/537.36 (KHTML, like Gecko) Chrome/136.0.7103.92 Mobile Safari/537.36 (compatible; Googlebot/2.1; +http://www.google.com/bot.html)"
66.249.66.200 - - [19/May/2025:16:16:40 +0330] "GET /?f=443649713 HTTP/1.1" 200 1111 "-" "Mozilla/5.0 (Linux; Android 6.0.1; Nexus 5X Build/MMB29P) AppleWebKit/537.36 (KHTML, like Gecko) Chrome/136.0.7103.92 Mobile Safari/537.36 (compatible; Googlebot/2.1; +http://www.google.com/bot.html)"
107.22.208.39 - - [19/May/2025:16:17:00 +0330] "GET /wp-content/uploads/supsystic-tables/xxdtjn.php?q=%E0%A6%95home%E0%A6%95falconag%E0%A6%95public_html%E0%A6%95wp-includes&r=load.php HTTP/1.1" 200 1009 "-" "Mozilla/5.0 AppleWebKit/537.36 (KHTML, like Gecko; compatible; Amazonbot/0.1; +https://developer.amazon.com/support/amazonbot) Chrome/119.0.6045.214 Safari/537.36"
66.249.66.200 - - [19/May/2025:16:17:02 +0330] "GET /?f=457503413 HTTP/1.1" 200 1111 "-" "Mozilla/5.0 (Linux; Android 6.0.1; Nexus 5X Build/MMB29P) AppleWebKit/537.36 (KHTML, like Gecko) Chrome/136.0.7103.92 Mobile Safari/537.36 (compatible; Googlebot/2.1; +http://www.google.com/bot.html)"
66.249.66.200 - - [19/May/2025:16:17:05 +0330] "GET /?f=280674313 HTTP/1.1" 200 1111 "-" "Mozilla/5.0 (Linux; Android 6.0.1; Nexus 5X Build/MMB29P) AppleWebKit/537.36 (KHTML, like Gecko) Chrome/136.0.7103.92 Mobile Safari/537.36 (compatible; Googlebot/2.1; +http://www.google.com/bot.html)"
216.244.66.239 - - [19/May/2025:16:17:10 +0330] "GET /?f=148140313 HTTP/1.1" 200 3680 "-" "Mozilla/5.0 (compatible; DotBot/1.2; +https://opensiteexplorer.org/dotbot; help@moz.com)"
66.249.66.192 - - [19/May/2025:16:17:26 +0330] "GET /?f=454453513 HTTP/1.1" 200 1111 "-" "Mozilla/5.0 (Linux; Android 6.0.1; Nexus 5X Build/MMB29P) AppleWebKit/537.36 (KHTML, like Gecko) Chrome/136.0.7103.92 Mobile Safari/537.36 (compatible; Googlebot/2.1; +http://www.google.com/bot.html)"
54.80.73.122 - - [19/May/2025:16:16:47 +0330] "GET /wp-content/uploads/supsystic-tables/xxdtjn.php?q=%E0%A6%95home%E0%A6%95falconag%E0%A6%95public_html%E0%A6%95wp-includes&r=style-engine HTTP/1.1" 200 1012 "-" "Mozilla/5.0 AppleWebKit/537.36 (KHTML, like Gecko; compatible; Amazonbot/0.1; +https://developer.amazon.com/support/amazonbot) Chrome/119.0.6045.214 Safari/537.36"
66.249.66.200 - - [19/May/2025:16:17:10 +0330] "GET /?f=591585413 HTTP/1.1" 200 1111 "-" "Mozilla/5.0 (Linux; Android 6.0.1; Nexus 5X Build/MMB29P) AppleWebKit/537.36 (KHTML, like Gecko) Chrome/136.0.7103.92 Mobile Safari/537.36 (compatible; Googlebot/2.1; +http://www.google.com/bot.html)"
3.226.106.93 - - [19/May/2025:16:17:14 +0330] "GET /wp-content/uploads/supsystic-tables/xxdtjn.php?q=%E0%A6%95home%E0%A6%95falconag%E0%A6%95public_html%E0%A6%95wp-includes&r=class-wp-block-styles-registry.php HTTP/1.1" 200 1025 "-" "Mozilla/5.0 AppleWebKit/537.36 (KHTML, like Gecko; compatible; Amazonbot/0.1; +https://developer.amazon.com/support/amazonbot) Chrome/119.0.6045.214 Safari/537.36"
66.249.66.200 - - [19/May/2025:16:17:20 +0330] "GET /?f=54913213 HTTP/1.1" 200 1111 "-" "Mozilla/5.0 (Linux; Android 6.0.1; Nexus 5X Build/MMB29P) AppleWebKit/537.36 (KHTML, like Gecko) Chrome/136.0.7103.92 Mobile Safari/537.36 (compatible; Googlebot/2.1; +http://www.google.com/bot.html)"
66.249.66.200 - - [19/May/2025:16:17:22 +0330] "GET /?f=374755013 HTTP/1.1" 200 1111 "-" "Mozilla/5.0 (Linux; Android 6.0.1; Nexus 5X Build/MMB29P) AppleWebKit/537.36 (KHTML, like Gecko) Chrome/136.0.7103.92 Mobile Safari/537.36 (compatible; Googlebot/2.1; +http://www.google.com/bot.html)"
66.249.66.200 - - [19/May/2025:16:17:25 +0330] "GET /?f=608857213 HTTP/1.1" 200 1111 "-" "Mozilla/5.0 (Linux; Android 6.0.1; Nexus 5X Build/MMB29P) AppleWebKit/537.36 (KHTML, like Gecko) Chrome/136.0.7103.92 Mobile Safari/537.36 (compatible; Googlebot/2.1; +http://www.google.com/bot.html)"
66.249.66.200 - - [19/May/2025:16:17:33 +0330] "GET /?f=580239013 HTTP/1.1" 200 1111 "-" "Mozilla/5.0 (Linux; Android 6.0.1; Nexus 5X Build/MMB29P) AppleWebKit/537.36 (KHTML, like Gecko) Chrome/136.0.7103.92 Mobile Safari/537.36 (compatible; Googlebot/2.1; +http://www.google.com/bot.html)"
114.119.136.190 - - [19/May/2025:16:17:37 +0330] "GET /?f=603293413 HTTP/1.1" 200 1316 "http://www.falconagri.ir/?f=584371213" "Mozilla/5.0 (Linux; Android 7.0;) AppleWebKit/537.36 (KHTML, like Gecko) Mobile Safari/537.36 (compatible; PetalBot;+https://webmaster.petalsearch.com/site/petalbot)"
18.205.127.11 - - [19/May/2025:16:17:47 +0330] "GET /wp-content/uploads/supsystic-tables/xxdtjn.php?q=%E0%A6%95home%E0%A6%95falconag%E0%A6%95public_html%E0%A6%95wp-includes&r=style-engine.php HTTP/1.1" 200 1013 "-" "Mozilla/5.0 AppleWebKit/537.36 (KHTML, like Gecko; compatible; Amazonbot/0.1; +https://developer.amazon.com/support/amazonbot) Chrome/119.0.6045.214 Safari/537.36"
66.249.66.200 - - [19/May/2025:16:17:55 +0330] "GET /?f=81127113 HTTP/1.1" 200 1111 "-" "Mozilla/5.0 (Linux; Android 6.0.1; Nexus 5X Build/MMB29P) AppleWebKit/537.36 (KHTML, like Gecko) Chrome/136.0.7103.92 Mobile Safari/537.36 (compatible; Googlebot/2.1; +http://www.google.com/bot.html)"
66.249.66.200 - - [19/May/2025:16:18:02 +0330] "GET /?f=197800913 HTTP/1.1" 200 1111 "-" "Mozilla/5.0 (Linux; Android 6.0.1; Nexus 5X Build/MMB29P) AppleWebKit/537.36 (KHTML, like Gecko) Chrome/136.0.7103.92 Mobile Safari/537.36 (compatible; Googlebot/2.1; +http://www.google.com/bot.html)"
66.249.66.200 - - [19/May/2025:16:18:08 +0330] "GET /?f=480055613 HTTP/1.1" 200 1111 "-" "Mozilla/5.0 (Linux; Android 6.0.1; Nexus 5X Build/MMB29P) AppleWebKit/537.36 (KHTML, like Gecko) Chrome/136.0.7103.92 Mobile Safari/537.36 (compatible; Googlebot/2.1; +http://www.google.com/bot.html)"
66.249.66.200 - - [19/May/2025:16:18:10 +0330] "GET /?f=442544813 HTTP/1.1" 200 1111 "-" "Mozilla/5.0 (Linux; Android 6.0.1; Nexus 5X Build/MMB29P) AppleWebKit/537.36 (KHTML, like Gecko) Chrome/136.0.7103.92 Mobile Safari/537.36 (compatible; Googlebot/2.1; +http://www.google.com/bot.html)"
216.244.66.239 - - [19/May/2025:16:17:34 +0330] "GET /?f=148396613 HTTP/1.1" 200 3680 "-" "Mozilla/5.0 (compatible; DotBot/1.2; +https://opensiteexplorer.org/dotbot; help@moz.com)"
