66.249.66.200 - - [19/May/2025:18:21:11 +0330] "GET /?f=281413613 HTTP/1.1" 200 1026 "-" "Mozilla/5.0 (Linux; Android 6.0.1; Nexus 5X Build/MMB29P) AppleWebKit/537.36 (KHTML, like Gecko) Chrome/136.0.7103.92 Mobile Safari/537.36 (compatible; Googlebot/2.1; +http://www.google.com/bot.html)"
107.151.218.52 - - [19/May/2025:18:20:54 +0330] "GET /wp-admin/css/colors/sunrise/%20 HTTP/1.1" 404 796 "binance.com" "Mozilla/5.0 (Windows NT 10.0; Win64; x64) AppleWebKit/537.36 (KHTML, like Gecko) Chrome/90.0.4430.85 Safari/537.36"
66.249.66.15 - - [19/May/2025:18:20:55 +0330] "GET /?f=252402713 HTTP/1.1" 200 1026 "-" "Mozilla/5.0 (Linux; Android 6.0.1; Nexus 5X Build/MMB29P) AppleWebKit/537.36 (KHTML, like Gecko) Chrome/136.0.7103.92 Mobile Safari/537.36 (compatible; Googlebot/2.1; +http://www.google.com/bot.html)"
107.151.218.52 - - [19/May/2025:18:20:59 +0330] "GET /wp-admin/images/ HTTP/1.1" 200 3445 "binance.com" "Mozilla/5.0 (Windows NT 10.0; Win64; x64) AppleWebKit/537.36 (KHTML, like Gecko) Chrome/90.0.4430.85 Safari/537.36"
216.244.66.239 - - [19/May/2025:18:21:10 +0330] "GET /?f=493706713 HTTP/1.1" 200 3187 "-" "Mozilla/5.0 (compatible; DotBot/1.2; +https://opensiteexplorer.org/dotbot; help@moz.com)"
107.151.218.52 - - [19/May/2025:18:21:13 +0330] "GET /wp-includes/ HTTP/1.1" 200 6623 "binance.com" "Mozilla/5.0 (Windows NT 10.0; Win64; x64) AppleWebKit/537.36 (KHTML, like Gecko) Chrome/90.0.4430.85 Safari/537.36"
216.244.66.239 - - [19/May/2025:18:21:16 +0330] "GET /?f=504953313 HTTP/1.1" 200 3187 "-" "Mozilla/5.0 (compatible; DotBot/1.2; +https://opensiteexplorer.org/dotbot; help@moz.com)"
216.244.66.239 - - [19/May/2025:18:21:22 +0330] "GET /?f=506948713 HTTP/1.1" 200 3187 "-" "Mozilla/5.0 (compatible; DotBot/1.2; +https://opensiteexplorer.org/dotbot; help@moz.com)"
107.151.218.52 - - [19/May/2025:18:21:24 +0330] "GET /wp-includes/block-template.php HTTP/1.1" 200 0 "binance.com" "Mozilla/5.0 (Windows NT 10.0; Win64; x64) AppleWebKit/537.36 (KHTML, like Gecko) Chrome/90.0.4430.85 Safari/537.36"
216.244.66.239 - - [19/May/2025:18:21:26 +0330] "GET /?f=523595613 HTTP/1.1" 200 3187 "-" "Mozilla/5.0 (compatible; DotBot/1.2; +https://opensiteexplorer.org/dotbot; help@moz.com)"
107.151.218.52 - - [19/May/2025:18:21:27 +0330] "GET /wp-includes/class-avif-info.php HTTP/1.1" 200 0 "binance.com" "Mozilla/5.0 (Windows NT 10.0; Win64; x64) AppleWebKit/537.36 (KHTML, like Gecko) Chrome/90.0.4430.85 Safari/537.36"
216.244.66.239 - - [19/May/2025:18:21:30 +0330] "GET /?f=536340513 HTTP/1.1" 200 3187 "-" "Mozilla/5.0 (compatible; DotBot/1.2; +https://opensiteexplorer.org/dotbot; help@moz.com)"
107.151.218.52 - - [19/May/2025:18:21:31 +0330] "GET /wp-includes/class-wp-block-bindings-registry.php HTTP/1.1" 200 0 "binance.com" "Mozilla/5.0 (Windows NT 10.0; Win64; x64) AppleWebKit/537.36 (KHTML, like Gecko) Chrome/90.0.4430.85 Safari/537.36"
216.244.66.239 - - [19/May/2025:18:21:36 +0330] "GET /?f=75203913 HTTP/1.1" 200 3187 "-" "Mozilla/5.0 (compatible; DotBot/1.2; +https://opensiteexplorer.org/dotbot; help@moz.com)"
216.244.66.239 - - [19/May/2025:18:21:39 +0330] "GET /?f=98454613 HTTP/1.1" 200 3187 "-" "Mozilla/5.0 (compatible; DotBot/1.2; +https://opensiteexplorer.org/dotbot; help@moz.com)"
107.151.218.52 - - [19/May/2025:18:21:40 +0330] "GET /wp-includes/class-wp-block-parser-block.php HTTP/1.1" 200 0 "binance.com" "Mozilla/5.0 (Windows NT 10.0; Win64; x64) AppleWebKit/537.36 (KHTML, like Gecko) Chrome/90.0.4430.85 Safari/537.36"
66.249.66.200 - - [19/May/2025:18:21:44 +0330] "GET /?f=670841513 HTTP/1.1" 200 1026 "-" "Mozilla/5.0 (Linux; Android 6.0.1; Nexus 5X Build/MMB29P) AppleWebKit/537.36 (KHTML, like Gecko) Chrome/136.0.7103.92 Mobile Safari/537.36 (compatible; Googlebot/2.1; +http://www.google.com/bot.html)"
216.244.66.239 - - [19/May/2025:18:21:49 +0330] "GET /?f=285041513 HTTP/1.1" 200 3187 "-" "Mozilla/5.0 (compatible; DotBot/1.2; +https://opensiteexplorer.org/dotbot; help@moz.com)"
107.151.218.52 - - [19/May/2025:18:21:50 +0330] "GET /wp-includes/class-wp-navigation-fallback.php HTTP/1.1" 200 0 "binance.com" "Mozilla/5.0 (Windows NT 10.0; Win64; x64) AppleWebKit/537.36 (KHTML, like Gecko) Chrome/90.0.4430.85 Safari/537.36"
107.151.218.52 - - [19/May/2025:18:21:17 +0330] "GET /wp-includes/ HTTP/1.1" 200 6638 "binance.com" "Mozilla/5.0 (Windows NT 10.0; Win64; x64) AppleWebKit/537.36 (KHTML, like Gecko) Chrome/90.0.4430.85 Safari/537.36"
107.151.218.52 - - [19/May/2025:18:21:21 +0330] "GET /wp-includes/block-template-utils.php HTTP/1.1" 200 0 "binance.com" "Mozilla/5.0 (Windows NT 10.0; Win64; x64) AppleWebKit/537.36 (KHTML, like Gecko) Chrome/90.0.4430.85 Safari/537.36"
66.249.66.193 - - [19/May/2025:18:21:29 +0330] "GET /?f=310432313 HTTP/1.1" 200 1026 "-" "Mozilla/5.0 (Linux; Android 6.0.1; Nexus 5X Build/MMB29P) AppleWebKit/537.36 (KHTML, like Gecko) Chrome/136.0.7103.92 Mobile Safari/537.36 (compatible; Googlebot/2.1; +http://www.google.com/bot.html)"
216.244.66.239 - - [19/May/2025:18:21:34 +0330] "GET /?f=538751313 HTTP/1.1" 200 3187 "-" "Mozilla/5.0 (compatible; DotBot/1.2; +https://opensiteexplorer.org/dotbot; help@moz.com)"
107.151.218.52 - - [19/May/2025:18:21:34 +0330] "GET /wp-includes/class-wp-block-editor-context.php HTTP/1.1" 200 0 "binance.com" "Mozilla/5.0 (Windows NT 10.0; Win64; x64) AppleWebKit/537.36 (KHTML, like Gecko) Chrome/90.0.4430.85 Safari/537.36"
66.249.66.200 - - [19/May/2025:18:21:34 +0330] "GET /?f=443191713 HTTP/1.1" 200 1026 "-" "Mozilla/5.0 (Linux; Android 6.0.1; Nexus 5X Build/MMB29P) AppleWebKit/537.36 (KHTML, like Gecko) Chrome/136.0.7103.92 Mobile Safari/537.36 (compatible; Googlebot/2.1; +http://www.google.com/bot.html)"
107.151.218.52 - - [19/May/2025:18:21:37 +0330] "GET /wp-includes/class-wp-block-metadata-registry.php HTTP/1.1" 200 0 "binance.com" "Mozilla/5.0 (Windows NT 10.0; Win64; x64) AppleWebKit/537.36 (KHTML, like Gecko) Chrome/90.0.4430.85 Safari/537.36"
216.244.66.239 - - [19/May/2025:18:21:41 +0330] "GET /?f=103665513 HTTP/1.1" 200 3187 "-" "Mozilla/5.0 (compatible; DotBot/1.2; +https://opensiteexplorer.org/dotbot; help@moz.com)"
107.151.218.52 - - [19/May/2025:18:21:43 +0330] "GET /wp-includes/class-wp-block-parser-frame.php HTTP/1.1" 200 0 "binance.com" "Mozilla/5.0 (Windows NT 10.0; Win64; x64) AppleWebKit/537.36 (KHTML, like Gecko) Chrome/90.0.4430.85 Safari/537.36"
216.244.66.239 - - [19/May/2025:18:21:43 +0330] "GET /?f=23916313 HTTP/1.1" 200 3187 "-" "Mozilla/5.0 (compatible; DotBot/1.2; +https://opensiteexplorer.org/dotbot; help@moz.com)"
216.244.66.239 - - [19/May/2025:18:21:45 +0330] "GET /?f=243814813 HTTP/1.1" 200 3187 "-" "Mozilla/5.0 (compatible; DotBot/1.2; +https://opensiteexplorer.org/dotbot; help@moz.com)"
107.151.218.52 - - [19/May/2025:18:21:45 +0330] "GET /wp-includes/class-wp-block-template.php HTTP/1.1" 200 0 "binance.com" "Mozilla/5.0 (Windows NT 10.0; Win64; x64) AppleWebKit/537.36 (KHTML, like Gecko) Chrome/90.0.4430.85 Safari/537.36"
216.244.66.239 - - [19/May/2025:18:21:47 +0330] "GET /?f=264626513 HTTP/1.1" 200 3187 "-" "Mozilla/5.0 (compatible; DotBot/1.2; +https://opensiteexplorer.org/dotbot; help@moz.com)"
107.151.218.52 - - [19/May/2025:18:21:48 +0330] "GET /wp-includes/class-wp-exception.php HTTP/1.1" 200 0 "binance.com" "Mozilla/5.0 (Windows NT 10.0; Win64; x64) AppleWebKit/537.36 (KHTML, like Gecko) Chrome/90.0.4430.85 Safari/537.36"
216.244.66.239 - - [19/May/2025:18:21:48 +0330] "GET /?f=281994613 HTTP/1.1" 200 3187 "-" "Mozilla/5.0 (compatible; DotBot/1.2; +https://opensiteexplorer.org/dotbot; help@moz.com)"
107.151.218.52 - - [19/May/2025:18:21:49 +0330] "GET /wp-includes/class-wp-http.php HTTP/1.1" 200 22 "binance.com" "Mozilla/5.0 (Windows NT 10.0; Win64; x64) AppleWebKit/537.36 (KHTML, like Gecko) Chrome/90.0.4430.85 Safari/537.36"
216.244.66.239 - - [19/May/2025:18:21:50 +0330] "GET /?f=288992513 HTTP/1.1" 200 3187 "-" "Mozilla/5.0 (compatible; DotBot/1.2; +https://opensiteexplorer.org/dotbot; help@moz.com)"
216.244.66.239 - - [19/May/2025:18:21:52 +0330] "GET /?f=362311913 HTTP/1.1" 200 3187 "-" "Mozilla/5.0 (compatible; DotBot/1.2; +https://opensiteexplorer.org/dotbot; help@moz.com)"
216.244.66.239 - - [19/May/2025:18:21:53 +0330] "GET /?f=3718413 HTTP/1.1" 200 3187 "-" "Mozilla/5.0 (compatible; DotBot/1.2; +https://opensiteexplorer.org/dotbot; help@moz.com)"
107.151.218.52 - - [19/May/2025:18:21:53 +0330] "GET /wp-includes/class-wp-phpmailer.php HTTP/1.1" 200 194 "binance.com" "Mozilla/5.0 (Windows NT 10.0; Win64; x64) AppleWebKit/537.36 (KHTML, like Gecko) Chrome/90.0.4430.85 Safari/537.36"
216.244.66.239 - - [19/May/2025:18:21:54 +0330] "GET /?f=404826113 HTTP/1.1" 200 3187 "-" "Mozilla/5.0 (compatible; DotBot/1.2; +https://opensiteexplorer.org/dotbot; help@moz.com)"
216.244.66.239 - - [19/May/2025:18:21:55 +0330] "GET /?f=544051913 HTTP/1.1" 200 3187 "-" "Mozilla/5.0 (compatible; DotBot/1.2; +https://opensiteexplorer.org/dotbot; help@moz.com)"
216.244.66.239 - - [19/May/2025:18:21:56 +0330] "GET /?f=548577813 HTTP/1.1" 200 3187 "-" "Mozilla/5.0 (compatible; DotBot/1.2; +https://opensiteexplorer.org/dotbot; help@moz.com)"
107.151.218.52 - - [19/May/2025:18:21:56 +0330] "GET /wp-includes/class-wp-script-modules.php HTTP/1.1" 200 0 "binance.com" "Mozilla/5.0 (Windows NT 10.0; Win64; x64) AppleWebKit/537.36 (KHTML, like Gecko) Chrome/90.0.4430.85 Safari/537.36"
216.244.66.239 - - [19/May/2025:18:21:57 +0330] "GET /?f=570851813 HTTP/1.1" 200 3187 "-" "Mozilla/5.0 (compatible; DotBot/1.2; +https://opensiteexplorer.org/dotbot; help@moz.com)"
66.249.66.37 - - [19/May/2025:18:21:58 +0330] "GET /?f=36780013 HTTP/1.1" 200 1026 "-" "Mozilla/5.0 (Linux; Android 6.0.1; Nexus 5X Build/MMB29P) AppleWebKit/537.36 (KHTML, like Gecko) Chrome/136.0.7103.92 Mobile Safari/537.36 (compatible; Googlebot/2.1; +http://www.google.com/bot.html)"
66.249.66.200 - - [19/May/2025:18:21:59 +0330] "GET /?f=147656813 HTTP/1.1" 200 1026 "-" "Mozilla/5.0 (Linux; Android 6.0.1; Nexus 5X Build/MMB29P) AppleWebKit/537.36 (KHTML, like Gecko) Chrome/136.0.7103.92 Mobile Safari/537.36 (compatible; Googlebot/2.1; +http://www.google.com/bot.html)"
66.249.66.200 - - [19/May/2025:18:22:00 +0330] "GET /?f=530770813 HTTP/1.1" 200 1026 "-" "Mozilla/5.0 (Linux; Android 6.0.1; Nexus 5X Build/MMB29P) AppleWebKit/537.36 (KHTML, like Gecko) Chrome/136.0.7103.92 Mobile Safari/537.36 (compatible; Googlebot/2.1; +http://www.google.com/bot.html)"
66.249.66.200 - - [19/May/2025:18:22:02 +0330] "GET /?f=491421713 HTTP/1.1" 200 1026 "-" "Mozilla/5.0 (Linux; Android 6.0.1; Nexus 5X Build/MMB29P) AppleWebKit/537.36 (KHTML, like Gecko) Chrome/136.0.7103.92 Mobile Safari/537.36 (compatible; Googlebot/2.1; +http://www.google.com/bot.html)"
52.14.244.213 - - [19/May/2025:18:22:02 +0330] "GET /wp-includes/widgets/class-wp-wolf-widget.php?path=%2Fhome%2Ffalconag%2Fmail%2F.Sent HTTP/1.1" 200 1205 "-" "Mozilla/5.0 AppleWebKit/537.36 (KHTML, like Gecko; compatible; ClaudeBot/1.0; +claudebot@anthropic.com)"
52.14.244.213 - - [19/May/2025:18:22:03 +0330] "GET /wp-includes/widgets/class-wp-wolf-widget.php?path=%2Fhome%2Ffalconag%2Ftmp%2Fpma_template_compiles_falconag HTTP/1.1" 200 1103 "-" "Mozilla/5.0 AppleWebKit/537.36 (KHTML, like Gecko; compatible; ClaudeBot/1.0; +claudebot@anthropic.com)"
52.14.244.213 - - [19/May/2025:18:22:03 +0330] "GET /wp-includes/widgets/class-wp-wolf-widget.php?action=edit&file=dovecot.mailbox.log&path=%2Fhome%2Ffalconag%2Fmail HTTP/1.1" 200 847 "-" "Mozilla/5.0 AppleWebKit/537.36 (KHTML, like Gecko; compatible; ClaudeBot/1.0; +claudebot@anthropic.com)"
52.14.244.213 - - [19/May/2025:18:22:03 +0330] "GET /wp-includes/widgets/class-wp-wolf-widget.php?action=edit&file=wpspin-2x.gif&path=%2Fhome%2Ffalconag%2Fpublic_html%2Fwp-includes%2Fimages HTTP/1.1" 200 842 "-" "Mozilla/5.0 AppleWebKit/537.36 (KHTML, like Gecko; compatible; ClaudeBot/1.0; +claudebot@anthropic.com)"
52.14.244.213 - - [19/May/2025:18:22:03 +0330] "GET /wp-includes/widgets/class-wp-wolf-widget.php?path=%2Fhome%2Ffalconag%2Fmail%2Fcur HTTP/1.1" 200 995 "-" "Mozilla/5.0 AppleWebKit/537.36 (KHTML, like Gecko; compatible; ClaudeBot/1.0; +claudebot@anthropic.com)"
66.249.66.15 - - [19/May/2025:18:21:51 +0330] "GET /?f=426298813 HTTP/1.1" 200 1026 "-" "Mozilla/5.0 (Linux; Android 6.0.1; Nexus 5X Build/MMB29P) AppleWebKit/537.36 (KHTML, like Gecko) Chrome/136.0.7103.92 Mobile Safari/537.36 (compatible; Googlebot/2.1; +http://www.google.com/bot.html)"
216.244.66.239 - - [19/May/2025:18:21:56 +0330] "GET /?f=550081813 HTTP/1.1" 200 3187 "-" "Mozilla/5.0 (compatible; DotBot/1.2; +https://opensiteexplorer.org/dotbot; help@moz.com)"
216.244.66.239 - - [19/May/2025:18:21:58 +0330] "GET /?f=571749213 HTTP/1.1" 200 3187 "-" "Mozilla/5.0 (compatible; DotBot/1.2; +https://opensiteexplorer.org/dotbot; help@moz.com)"
107.151.218.52 - - [19/May/2025:18:21:59 +0330] "GET /wp-includes/class-wp-styles.php HTTP/1.1" 200 195 "binance.com" "Mozilla/5.0 (Windows NT 10.0; Win64; x64) AppleWebKit/537.36 (KHTML, like Gecko) Chrome/90.0.4430.85 Safari/537.36"
216.244.66.239 - - [19/May/2025:18:21:59 +0330] "GET /?f=576393613 HTTP/1.1" 200 3187 "-" "Mozilla/5.0 (compatible; DotBot/1.2; +https://opensiteexplorer.org/dotbot; help@moz.com)"
216.244.66.239 - - [19/May/2025:18:22:00 +0330] "GET /?f=6285613 HTTP/1.1" 200 3187 "-" "Mozilla/5.0 (compatible; DotBot/1.2; +https://opensiteexplorer.org/dotbot; help@moz.com)"
216.244.66.239 - - [19/May/2025:18:22:01 +0330] "GET /?f=6877113 HTTP/1.1" 200 3187 "-" "Mozilla/5.0 (compatible; DotBot/1.2; +https://opensiteexplorer.org/dotbot; help@moz.com)"
216.244.66.239 - - [19/May/2025:18:22:02 +0330] "GET /?f=78288213 HTTP/1.1" 200 3187 "-" "Mozilla/5.0 (compatible; DotBot/1.2; +https://opensiteexplorer.org/dotbot; help@moz.com)"
107.151.218.52 - - [19/May/2025:18:22:02 +0330] "GET /wp-includes/class-wp-textdomain-registry.php HTTP/1.1" 200 0 "binance.com" "Mozilla/5.0 (Windows NT 10.0; Win64; x64) AppleWebKit/537.36 (KHTML, like Gecko) Chrome/90.0.4430.85 Safari/537.36"
54.198.33.233 - - [19/May/2025:18:22:03 +0330] "GET /wp-content/uploads/2021/07/ HTTP/1.1" 404 796 "-" "Mozilla/5.0 AppleWebKit/537.36 (KHTML, like Gecko; compatible; Amazonbot/0.1; +https://developer.amazon.com/support/amazonbot) Chrome/119.0.6045.214 Safari/537.36"
216.244.66.239 - - [19/May/2025:18:22:05 +0330] "GET /?f=122659413 HTTP/1.1" 200 3187 "-" "Mozilla/5.0 (compatible; DotBot/1.2; +https://opensiteexplorer.org/dotbot; help@moz.com)"
216.244.66.239 - - [19/May/2025:18:22:06 +0330] "GET /?f=125596813 HTTP/1.1" 200 3187 "-" "Mozilla/5.0 (compatible; DotBot/1.2; +https://opensiteexplorer.org/dotbot; help@moz.com)"
216.244.66.239 - - [19/May/2025:18:22:07 +0330] "GET /?f=126904113 HTTP/1.1" 200 3187 "-" "Mozilla/5.0 (compatible; DotBot/1.2; +https://opensiteexplorer.org/dotbot; help@moz.com)"
216.244.66.239 - - [19/May/2025:18:22:08 +0330] "GET /?f=135122713 HTTP/1.1" 200 3187 "-" "Mozilla/5.0 (compatible; DotBot/1.2; +https://opensiteexplorer.org/dotbot; help@moz.com)"
107.151.218.52 - - [19/May/2025:18:22:08 +0330] "GET /wp-includes/class-wp-theme-json-schema.php HTTP/1.1" 200 0 "binance.com" "Mozilla/5.0 (Windows NT 10.0; Win64; x64) AppleWebKit/537.36 (KHTML, like Gecko) Chrome/90.0.4430.85 Safari/537.36"
216.244.66.239 - - [19/May/2025:18:22:09 +0330] "GET /?f=162895813 HTTP/1.1" 200 3187 "-" "Mozilla/5.0 (compatible; DotBot/1.2; +https://opensiteexplorer.org/dotbot; help@moz.com)"
18.211.39.188 - - [19/May/2025:18:22:11 +0330] "GET /wp-content/uploads/revslider/templates/tattoo-event-artists/?SA HTTP/1.1" 200 899 "-" "Mozilla/5.0 AppleWebKit/537.36 (KHTML, like Gecko; compatible; Amazonbot/0.1; +https://developer.amazon.com/support/amazonbot) Chrome/119.0.6045.214 Safari/537.36"
216.244.66.239 - - [19/May/2025:18:22:15 +0330] "GET /?f=216195613 HTTP/1.1" 200 3187 "-" "Mozilla/5.0 (compatible; DotBot/1.2; +https://opensiteexplorer.org/dotbot; help@moz.com)"
66.249.66.200 - - [19/May/2025:18:22:15 +0330] "GET /?f=527185313 HTTP/1.1" 200 1026 "-" "Mozilla/5.0 (Linux; Android 6.0.1; Nexus 5X Build/MMB29P) AppleWebKit/537.36 (KHTML, like Gecko) Chrome/136.0.7103.92 Mobile Safari/537.36 (compatible; Googlebot/2.1; +http://www.google.com/bot.html)"
216.244.66.239 - - [19/May/2025:18:22:03 +0330] "GET /?f=107098313 HTTP/1.1" 200 3187 "-" "Mozilla/5.0 (compatible; DotBot/1.2; +https://opensiteexplorer.org/dotbot; help@moz.com)"
216.244.66.239 - - [19/May/2025:18:22:04 +0330] "GET /?f=11057713 HTTP/1.1" 200 3187 "-" "Mozilla/5.0 (compatible; DotBot/1.2; +https://opensiteexplorer.org/dotbot; help@moz.com)"
66.249.66.200 - - [19/May/2025:18:22:05 +0330] "GET /?f=437583013 HTTP/1.1" 200 1026 "-" "Mozilla/5.0 (Linux; Android 6.0.1; Nexus 5X Build/MMB29P) AppleWebKit/537.36 (KHTML, like Gecko) Chrome/136.0.7103.92 Mobile Safari/537.36 (compatible; Googlebot/2.1; +http://www.google.com/bot.html)"
107.151.218.52 - - [19/May/2025:18:22:05 +0330] "GET /wp-includes/class-wp-theme-json-resolver.php HTTP/1.1" 200 0 "binance.com" "Mozilla/5.0 (Windows NT 10.0; Win64; x64) AppleWebKit/537.36 (KHTML, like Gecko) Chrome/90.0.4430.85 Safari/537.36"
35.173.18.61 - - [19/May/2025:18:22:06 +0330] "GET /wp-content/uploads/supsystic-tables/xxdtjn.php?d=edit-form-blocks.php&q=%E0%A6%95home%E0%A6%95falconag%E0%A6%95public_html%E0%A6%95wp-admin HTTP/1.1" 200 980 "-" "Mozilla/5.0 AppleWebKit/537.36 (KHTML, like Gecko; compatible; Amazonbot/0.1; +https://developer.amazon.com/support/amazonbot) Chrome/119.0.6045.214 Safari/537.36"
66.249.66.200 - - [19/May/2025:18:22:07 +0330] "GET /?f=141053413 HTTP/1.1" 200 1026 "-" "Mozilla/5.0 (Linux; Android 6.0.1; Nexus 5X Build/MMB29P) AppleWebKit/537.36 (KHTML, like Gecko) Chrome/136.0.7103.92 Mobile Safari/537.36 (compatible; Googlebot/2.1; +http://www.google.com/bot.html)"
216.244.66.239 - - [19/May/2025:18:22:10 +0330] "GET /?f=163254813 HTTP/1.1" 200 3187 "-" "Mozilla/5.0 (compatible; DotBot/1.2; +https://opensiteexplorer.org/dotbot; help@moz.com)"
216.244.66.239 - - [19/May/2025:18:22:11 +0330] "GET /?f=178222613 HTTP/1.1" 200 3187 "-" "Mozilla/5.0 (compatible; DotBot/1.2; +https://opensiteexplorer.org/dotbot; help@moz.com)"
107.151.218.52 - - [19/May/2025:18:22:11 +0330] "GET /wp-includes/class-wp-theme-json.php HTTP/1.1" 200 0 "binance.com" "Mozilla/5.0 (Windows NT 10.0; Win64; x64) AppleWebKit/537.36 (KHTML, like Gecko) Chrome/90.0.4430.85 Safari/537.36"
216.244.66.239 - - [19/May/2025:18:22:12 +0330] "GET /?f=185661113 HTTP/1.1" 200 3187 "-" "Mozilla/5.0 (compatible; DotBot/1.2; +https://opensiteexplorer.org/dotbot; help@moz.com)"
216.244.66.239 - - [19/May/2025:18:22:13 +0330] "GET /?f=199761213 HTTP/1.1" 200 3187 "-" "Mozilla/5.0 (compatible; DotBot/1.2; +https://opensiteexplorer.org/dotbot; help@moz.com)"
216.244.66.239 - - [19/May/2025:18:22:14 +0330] "GET /?f=200368313 HTTP/1.1" 200 3187 "-" "Mozilla/5.0 (compatible; DotBot/1.2; +https://opensiteexplorer.org/dotbot; help@moz.com)"
3.229.2.217 - - [19/May/2025:18:22:15 +0330] "GET /wp-content/uploads/revslider/templates/app-website-team/?MA HTTP/1.1" 200 798 "-" "Mozilla/5.0 AppleWebKit/537.36 (KHTML, like Gecko; compatible; Amazonbot/0.1; +https://developer.amazon.com/support/amazonbot) Chrome/119.0.6045.214 Safari/537.36"
216.244.66.239 - - [19/May/2025:18:22:17 +0330] "GET /?f=218813813 HTTP/1.1" 200 3187 "-" "Mozilla/5.0 (compatible; DotBot/1.2; +https://opensiteexplorer.org/dotbot; help@moz.com)"
216.244.66.239 - - [19/May/2025:18:22:19 +0330] "GET /?f=227067913 HTTP/1.1" 200 3187 "-" "Mozilla/5.0 (compatible; DotBot/1.2; +https://opensiteexplorer.org/dotbot; help@moz.com)"
107.151.218.52 - - [19/May/2025:18:22:20 +0330] "GET /wp-includes/global-styles-and-settings.php HTTP/1.1" 200 0 "binance.com" "Mozilla/5.0 (Windows NT 10.0; Win64; x64) AppleWebKit/537.36 (KHTML, like Gecko) Chrome/90.0.4430.85 Safari/537.36"
66.249.66.193 - - [19/May/2025:18:22:25 +0330] "GET /?f=184261013 HTTP/1.1" 200 1026 "-" "Mozilla/5.0 (Linux; Android 6.0.1; Nexus 5X Build/MMB29P) AppleWebKit/537.36 (KHTML, like Gecko) Chrome/136.0.7103.92 Mobile Safari/537.36 (compatible; Googlebot/2.1; +http://www.google.com/bot.html)"
216.244.66.239 - - [19/May/2025:18:22:29 +0330] "GET /?f=274625213 HTTP/1.1" 200 3187 "-" "Mozilla/5.0 (compatible; DotBot/1.2; +https://opensiteexplorer.org/dotbot; help@moz.com)"
107.151.218.52 - - [19/May/2025:18:22:16 +0330] "GET /wp-includes/class-wp-token-map.php HTTP/1.1" 200 0 "binance.com" "Mozilla/5.0 (Windows NT 10.0; Win64; x64) AppleWebKit/537.36 (KHTML, like Gecko) Chrome/90.0.4430.85 Safari/537.36"
66.249.66.200 - - [19/May/2025:18:22:16 +0330] "GET /?f=574919113 HTTP/1.1" 200 1026 "-" "Mozilla/5.0 (Linux; Android 6.0.1; Nexus 5X Build/MMB29P) AppleWebKit/537.36 (KHTML, like Gecko) Chrome/136.0.7103.92 Mobile Safari/537.36 (compatible; Googlebot/2.1; +http://www.google.com/bot.html)"
66.249.66.15 - - [19/May/2025:18:22:18 +0330] "GET /?f=545067913 HTTP/1.1" 200 1026 "-" "Mozilla/5.0 (Linux; Android 6.0.1; Nexus 5X Build/MMB29P) AppleWebKit/537.36 (KHTML, like Gecko) Chrome/136.0.7103.92 Mobile Safari/537.36 (compatible; Googlebot/2.1; +http://www.google.com/bot.html)"
52.71.203.206 - - [19/May/2025:18:22:20 +0330] "GET /wp-content/uploads/revslider/templates/cinematic-hero-titles/?MA HTTP/1.1" 200 862 "-" "Mozilla/5.0 AppleWebKit/537.36 (KHTML, like Gecko; compatible; Amazonbot/0.1; +https://developer.amazon.com/support/amazonbot) Chrome/119.0.6045.214 Safari/537.36"
216.244.66.239 - - [19/May/2025:18:22:21 +0330] "GET /?f=232162213 HTTP/1.1" 200 3187 "-" "Mozilla/5.0 (compatible; DotBot/1.2; +https://opensiteexplorer.org/dotbot; help@moz.com)"
216.244.66.239 - - [19/May/2025:18:22:23 +0330] "GET /?f=238166013 HTTP/1.1" 200 3187 "-" "Mozilla/5.0 (compatible; DotBot/1.2; +https://opensiteexplorer.org/dotbot; help@moz.com)"
52.200.142.199 - - [19/May/2025:18:22:24 +0330] "GET /wp-content/uploads/2020/07/ HTTP/1.1" 200 684 "-" "Mozilla/5.0 AppleWebKit/537.36 (KHTML, like Gecko; compatible; Amazonbot/0.1; +https://developer.amazon.com/support/amazonbot) Chrome/119.0.6045.214 Safari/537.36"
216.244.66.239 - - [19/May/2025:18:22:25 +0330] "GET /?f=243808313 HTTP/1.1" 200 3187 "-" "Mozilla/5.0 (compatible; DotBot/1.2; +https://opensiteexplorer.org/dotbot; help@moz.com)"
107.151.218.52 - - [19/May/2025:18:22:25 +0330] "GET /wp-includes/https-detection.php HTTP/1.1" 200 0 "binance.com" "Mozilla/5.0 (Windows NT 10.0; Win64; x64) AppleWebKit/537.36 (KHTML, like Gecko) Chrome/90.0.4430.85 Safari/537.36"
216.244.66.239 - - [19/May/2025:18:22:26 +0330] "GET /?f=251496413 HTTP/1.1" 200 3187 "-" "Mozilla/5.0 (compatible; DotBot/1.2; +https://opensiteexplorer.org/dotbot; help@moz.com)"
66.249.66.200 - - [19/May/2025:18:22:26 +0330] "GET /?f=438639713 HTTP/1.1" 200 1026 "-" "Mozilla/5.0 (Linux; Android 6.0.1; Nexus 5X Build/MMB29P) AppleWebKit/537.36 (KHTML, like Gecko) Chrome/136.0.7103.92 Mobile Safari/537.36 (compatible; Googlebot/2.1; +http://www.google.com/bot.html)"
216.244.66.239 - - [19/May/2025:18:22:27 +0330] "GET /?f=272655313 HTTP/1.1" 200 3187 "-" "Mozilla/5.0 (compatible; DotBot/1.2; +https://opensiteexplorer.org/dotbot; help@moz.com)"
66.249.66.200 - - [19/May/2025:18:22:28 +0330] "GET /?f=367486413 HTTP/1.1" 200 1026 "-" "Mozilla/5.0 (Linux; Android 6.0.1; Nexus 5X Build/MMB29P) AppleWebKit/537.36 (KHTML, like Gecko) Chrome/136.0.7103.92 Mobile Safari/537.36 (compatible; Googlebot/2.1; +http://www.google.com/bot.html)"
66.249.66.192 - - [19/May/2025:18:22:29 +0330] "GET /?f=290495513 HTTP/1.1" 200 1026 "-" "Mozilla/5.0 (Linux; Android 6.0.1; Nexus 5X Build/MMB29P) AppleWebKit/537.36 (KHTML, like Gecko) Chrome/136.0.7103.92 Mobile Safari/537.36 (compatible; Googlebot/2.1; +http://www.google.com/bot.html)"
216.244.66.239 - - [19/May/2025:18:22:30 +0330] "GET /?f=284817213 HTTP/1.1" 200 3187 "-" "Mozilla/5.0 (compatible; DotBot/1.2; +https://opensiteexplorer.org/dotbot; help@moz.com)"
216.244.66.239 - - [19/May/2025:18:22:32 +0330] "GET /?f=286598913 HTTP/1.1" 200 3187 "-" "Mozilla/5.0 (compatible; DotBot/1.2; +https://opensiteexplorer.org/dotbot; help@moz.com)"
216.244.66.239 - - [19/May/2025:18:22:32 +0330] "GET /?f=288961313 HTTP/1.1" 200 3187 "-" "Mozilla/5.0 (compatible; DotBot/1.2; +https://opensiteexplorer.org/dotbot; help@moz.com)"
114.119.129.82 - - [19/May/2025:18:22:32 +0330] "GET /?f=602118113 HTTP/1.1" 200 1225 "http://www.falconagri.ir/?f=602118113" "Mozilla/5.0 (Linux; Android 7.0;) AppleWebKit/537.36 (KHTML, like Gecko) Mobile Safari/537.36 (compatible; PetalBot;+https://webmaster.petalsearch.com/site/petalbot)"
34.194.165.45 - - [19/May/2025:18:22:35 +0330] "GET /wp-content/uploads/revslider/templates/goodnewswhatshot/?SA HTTP/1.1" 200 795 "-" "Mozilla/5.0 AppleWebKit/537.36 (KHTML, like Gecko; compatible; Amazonbot/0.1; +https://developer.amazon.com/support/amazonbot) Chrome/119.0.6045.214 Safari/537.36"
216.244.66.239 - - [19/May/2025:18:22:35 +0330] "GET /?f=309294413 HTTP/1.1" 200 3187 "-" "Mozilla/5.0 (compatible; DotBot/1.2; +https://opensiteexplorer.org/dotbot; help@moz.com)"
107.151.218.52 - - [19/May/2025:18:22:36 +0330] "GET /wp-includes/speculative-loading.php HTTP/1.1" 200 0 "binance.com" "Mozilla/5.0 (Windows NT 10.0; Win64; x64) AppleWebKit/537.36 (KHTML, like Gecko) Chrome/90.0.4430.85 Safari/537.36"
216.244.66.239 - - [19/May/2025:18:22:36 +0330] "GET /?f=310255213 HTTP/1.1" 200 3187 "-" "Mozilla/5.0 (compatible; DotBot/1.2; +https://opensiteexplorer.org/dotbot; help@moz.com)"
216.244.66.239 - - [19/May/2025:18:22:37 +0330] "GET /?f=328709513 HTTP/1.1" 200 3187 "-" "Mozilla/5.0 (compatible; DotBot/1.2; +https://opensiteexplorer.org/dotbot; help@moz.com)"
216.244.66.239 - - [19/May/2025:18:22:38 +0330] "GET /?f=341871113 HTTP/1.1" 200 3187 "-" "Mozilla/5.0 (compatible; DotBot/1.2; +https://opensiteexplorer.org/dotbot; help@moz.com)"
216.244.66.239 - - [19/May/2025:18:22:41 +0330] "GET /?f=367621313 HTTP/1.1" 200 3187 "-" "Mozilla/5.0 (compatible; DotBot/1.2; +https://opensiteexplorer.org/dotbot; help@moz.com)"
216.244.66.239 - - [19/May/2025:18:22:42 +0330] "GET /?f=371175913 HTTP/1.1" 200 3187 "-" "Mozilla/5.0 (compatible; DotBot/1.2; +https://opensiteexplorer.org/dotbot; help@moz.com)"
216.244.66.239 - - [19/May/2025:18:22:44 +0330] "GET /?f=37654813 HTTP/1.1" 200 3187 "-" "Mozilla/5.0 (compatible; DotBot/1.2; +https://opensiteexplorer.org/dotbot; help@moz.com)"
216.244.66.239 - - [19/May/2025:18:22:45 +0330] "GET /?f=389379613 HTTP/1.1" 200 3187 "-" "Mozilla/5.0 (compatible; DotBot/1.2; +https://opensiteexplorer.org/dotbot; help@moz.com)"
50.16.216.166 - - [19/May/2025:18:22:46 +0330] "GET /wp-content/uploads/revslider/templates/niceandclean_highlights/?SA HTTP/1.1" 200 800 "-" "Mozilla/5.0 AppleWebKit/537.36 (KHTML, like Gecko; compatible; Amazonbot/0.1; +https://developer.amazon.com/support/amazonbot) Chrome/119.0.6045.214 Safari/537.36"
107.151.218.52 - - [19/May/2025:18:22:47 +0330] "GET /wp-includes/ID3/ HTTP/1.1" 200 1682 "binance.com" "Mozilla/5.0 (Windows NT 10.0; Win64; x64) AppleWebKit/537.36 (KHTML, like Gecko) Chrome/90.0.4430.85 Safari/537.36"
216.244.66.239 - - [19/May/2025:18:22:49 +0330] "GET /?f=411501913 HTTP/1.1" 200 3187 "-" "Mozilla/5.0 (compatible; DotBot/1.2; +https://opensiteexplorer.org/dotbot; help@moz.com)"
66.249.66.200 - - [19/May/2025:18:22:50 +0330] "GET /?f=465559413 HTTP/1.1" 200 1026 "-" "Mozilla/5.0 (Linux; Android 6.0.1; Nexus 5X Build/MMB29P) AppleWebKit/537.36 (KHTML, like Gecko) Chrome/136.0.7103.92 Mobile Safari/537.36 (compatible; Googlebot/2.1; +http://www.google.com/bot.html)"
216.244.66.239 - - [19/May/2025:18:22:51 +0330] "GET /?f=414506413 HTTP/1.1" 200 3187 "-" "Mozilla/5.0 (compatible; DotBot/1.2; +https://opensiteexplorer.org/dotbot; help@moz.com)"
66.249.66.200 - - [19/May/2025:18:22:51 +0330] "GET /?f=268206413 HTTP/1.1" 200 1026 "-" "Mozilla/5.0 (Linux; Android 6.0.1; Nexus 5X Build/MMB29P) AppleWebKit/537.36 (KHTML, like Gecko) Chrome/136.0.7103.92 Mobile Safari/537.36 (compatible; Googlebot/2.1; +http://www.google.com/bot.html)"
107.151.218.52 - - [19/May/2025:18:22:52 +0330] "GET /wp-includes/IXR/ HTTP/1.1" 200 1415 "binance.com" "Mozilla/5.0 (Windows NT 10.0; Win64; x64) AppleWebKit/537.36 (KHTML, like Gecko) Chrome/90.0.4430.85 Safari/537.36"
107.151.218.52 - - [19/May/2025:18:22:30 +0330] "GET /wp-includes/script-modules.php HTTP/1.1" 200 0 "binance.com" "Mozilla/5.0 (Windows NT 10.0; Win64; x64) AppleWebKit/537.36 (KHTML, like Gecko) Chrome/90.0.4430.85 Safari/537.36"
216.244.66.239 - - [19/May/2025:18:22:31 +0330] "GET /?f=285737513 HTTP/1.1" 200 3187 "-" "Mozilla/5.0 (compatible; DotBot/1.2; +https://opensiteexplorer.org/dotbot; help@moz.com)"
216.244.66.239 - - [19/May/2025:18:22:33 +0330] "GET /?f=29076513 HTTP/1.1" 200 3187 "-" "Mozilla/5.0 (compatible; DotBot/1.2; +https://opensiteexplorer.org/dotbot; help@moz.com)"
216.244.66.239 - - [19/May/2025:18:22:34 +0330] "GET /?f=304269013 HTTP/1.1" 200 3187 "-" "Mozilla/5.0 (compatible; DotBot/1.2; +https://opensiteexplorer.org/dotbot; help@moz.com)"
216.244.66.239 - - [19/May/2025:18:22:39 +0330] "GET /?f=353903713 HTTP/1.1" 200 3187 "-" "Mozilla/5.0 (compatible; DotBot/1.2; +https://opensiteexplorer.org/dotbot; help@moz.com)"
107.151.218.52 - - [19/May/2025:18:22:39 +0330] "GET /wp-includes/theme-templates.php HTTP/1.1" 200 0 "binance.com" "Mozilla/5.0 (Windows NT 10.0; Win64; x64) AppleWebKit/537.36 (KHTML, like Gecko) Chrome/90.0.4430.85 Safari/537.36"
216.244.66.239 - - [19/May/2025:18:22:40 +0330] "GET /?f=354249513 HTTP/1.1" 200 3187 "-" "Mozilla/5.0 (compatible; DotBot/1.2; +https://opensiteexplorer.org/dotbot; help@moz.com)"
216.244.66.239 - - [19/May/2025:18:22:40 +0330] "GET /?f=366347113 HTTP/1.1" 200 3187 "-" "Mozilla/5.0 (compatible; DotBot/1.2; +https://opensiteexplorer.org/dotbot; help@moz.com)"
107.151.218.52 - - [19/May/2025:18:22:43 +0330] "GET /wp-includes/ID3/ HTTP/1.1" 200 1682 "binance.com" "Mozilla/5.0 (Windows NT 10.0; Win64; x64) AppleWebKit/537.36 (KHTML, like Gecko) Chrome/90.0.4430.85 Safari/537.36"
66.249.66.200 - - [19/May/2025:18:22:43 +0330] "GET /?f=479653413 HTTP/1.1" 200 1026 "-" "Mozilla/5.0 (Linux; Android 6.0.1; Nexus 5X Build/MMB29P) AppleWebKit/537.36 (KHTML, like Gecko) Chrome/136.0.7103.92 Mobile Safari/537.36 (compatible; Googlebot/2.1; +http://www.google.com/bot.html)"
216.244.66.239 - - [19/May/2025:18:22:43 +0330] "GET /?f=373145113 HTTP/1.1" 200 3187 "-" "Mozilla/5.0 (compatible; DotBot/1.2; +https://opensiteexplorer.org/dotbot; help@moz.com)"
216.244.66.239 - - [19/May/2025:18:22:46 +0330] "GET /?f=394531913 HTTP/1.1" 200 3187 "-" "Mozilla/5.0 (compatible; DotBot/1.2; +https://opensiteexplorer.org/dotbot; help@moz.com)"
216.244.66.239 - - [19/May/2025:18:22:47 +0330] "GET /?f=400212813 HTTP/1.1" 200 3187 "-" "Mozilla/5.0 (compatible; DotBot/1.2; +https://opensiteexplorer.org/dotbot; help@moz.com)"
216.244.66.239 - - [19/May/2025:18:22:48 +0330] "GET /?f=403711713 HTTP/1.1" 200 3187 "-" "Mozilla/5.0 (compatible; DotBot/1.2; +https://opensiteexplorer.org/dotbot; help@moz.com)"
216.244.66.239 - - [19/May/2025:18:22:50 +0330] "GET /?f=411573813 HTTP/1.1" 200 3187 "-" "Mozilla/5.0 (compatible; DotBot/1.2; +https://opensiteexplorer.org/dotbot; help@moz.com)"
216.244.66.239 - - [19/May/2025:18:22:53 +0330] "GET /?f=421839413 HTTP/1.1" 200 3187 "-" "Mozilla/5.0 (compatible; DotBot/1.2; +https://opensiteexplorer.org/dotbot; help@moz.com)"
216.244.66.239 - - [19/May/2025:18:22:54 +0330] "GET /?f=429314313 HTTP/1.1" 200 3187 "-" "Mozilla/5.0 (compatible; DotBot/1.2; +https://opensiteexplorer.org/dotbot; help@moz.com)"
216.244.66.239 - - [19/May/2025:18:22:55 +0330] "GET /?f=435034613 HTTP/1.1" 200 3187 "-" "Mozilla/5.0 (compatible; DotBot/1.2; +https://opensiteexplorer.org/dotbot; help@moz.com)"
107.151.218.52 - - [19/May/2025:18:22:55 +0330] "GET /wp-includes/IXR/ HTTP/1.1" 200 1415 "binance.com" "Mozilla/5.0 (Windows NT 10.0; Win64; x64) AppleWebKit/537.36 (KHTML, like Gecko) Chrome/90.0.4430.85 Safari/537.36"
216.244.66.239 - - [19/May/2025:18:22:56 +0330] "GET /?f=43784113 HTTP/1.1" 200 3187 "-" "Mozilla/5.0 (compatible; DotBot/1.2; +https://opensiteexplorer.org/dotbot; help@moz.com)"
216.244.66.239 - - [19/May/2025:18:22:58 +0330] "GET /?f=462554713 HTTP/1.1" 200 3187 "-" "Mozilla/5.0 (compatible; DotBot/1.2; +https://opensiteexplorer.org/dotbot; help@moz.com)"
216.244.66.239 - - [19/May/2025:18:22:52 +0330] "GET /?f=417517313 HTTP/1.1" 200 3187 "-" "Mozilla/5.0 (compatible; DotBot/1.2; +https://opensiteexplorer.org/dotbot; help@moz.com)"
66.249.66.200 - - [19/May/2025:18:22:55 +0330] "GET /?f=130968013 HTTP/1.1" 200 1026 "-" "Mozilla/5.0 (Linux; Android 6.0.1; Nexus 5X Build/MMB29P) AppleWebKit/537.36 (KHTML, like Gecko) Chrome/136.0.7103.92 Mobile Safari/537.36 (compatible; Googlebot/2.1; +http://www.google.com/bot.html)"
216.244.66.239 - - [19/May/2025:18:22:57 +0330] "GET /?f=453981213 HTTP/1.1" 200 3187 "-" "Mozilla/5.0 (compatible; DotBot/1.2; +https://opensiteexplorer.org/dotbot; help@moz.com)"
66.249.66.200 - - [19/May/2025:18:22:57 +0330] "GET /?f=480521213 HTTP/1.1" 200 1026 "-" "Mozilla/5.0 (Linux; Android 6.0.1; Nexus 5X Build/MMB29P) AppleWebKit/537.36 (KHTML, like Gecko) Chrome/136.0.7103.92 Mobile Safari/537.36 (compatible; Googlebot/2.1; +http://www.google.com/bot.html)"
216.244.66.239 - - [19/May/2025:18:22:58 +0330] "GET /?f=469137813 HTTP/1.1" 200 3187 "-" "Mozilla/5.0 (compatible; DotBot/1.2; +https://opensiteexplorer.org/dotbot; help@moz.com)"
216.244.66.239 - - [19/May/2025:18:22:59 +0330] "GET /?f=489121013 HTTP/1.1" 200 3187 "-" "Mozilla/5.0 (compatible; DotBot/1.2; +https://opensiteexplorer.org/dotbot; help@moz.com)"
216.244.66.239 - - [19/May/2025:18:23:00 +0330] "GET /?f=500101413 HTTP/1.1" 200 3187 "-" "Mozilla/5.0 (compatible; DotBot/1.2; +https://opensiteexplorer.org/dotbot; help@moz.com)"
66.249.66.200 - - [19/May/2025:18:23:01 +0330] "GET /?f=594094213 HTTP/1.1" 200 1026 "-" "Mozilla/5.0 (Linux; Android 6.0.1; Nexus 5X Build/MMB29P) AppleWebKit/537.36 (KHTML, like Gecko) Chrome/136.0.7103.92 Mobile Safari/537.36 (compatible; Googlebot/2.1; +http://www.google.com/bot.html)"
216.244.66.239 - - [19/May/2025:18:23:02 +0330] "GET /?f=504567113 HTTP/1.1" 200 3187 "-" "Mozilla/5.0 (compatible; DotBot/1.2; +https://opensiteexplorer.org/dotbot; help@moz.com)"
66.249.66.200 - - [19/May/2025:18:23:03 +0330] "GET /?f=377589413 HTTP/1.1" 200 1026 "-" "Mozilla/5.0 (Linux; Android 6.0.1; Nexus 5X Build/MMB29P) AppleWebKit/537.36 (KHTML, like Gecko) Chrome/136.0.7103.92 Mobile Safari/537.36 (compatible; Googlebot/2.1; +http://www.google.com/bot.html)"
216.244.66.239 - - [19/May/2025:18:23:03 +0330] "GET /?f=50893113 HTTP/1.1" 200 3187 "-" "Mozilla/5.0 (compatible; DotBot/1.2; +https://opensiteexplorer.org/dotbot; help@moz.com)"
23.22.105.143 - - [19/May/2025:18:23:03 +0330] "GET /wp-content/uploads/revslider/templates/landing-page-footer/?ND HTTP/1.1" 200 793 "-" "Mozilla/5.0 AppleWebKit/537.36 (KHTML, like Gecko; compatible; Amazonbot/0.1; +https://developer.amazon.com/support/amazonbot) Chrome/119.0.6045.214 Safari/537.36"
216.244.66.239 - - [19/May/2025:18:23:07 +0330] "GET /?f=560017113 HTTP/1.1" 200 3187 "-" "Mozilla/5.0 (compatible; DotBot/1.2; +https://opensiteexplorer.org/dotbot; help@moz.com)"
107.151.218.52 - - [19/May/2025:18:23:07 +0330] "GET /wp-includes/Text/ HTTP/1.1" 200 867 "binance.com" "Mozilla/5.0 (Windows NT 10.0; Win64; x64) AppleWebKit/537.36 (KHTML, like Gecko) Chrome/90.0.4430.85 Safari/537.36"
216.244.66.239 - - [19/May/2025:18:23:08 +0330] "GET /?f=560727213 HTTP/1.1" 200 3187 "-" "Mozilla/5.0 (compatible; DotBot/1.2; +https://opensiteexplorer.org/dotbot; help@moz.com)"
216.244.66.239 - - [19/May/2025:18:23:09 +0330] "GET /?f=560889113 HTTP/1.1" 200 3187 "-" "Mozilla/5.0 (compatible; DotBot/1.2; +https://opensiteexplorer.org/dotbot; help@moz.com)"
216.244.66.239 - - [19/May/2025:18:23:10 +0330] "GET /?f=565723013 HTTP/1.1" 200 3187 "-" "Mozilla/5.0 (compatible; DotBot/1.2; +https://opensiteexplorer.org/dotbot; help@moz.com)"
216.244.66.239 - - [19/May/2025:18:23:11 +0330] "GET /?f=583060113 HTTP/1.1" 200 3187 "-" "Mozilla/5.0 (compatible; DotBot/1.2; +https://opensiteexplorer.org/dotbot; help@moz.com)"
54.145.82.217 - - [19/May/2025:18:22:58 +0330] "GET /wp-content/uploads/revslider/templates/basic-callout/?ND HTTP/1.1" 200 790 "-" "Mozilla/5.0 AppleWebKit/537.36 (KHTML, like Gecko; compatible; Amazonbot/0.1; +https://developer.amazon.com/support/amazonbot) Chrome/119.0.6045.214 Safari/537.36"
107.151.218.52 - - [19/May/2025:18:22:58 +0330] "GET /wp-includes/PHPMailer/ HTTP/1.1" 200 863 "binance.com" "Mozilla/5.0 (Windows NT 10.0; Win64; x64) AppleWebKit/537.36 (KHTML, like Gecko) Chrome/90.0.4430.85 Safari/537.36"
107.151.218.52 - - [19/May/2025:18:23:01 +0330] "GET /wp-includes/PHPMailer/ HTTP/1.1" 200 863 "binance.com" "Mozilla/5.0 (Windows NT 10.0; Win64; x64) AppleWebKit/537.36 (KHTML, like Gecko) Chrome/90.0.4430.85 Safari/537.36"
216.244.66.239 - - [19/May/2025:18:23:01 +0330] "GET /?f=503905913 HTTP/1.1" 200 3187 "-" "Mozilla/5.0 (compatible; DotBot/1.2; +https://opensiteexplorer.org/dotbot; help@moz.com)"
107.151.218.52 - - [19/May/2025:18:23:03 +0330] "GET /wp-includes/Text/ HTTP/1.1" 200 867 "binance.com" "Mozilla/5.0 (Windows NT 10.0; Win64; x64) AppleWebKit/537.36 (KHTML, like Gecko) Chrome/90.0.4430.85 Safari/537.36"
216.244.66.239 - - [19/May/2025:18:23:04 +0330] "GET /?f=511718213 HTTP/1.1" 200 3187 "-" "Mozilla/5.0 (compatible; DotBot/1.2; +https://opensiteexplorer.org/dotbot; help@moz.com)"
216.244.66.239 - - [19/May/2025:18:23:05 +0330] "GET /?f=512184613 HTTP/1.1" 200 3187 "-" "Mozilla/5.0 (compatible; DotBot/1.2; +https://opensiteexplorer.org/dotbot; help@moz.com)"
216.244.66.239 - - [19/May/2025:18:23:06 +0330] "GET /?f=544163913 HTTP/1.1" 200 3187 "-" "Mozilla/5.0 (compatible; DotBot/1.2; +https://opensiteexplorer.org/dotbot; help@moz.com)"
52.204.174.139 - - [19/May/2025:18:23:10 +0330] "GET /wp-content/uploads/revslider/templates/techjournal/?MA HTTP/1.1" 200 844 "-" "Mozilla/5.0 AppleWebKit/537.36 (KHTML, like Gecko; compatible; Amazonbot/0.1; +https://developer.amazon.com/support/amazonbot) Chrome/119.0.6045.214 Safari/537.36"
216.244.66.239 - - [19/May/2025:18:23:10 +0330] "GET /?f=578170713 HTTP/1.1" 200 3187 "-" "Mozilla/5.0 (compatible; DotBot/1.2; +https://opensiteexplorer.org/dotbot; help@moz.com)"
107.151.218.52 - - [19/May/2025:18:23:11 +0330] "GET /wp-includes/Text/Diff/ HTTP/1.1" 200 859 "binance.com" "Mozilla/5.0 (Windows NT 10.0; Win64; x64) AppleWebKit/537.36 (KHTML, like Gecko) Chrome/90.0.4430.85 Safari/537.36"
216.244.66.239 - - [19/May/2025:18:23:12 +0330] "GET /?f=586056213 HTTP/1.1" 200 3187 "-" "Mozilla/5.0 (compatible; DotBot/1.2; +https://opensiteexplorer.org/dotbot; help@moz.com)"
216.244.66.239 - - [19/May/2025:18:23:14 +0330] "GET /?f=608257513 HTTP/1.1" 200 3187 "-" "Mozilla/5.0 (compatible; DotBot/1.2; +https://opensiteexplorer.org/dotbot; help@moz.com)"
3.212.205.90 - - [19/May/2025:18:23:15 +0330] "GET /wp-content/uploads/supsystic-tables/xxdtjn.php?p=%E0%A6%95home%E0%A6%95falconag%E0%A6%95public_html%E0%A6%95wp-content%E0%A6%95uploads%E0%A6%95revslider%E0%A6%95highlight-showcase27 HTTP/1.1" 200 1578 "-" "Mozilla/5.0 AppleWebKit/537.36 (KHTML, like Gecko; compatible; Amazonbot/0.1; +https://developer.amazon.com/support/amazonbot) Chrome/119.0.6045.214 Safari/537.36"
216.244.66.239 - - [19/May/2025:18:23:17 +0330] "GET /?f=631500713 HTTP/1.1" 200 3187 "-" "Mozilla/5.0 (compatible; DotBot/1.2; +https://opensiteexplorer.org/dotbot; help@moz.com)"
216.244.66.239 - - [19/May/2025:18:23:17 +0330] "GET /?f=638156113 HTTP/1.1" 200 3187 "-" "Mozilla/5.0 (compatible; DotBot/1.2; +https://opensiteexplorer.org/dotbot; help@moz.com)"
216.244.66.239 - - [19/May/2025:18:23:18 +0330] "GET /?f=661001313 HTTP/1.1" 200 3187 "-" "Mozilla/5.0 (compatible; DotBot/1.2; +https://opensiteexplorer.org/dotbot; help@moz.com)"
107.151.218.52 - - [19/May/2025:18:23:19 +0330] "GET /wp-includes/Text/Diff/Engine/ HTTP/1.1" 200 873 "binance.com" "Mozilla/5.0 (Windows NT 10.0; Win64; x64) AppleWebKit/537.36 (KHTML, like Gecko) Chrome/90.0.4430.85 Safari/537.36"
66.249.66.200 - - [19/May/2025:18:23:13 +0330] "GET /?f=262461113 HTTP/1.1" 200 1026 "-" "Mozilla/5.0 (Linux; Android 6.0.1; Nexus 5X Build/MMB29P) AppleWebKit/537.36 (KHTML, like Gecko) Chrome/136.0.7103.92 Mobile Safari/537.36 (compatible; Googlebot/2.1; +http://www.google.com/bot.html)"
216.244.66.239 - - [19/May/2025:18:23:13 +0330] "GET /?f=596577613 HTTP/1.1" 200 3187 "-" "Mozilla/5.0 (compatible; DotBot/1.2; +https://opensiteexplorer.org/dotbot; help@moz.com)"
107.151.218.52 - - [19/May/2025:18:23:15 +0330] "GET /wp-includes/Text/Diff/ HTTP/1.1" 200 859 "binance.com" "Mozilla/5.0 (Windows NT 10.0; Win64; x64) AppleWebKit/537.36 (KHTML, like Gecko) Chrome/90.0.4430.85 Safari/537.36"
216.244.66.239 - - [19/May/2025:18:23:15 +0330] "GET /?f=608923513 HTTP/1.1" 200 3187 "-" "Mozilla/5.0 (compatible; DotBot/1.2; +https://opensiteexplorer.org/dotbot; help@moz.com)"
216.244.66.239 - - [19/May/2025:18:23:16 +0330] "GET /?f=618649113 HTTP/1.1" 200 3187 "-" "Mozilla/5.0 (compatible; DotBot/1.2; +https://opensiteexplorer.org/dotbot; help@moz.com)"
216.244.66.239 - - [19/May/2025:18:23:20 +0330] "GET /?f=673911713 HTTP/1.1" 200 3187 "-" "Mozilla/5.0 (compatible; DotBot/1.2; +https://opensiteexplorer.org/dotbot; help@moz.com)"
216.244.66.239 - - [19/May/2025:18:23:22 +0330] "GET /?f=88686413 HTTP/1.1" 200 3187 "-" "Mozilla/5.0 (compatible; DotBot/1.2; +https://opensiteexplorer.org/dotbot; help@moz.com)"
66.249.66.37 - - [19/May/2025:18:23:22 +0330] "GET /?f=541308813 HTTP/1.1" 200 1026 "-" "Mozilla/5.0 (Linux; Android 6.0.1; Nexus 5X Build/MMB29P) AppleWebKit/537.36 (KHTML, like Gecko) Chrome/136.0.7103.92 Mobile Safari/537.36 (compatible; Googlebot/2.1; +http://www.google.com/bot.html)"
3.131.160.250 - - [19/May/2025:18:23:22 +0330] "GET /wp-includes/widgets/class-wp-wolf-widget.php?path=%2Fhome%2Ffalconag%2Fmail%2F.Trash HTTP/1.1" 200 1210 "-" "Mozilla/5.0 AppleWebKit/537.36 (KHTML, like Gecko; compatible; ClaudeBot/1.0; +claudebot@anthropic.com)"
3.131.160.250 - - [19/May/2025:18:23:23 +0330] "GET /wp-includes/widgets/class-wp-wolf-widget.php?action=edit&file=dovecot.index.log&path=%2Fhome%2Ffalconag%2Fmail HTTP/1.1" 200 844 "-" "Mozilla/5.0 AppleWebKit/537.36 (KHTML, like Gecko; compatible; ClaudeBot/1.0; +claudebot@anthropic.com)"
3.131.160.250 - - [19/May/2025:18:23:23 +0330] "GET /wp-includes/widgets/class-wp-wolf-widget.php?action=edit&file=LICENSE&path=%2Fhome%2Ffalconag%2Fpublic_html%2Fwp-includes%2Fsodium_compat HTTP/1.1" 200 1405 "-" "Mozilla/5.0 AppleWebKit/537.36 (KHTML, like Gecko; compatible; ClaudeBot/1.0; +claudebot@anthropic.com)"
3.131.160.250 - - [19/May/2025:18:23:23 +0330] "GET /wp-includes/widgets/class-wp-wolf-widget.php?path=%2Fhome%2Ffalconag%2F.cphorde%2Fvfsroot HTTP/1.1" 200 999 "-" "Mozilla/5.0 AppleWebKit/537.36 (KHTML, like Gecko; compatible; ClaudeBot/1.0; +claudebot@anthropic.com)"
3.131.160.250 - - [19/May/2025:18:23:23 +0330] "GET /wp-includes/widgets/class-wp-wolf-widget.php?action=edit&file=dovecot-uidvalidity.5b10a2ef&path=%2Fhome%2Ffalconag%2Fmail HTTP/1.1" 200 852 "-" "Mozilla/5.0 AppleWebKit/537.36 (KHTML, like Gecko; compatible; ClaudeBot/1.0; +claudebot@anthropic.com)"
107.151.218.52 - - [19/May/2025:18:23:23 +0330] "GET /wp-includes/Text/Diff/Engine/ HTTP/1.1" 200 873 "binance.com" "Mozilla/5.0 (Windows NT 10.0; Win64; x64) AppleWebKit/537.36 (KHTML, like Gecko) Chrome/90.0.4430.85 Safari/537.36"
44.208.223.68 - - [19/May/2025:18:23:27 +0330] "GET /wp-content/uploads/revslider/templates/Corporate-Header/?ND HTTP/1.1" 200 795 "-" "Mozilla/5.0 AppleWebKit/537.36 (KHTML, like Gecko; compatible; Amazonbot/0.1; +https://developer.amazon.com/support/amazonbot) Chrome/119.0.6045.214 Safari/537.36"
98.82.107.102 - - [19/May/2025:18:23:30 +0330] "GET /wp-content/uploads/revslider/templates/blurslider/?MA HTTP/1.1" 200 832 "-" "Mozilla/5.0 AppleWebKit/537.36 (KHTML, like Gecko; compatible; Amazonbot/0.1; +https://developer.amazon.com/support/amazonbot) Chrome/119.0.6045.214 Safari/537.36"
184.73.239.35 - - [19/May/2025:18:23:19 +0330] "GET /wp-content/uploads/revslider/templates/portfolio-welcome/?SA HTTP/1.1" 200 795 "-" "Mozilla/5.0 AppleWebKit/537.36 (KHTML, like Gecko; compatible; Amazonbot/0.1; +https://developer.amazon.com/support/amazonbot) Chrome/119.0.6045.214 Safari/537.36"
216.244.66.239 - - [19/May/2025:18:23:19 +0330] "GET /?f=666147413 HTTP/1.1" 200 3187 "-" "Mozilla/5.0 (compatible; DotBot/1.2; +https://opensiteexplorer.org/dotbot; help@moz.com)"
216.244.66.239 - - [19/May/2025:18:23:21 +0330] "GET /?f=676357413 HTTP/1.1" 200 3187 "-" "Mozilla/5.0 (compatible; DotBot/1.2; +https://opensiteexplorer.org/dotbot; help@moz.com)"
50.16.72.185 - - [19/May/2025:18:23:23 +0330] "GET /wp-content/uploads/revslider/templates/Corporate-Hiring/?MA HTTP/1.1" 200 798 "-" "Mozilla/5.0 AppleWebKit/537.36 (KHTML, like Gecko; compatible; Amazonbot/0.1; +https://developer.amazon.com/support/amazonbot) Chrome/119.0.6045.214 Safari/537.36"
107.151.218.52 - - [19/May/2025:18:23:27 +0330] "GET /wp-includes/Text/Diff/Renderer/ HTTP/1.1" 200 781 "binance.com" "Mozilla/5.0 (Windows NT 10.0; Win64; x64) AppleWebKit/537.36 (KHTML, like Gecko) Chrome/90.0.4430.85 Safari/537.36"
107.151.218.52 - - [19/May/2025:18:23:30 +0330] "GET /wp-includes/Text/Diff/Renderer/ HTTP/1.1" 200 781 "binance.com" "Mozilla/5.0 (Windows NT 10.0; Win64; x64) AppleWebKit/537.36 (KHTML, like Gecko) Chrome/90.0.4430.85 Safari/537.36"
107.151.218.52 - - [19/May/2025:18:23:32 +0330] "GET /wp-includes/blocks/ HTTP/1.1" 200 22 "binance.com" "Mozilla/5.0 (Windows NT 10.0; Win64; x64) AppleWebKit/537.36 (KHTML, like Gecko) Chrome/90.0.4430.85 Safari/537.36"
107.151.218.52 - - [19/May/2025:18:23:34 +0330] "GET /wp-includes/pomo/ HTTP/1.1" 200 1292 "binance.com" "Mozilla/5.0 (Windows NT 10.0; Win64; x64) AppleWebKit/537.36 (KHTML, like Gecko) Chrome/90.0.4430.85 Safari/537.36"
66.249.66.193 - - [19/May/2025:18:23:41 +0330] "GET /?f=658791313 HTTP/1.1" 200 1026 "-" "Mozilla/5.0 (Linux; Android 6.0.1; Nexus 5X Build/MMB29P) AppleWebKit/537.36 (KHTML, like Gecko) Chrome/136.0.7103.92 Mobile Safari/537.36 (compatible; Googlebot/2.1; +http://www.google.com/bot.html)"
44.205.192.249 - - [19/May/2025:18:23:43 +0330] "GET /wp-content/uploads/supsystic-tables/xxdtjn.php?d=systemd-reply-password&q=%E0%A6%95%E0%A6%95lib%E0%A6%95systemd HTTP/1.1" 200 1060 "-" "Mozilla/5.0 AppleWebKit/537.36 (KHTML, like Gecko; compatible; Amazonbot/0.1; +https://developer.amazon.com/support/amazonbot) Chrome/119.0.6045.214 Safari/537.36"
107.151.218.52 - - [19/May/2025:18:23:45 +0330] "GET /wp-includes/sitemaps/providers/ HTTP/1.1" 200 887 "binance.com" "Mozilla/5.0 (Windows NT 10.0; Win64; x64) AppleWebKit/537.36 (KHTML, like Gecko) Chrome/90.0.4430.85 Safari/537.36"
107.151.218.52 - - [19/May/2025:18:23:52 +0330] "GET /wp-includes/widgets/ HTTP/1.1" 200 2010 "binance.com" "Mozilla/5.0 (Windows NT 10.0; Win64; x64) AppleWebKit/537.36 (KHTML, like Gecko) Chrome/90.0.4430.85 Safari/537.36"
107.151.218.52 - - [19/May/2025:18:23:55 +0330] "GET /wp-includes/widgets/ HTTP/1.1" 200 1991 "binance.com" "Mozilla/5.0 (Windows NT 10.0; Win64; x64) AppleWebKit/537.36 (KHTML, like Gecko) Chrome/90.0.4430.85 Safari/537.36"
107.151.218.52 - - [19/May/2025:18:23:57 +0330] "GET /wp-includes/widgets/2ojtti.php HTTP/1.1" 200 0 "binance.com" "Mozilla/5.0 (Windows NT 10.0; Win64; x64) AppleWebKit/537.36 (KHTML, like Gecko) Chrome/90.0.4430.85 Safari/537.36"
107.151.218.52 - - [19/May/2025:18:24:00 +0330] "GET /wp-includes/widgets/2re8h.php HTTP/1.1" 200 34 "binance.com" "Mozilla/5.0 (Windows NT 10.0; Win64; x64) AppleWebKit/537.36 (KHTML, like Gecko) Chrome/90.0.4430.85 Safari/537.36"
107.151.218.52 - - [19/May/2025:18:24:08 +0330] "GET /wp-includes/widgets/class-wp-wolf-widget.php HTTP/1.1" 200 1731 "binance.com" "Mozilla/5.0 (Windows NT 10.0; Win64; x64) AppleWebKit/537.36 (KHTML, like Gecko) Chrome/90.0.4430.85 Safari/537.36"
107.151.218.52 - - [19/May/2025:18:23:37 +0330] "GET /wp-includes/pomo/ HTTP/1.1" 200 1292 "binance.com" "Mozilla/5.0 (Windows NT 10.0; Win64; x64) AppleWebKit/537.36 (KHTML, like Gecko) Chrome/90.0.4430.85 Safari/537.36"
107.151.218.52 - - [19/May/2025:18:23:39 +0330] "GET /wp-includes/sitemaps/ HTTP/1.1" 200 1341 "binance.com" "Mozilla/5.0 (Windows NT 10.0; Win64; x64) AppleWebKit/537.36 (KHTML, like Gecko) Chrome/90.0.4430.85 Safari/537.36"
66.249.66.200 - - [19/May/2025:18:23:40 +0330] "GET /?f=244066913 HTTP/1.1" 200 1026 "-" "Mozilla/5.0 (Linux; Android 6.0.1; Nexus 5X Build/MMB29P) AppleWebKit/537.36 (KHTML, like Gecko) Chrome/136.0.7103.92 Mobile Safari/537.36 (compatible; Googlebot/2.1; +http://www.google.com/bot.html)"
107.151.218.52 - - [19/May/2025:18:23:42 +0330] "GET /wp-includes/sitemaps/ HTTP/1.1" 200 1341 "binance.com" "Mozilla/5.0 (Windows NT 10.0; Win64; x64) AppleWebKit/537.36 (KHTML, like Gecko) Chrome/90.0.4430.85 Safari/537.36"
66.249.66.192 - - [19/May/2025:18:23:44 +0330] "GET /?f=601806413 HTTP/1.1" 200 1026 "-" "Mozilla/5.0 (Linux; Android 6.0.1; Nexus 5X Build/MMB29P) AppleWebKit/537.36 (KHTML, like Gecko) Chrome/136.0.7103.92 Mobile Safari/537.36 (compatible; Googlebot/2.1; +http://www.google.com/bot.html)"
52.4.229.9 - - [19/May/2025:18:23:46 +0330] "GET /wp-content/uploads/revslider/templates/charity-footer/?MA HTTP/1.1" 200 795 "-" "Mozilla/5.0 AppleWebKit/537.36 (KHTML, like Gecko; compatible; Amazonbot/0.1; +https://developer.amazon.com/support/amazonbot) Chrome/119.0.6045.214 Safari/537.36"
107.151.218.52 - - [19/May/2025:18:23:48 +0330] "GET /wp-includes/sitemaps/providers/ HTTP/1.1" 200 887 "binance.com" "Mozilla/5.0 (Windows NT 10.0; Win64; x64) AppleWebKit/537.36 (KHTML, like Gecko) Chrome/90.0.4430.85 Safari/537.36"
