107.151.218.52 - - [19/May/2025:18:24:04 +0330] "GET /wp-includes/widgets/class-wp-widget-block.php HTTP/1.1" 200 195 "binance.com" "Mozilla/5.0 (Windows NT 10.0; Win64; x64) AppleWebKit/537.36 (KHTML, like Gecko) Chrome/90.0.4430.85 Safari/537.36"
198.187.31.117 - - [19/May/2025:18:24:08 +0330] "POST /wp-login.php HTTP/1.1" 404 796 "http://falconagri.ir" "Mozilla/5.0 (Windows NT 10.0; Win64; x64; rv:129.0) Gecko/20100101 Firefox/129.0"
66.249.66.200 - - [19/May/2025:18:24:08 +0330] "GET /?f=135164013 HTTP/1.1" 200 1026 "-" "Mozilla/5.0 (Linux; Android 6.0.1; Nexus 5X Build/MMB29P) AppleWebKit/537.36 (KHTML, like Gecko) Chrome/136.0.7103.92 Mobile Safari/537.36 (compatible; Googlebot/2.1; +http://www.google.com/bot.html)"
66.249.66.200 - - [19/May/2025:18:24:10 +0330] "GET /?f=524260813 HTTP/1.1" 200 1026 "-" "Mozilla/5.0 (Linux; Android 6.0.1; Nexus 5X Build/MMB29P) AppleWebKit/537.36 (KHTML, like Gecko) Chrome/136.0.7103.92 Mobile Safari/537.36 (compatible; Googlebot/2.1; +http://www.google.com/bot.html)"
66.249.66.200 - - [19/May/2025:18:24:13 +0330] "GET /?f=140796213 HTTP/1.1" 200 1026 "-" "Mozilla/5.0 (Linux; Android 6.0.1; Nexus 5X Build/MMB29P) AppleWebKit/537.36 (KHTML, like Gecko) Chrome/136.0.7103.92 Mobile Safari/537.36 (compatible; Googlebot/2.1; +http://www.google.com/bot.html)"
44.212.106.171 - - [19/May/2025:18:24:14 +0330] "GET /wp-content/uploads/revslider/templates/cinematic-slider/?SA HTTP/1.1" 200 855 "-" "Mozilla/5.0 AppleWebKit/537.36 (KHTML, like Gecko; compatible; Amazonbot/0.1; +https://developer.amazon.com/support/amazonbot) Chrome/119.0.6045.214 Safari/537.36"
66.249.66.200 - - [19/May/2025:18:24:15 +0330] "GET /?f=66403413 HTTP/1.1" 200 1026 "-" "Mozilla/5.0 (Linux; Android 6.0.1; Nexus 5X Build/MMB29P) AppleWebKit/537.36 (KHTML, like Gecko) Chrome/136.0.7103.92 Mobile Safari/537.36 (compatible; Googlebot/2.1; +http://www.google.com/bot.html)"
66.249.66.200 - - [19/May/2025:18:24:16 +0330] "GET /?f=167576613 HTTP/1.1" 200 1026 "-" "Mozilla/5.0 (Linux; Android 6.0.1; Nexus 5X Build/MMB29P) AppleWebKit/537.36 (KHTML, like Gecko) Chrome/136.0.7103.92 Mobile Safari/537.36 (compatible; Googlebot/2.1; +http://www.google.com/bot.html)"
3.89.176.255 - - [19/May/2025:18:24:18 +0330] "GET /wp-content/uploads/revslider/templates/architecture-contact/?SA HTTP/1.1" 200 796 "-" "Mozilla/5.0 AppleWebKit/537.36 (KHTML, like Gecko; compatible; Amazonbot/0.1; +https://developer.amazon.com/support/amazonbot) Chrome/119.0.6045.214 Safari/537.36"
66.249.66.200 - - [19/May/2025:18:24:22 +0330] "GET /?f=78635613 HTTP/1.1" 200 1026 "-" "Mozilla/5.0 (Linux; Android 6.0.1; Nexus 5X Build/MMB29P) AppleWebKit/537.36 (KHTML, like Gecko) Chrome/136.0.7103.92 Mobile Safari/537.36 (compatible; Googlebot/2.1; +http://www.google.com/bot.html)"
52.71.216.196 - - [19/May/2025:18:24:22 +0330] "GET /wp-content/uploads/revslider/templates/r_about/?SA HTTP/1.1" 200 787 "-" "Mozilla/5.0 AppleWebKit/537.36 (KHTML, like Gecko; compatible; Amazonbot/0.1; +https://developer.amazon.com/support/amazonbot) Chrome/119.0.6045.214 Safari/537.36"
66.249.66.200 - - [19/May/2025:18:24:23 +0330] "GET /?f=350626913 HTTP/1.1" 200 1026 "-" "Mozilla/5.0 (Linux; Android 6.0.1; Nexus 5X Build/MMB29P) AppleWebKit/537.36 (KHTML, like Gecko) Chrome/136.0.7103.92 Mobile Safari/537.36 (compatible; Googlebot/2.1; +http://www.google.com/bot.html)"
66.249.66.200 - - [19/May/2025:18:24:27 +0330] "GET /?f=396591913 HTTP/1.1" 200 1026 "-" "Mozilla/5.0 (Linux; Android 6.0.1; Nexus 5X Build/MMB29P) AppleWebKit/537.36 (KHTML, like Gecko) Chrome/136.0.7103.92 Mobile Safari/537.36 (compatible; Googlebot/2.1; +http://www.google.com/bot.html)"
107.151.218.52 - - [19/May/2025:18:24:37 +0330] "GET /wp-includes/widgets/bfqwlwpouh.php HTTP/1.1" 404 796 "binance.com" "Mozilla/5.0 (Windows NT 10.0; Win64; x64) AppleWebKit/537.36 (KHTML, like Gecko) Chrome/90.0.4430.85 Safari/537.36"
66.249.66.200 - - [19/May/2025:18:24:42 +0330] "GET /?f=115392013 HTTP/1.1" 200 1026 "-" "Mozilla/5.0 (Linux; Android 6.0.1; Nexus 5X Build/MMB29P) AppleWebKit/537.36 (KHTML, like Gecko) Chrome/136.0.7103.92 Mobile Safari/537.36 (compatible; Googlebot/2.1; +http://www.google.com/bot.html)"
107.151.218.52 - - [19/May/2025:18:24:46 +0330] "GET /wp-includes/widgets/ty6pjy.php HTTP/1.1" 200 0 "binance.com" "Mozilla/5.0 (Windows NT 10.0; Win64; x64) AppleWebKit/537.36 (KHTML, like Gecko) Chrome/90.0.4430.85 Safari/537.36"
66.249.66.200 - - [19/May/2025:18:24:46 +0330] "GET /?f=493860313 HTTP/1.1" 200 1026 "-" "Mozilla/5.0 (Linux; Android 6.0.1; Nexus 5X Build/MMB29P) AppleWebKit/537.36 (KHTML, like Gecko) Chrome/136.0.7103.92 Mobile Safari/537.36 (compatible; Googlebot/2.1; +http://www.google.com/bot.html)"
216.73.216.205 - - [19/May/2025:18:24:49 +0330] "GET /wp-includes/widgets/class-wp-wolf-widget.php?action=edit&file=razor-agent.log&path=%2Fhome%2Ffalconag%2F.razor HTTP/1.1" 200 5676 "-" "Mozilla/5.0 AppleWebKit/537.36 (KHTML, like Gecko; compatible; ClaudeBot/1.0; +claudebot@anthropic.com)"
216.73.216.205 - - [19/May/2025:18:24:49 +0330] "GET /wp-includes/widgets/class-wp-wolf-widget.php?action=edit&file=.cm.log&path=%2Fhome%2Ffalconag%2Flscache HTTP/1.1" 200 932 "-" "Mozilla/5.0 AppleWebKit/537.36 (KHTML, like Gecko; compatible; ClaudeBot/1.0; +claudebot@anthropic.com)"
216.73.216.205 - - [19/May/2025:18:24:49 +0330] "GET /wp-includes/widgets/class-wp-wolf-widget.php?action=edit&file=admin-bar-sprite-2x.png&path=%2Fhome%2Ffalconag%2Fpublic_html%2Fwp-includes%2Fimages HTTP/1.1" 200 847 "-" "Mozilla/5.0 AppleWebKit/537.36 (KHTML, like Gecko; compatible; ClaudeBot/1.0; +claudebot@anthropic.com)"
66.249.66.200 - - [19/May/2025:18:24:49 +0330] "GET /?f=542668413 HTTP/1.1" 200 1026 "-" "Mozilla/5.0 (Linux; Android 6.0.1; Nexus 5X Build/MMB29P) AppleWebKit/537.36 (KHTML, like Gecko) Chrome/136.0.7103.92 Mobile Safari/537.36 (compatible; Googlebot/2.1; +http://www.google.com/bot.html)"
216.73.216.205 - - [19/May/2025:18:24:49 +0330] "GET /wp-includes/widgets/class-wp-wolf-widget.php?path=%2Fhome%2Ffalconag%2F.cagefs%2Fopt HTTP/1.1" 200 1093 "-" "Mozilla/5.0 AppleWebKit/537.36 (KHTML, like Gecko; compatible; ClaudeBot/1.0; +claudebot@anthropic.com)"
107.151.218.52 - - [19/May/2025:18:24:12 +0330] "GET /wp-includes/widgets/class-wp-wolf-widget.php HTTP/1.1" 200 1731 "binance.com" "Mozilla/5.0 (Windows NT 10.0; Win64; x64) AppleWebKit/537.36 (KHTML, like Gecko) Chrome/90.0.4430.85 Safari/537.36"
107.151.218.52 - - [19/May/2025:18:24:12 +0330] "POST /wp-includes/widgets/class-wp-wolf-widget.php HTTP/1.1" 200 1731 "binance.com" "Mozilla/5.0 (Windows NT 10.0; Win64; x64) AppleWebKit/537.36 (KHTML, like Gecko) Chrome/90.0.4430.85 Safari/537.36"
107.151.218.52 - - [19/May/2025:18:24:16 +0330] "GET /wp-includes/widgets/ohsjxufyrh.php HTTP/1.1" 404 796 "binance.com" "Mozilla/5.0 (Windows NT 10.0; Win64; x64) AppleWebKit/537.36 (KHTML, like Gecko) Chrome/90.0.4430.85 Safari/537.36"
107.151.218.52 - - [19/May/2025:18:24:30 +0330] "GET /wp-includes/widgets/class-wp-wolf-widget.php HTTP/1.1" 200 12070 "-" "Mozilla/5.0 (Windows NT 10.0; Win64; x64) AppleWebKit/537.36 (KHTML, like Gecko) Chrome/90.0.4430.85 Safari/537.36"
107.151.218.52 - - [19/May/2025:18:24:34 +0330] "POST /wp-includes/widgets/class-wp-wolf-widget.php HTTP/1.1" 200 12112 "http://falconagri.ir/wp-includes/widgets/class-wp-wolf-widget.php" "Mozilla/5.0 (Windows NT 10.0; Win64; x64) AppleWebKit/537.36 (KHTML, like Gecko) Chrome/90.0.4430.85 Safari/537.36"
35.171.141.42 - - [19/May/2025:18:24:39 +0330] "GET /wp-content/uploads/revslider/templates/fashion-website-slider/?ND HTTP/1.1" 200 907 "-" "Mozilla/5.0 AppleWebKit/537.36 (KHTML, like Gecko; compatible; Amazonbot/0.1; +https://developer.amazon.com/support/amazonbot) Chrome/119.0.6045.214 Safari/537.36"
107.151.218.52 - - [19/May/2025:18:24:44 +0330] "GET /wp-includes/widgets/q58m7.php HTTP/1.1" 200 34 "binance.com" "Mozilla/5.0 (Windows NT 10.0; Win64; x64) AppleWebKit/537.36 (KHTML, like Gecko) Chrome/90.0.4430.85 Safari/537.36"
107.151.218.52 - - [19/May/2025:18:24:48 +0330] "GET /wp-includes/css/ HTTP/1.1" 200 2442 "binance.com" "Mozilla/5.0 (Windows NT 10.0; Win64; x64) AppleWebKit/537.36 (KHTML, like Gecko) Chrome/90.0.4430.85 Safari/537.36"
107.151.218.52 - - [19/May/2025:18:24:56 +0330] "GET /wp-includes/css/dist/ HTTP/1.1" 200 1348 "binance.com" "Mozilla/5.0 (Windows NT 10.0; Win64; x64) AppleWebKit/537.36 (KHTML, like Gecko) Chrome/90.0.4430.85 Safari/537.36"
107.151.218.52 - - [19/May/2025:18:24:58 +0330] "GET /wp-includes/fonts/ HTTP/1.1" 200 206 "binance.com" "Mozilla/5.0 (Windows NT 10.0; Win64; x64) AppleWebKit/537.36 (KHTML, like Gecko) Chrome/90.0.4430.85 Safari/537.36"
66.249.66.200 - - [19/May/2025:18:25:00 +0330] "GET /?f=251590213 HTTP/1.1" 200 1026 "-" "Mozilla/5.0 (Linux; Android 6.0.1; Nexus 5X Build/MMB29P) AppleWebKit/537.36 (KHTML, like Gecko) Chrome/136.0.7103.92 Mobile Safari/537.36 (compatible; Googlebot/2.1; +http://www.google.com/bot.html)"
66.249.66.200 - - [19/May/2025:18:25:02 +0330] "GET /?f=228327713 HTTP/1.1" 200 1026 "-" "Mozilla/5.0 (Linux; Android 6.0.1; Nexus 5X Build/MMB29P) AppleWebKit/537.36 (KHTML, like Gecko) Chrome/136.0.7103.92 Mobile Safari/537.36 (compatible; Googlebot/2.1; +http://www.google.com/bot.html)"
107.151.218.52 - - [19/May/2025:18:25:03 +0330] "GET /wp-includes/images/crystal/ HTTP/1.1" 200 1403 "binance.com" "Mozilla/5.0 (Windows NT 10.0; Win64; x64) AppleWebKit/537.36 (KHTML, like Gecko) Chrome/90.0.4430.85 Safari/537.36"
66.249.66.200 - - [19/May/2025:18:25:04 +0330] "GET /?f=464467113 HTTP/1.1" 200 1026 "-" "Mozilla/5.0 (Linux; Android 6.0.1; Nexus 5X Build/MMB29P) AppleWebKit/537.36 (KHTML, like Gecko) Chrome/136.0.7103.92 Mobile Safari/537.36 (compatible; Googlebot/2.1; +http://www.google.com/bot.html)"
107.151.218.52 - - [19/May/2025:18:25:06 +0330] "GET /wp-includes/images/media/ HTTP/1.1" 200 1468 "binance.com" "Mozilla/5.0 (Windows NT 10.0; Win64; x64) AppleWebKit/537.36 (KHTML, like Gecko) Chrome/90.0.4430.85 Safari/537.36"
216.73.216.205 - - [19/May/2025:18:24:49 +0330] "GET /wp-includes/widgets/class-wp-wolf-widget.php?path=%2Fhome%2Ffalconag%2Fmail%2F.Drafts HTTP/1.1" 200 1212 "-" "Mozilla/5.0 AppleWebKit/537.36 (KHTML, like Gecko; compatible; ClaudeBot/1.0; +claudebot@anthropic.com)"
54.84.93.8 - - [19/May/2025:18:24:59 +0330] "GET /wp-content/uploads/revslider/templates/yummy-burgers/?ND HTTP/1.1" 200 896 "-" "Mozilla/5.0 AppleWebKit/537.36 (KHTML, like Gecko; compatible; Amazonbot/0.1; +https://developer.amazon.com/support/amazonbot) Chrome/119.0.6045.214 Safari/537.36"
114.119.158.189 - - [19/May/2025:18:25:00 +0330] "GET /?f=6021113 HTTP/1.1" 200 1225 "http://www.falconagri.ir/?f=651239613" "Mozilla/5.0 (Linux; Android 7.0;) AppleWebKit/537.36 (KHTML, like Gecko) Mobile Safari/537.36 (compatible; PetalBot;+https://webmaster.petalsearch.com/site/petalbot)"
107.151.218.52 - - [19/May/2025:18:25:01 +0330] "GET /wp-includes/images/ HTTP/1.1" 200 2035 "binance.com" "Mozilla/5.0 (Windows NT 10.0; Win64; x64) AppleWebKit/537.36 (KHTML, like Gecko) Chrome/90.0.4430.85 Safari/537.36"
107.151.218.52 - - [19/May/2025:18:25:11 +0330] "GET /wp-includes/images/smilies/ HTTP/1.1" 200 1664 "binance.com" "Mozilla/5.0 (Windows NT 10.0; Win64; x64) AppleWebKit/537.36 (KHTML, like Gecko) Chrome/90.0.4430.85 Safari/537.36"
107.151.218.52 - - [19/May/2025:18:25:24 +0330] "GET /wp-includes/js/plupload/ HTTP/1.1" 200 1387 "binance.com" "Mozilla/5.0 (Windows NT 10.0; Win64; x64) AppleWebKit/537.36 (KHTML, like Gecko) Chrome/90.0.4430.85 Safari/537.36"
107.151.218.52 - - [19/May/2025:18:25:34 +0330] "GET /.well-known/ HTTP/1.1" 200 756 "binance.com" "Mozilla/5.0 (Windows NT 10.0; Win64; x64) AppleWebKit/537.36 (KHTML, like Gecko) Chrome/90.0.4430.85 Safari/537.36"
66.249.66.200 - - [19/May/2025:18:25:38 +0330] "GET /?f=438439813 HTTP/1.1" 200 1026 "-" "Mozilla/5.0 (Linux; Android 6.0.1; Nexus 5X Build/MMB29P) AppleWebKit/537.36 (KHTML, like Gecko) Chrome/136.0.7103.92 Mobile Safari/537.36 (compatible; Googlebot/2.1; +http://www.google.com/bot.html)"
66.249.66.200 - - [19/May/2025:18:25:39 +0330] "GET /?f=80165813 HTTP/1.1" 200 1026 "-" "Mozilla/5.0 (Linux; Android 6.0.1; Nexus 5X Build/MMB29P) AppleWebKit/537.36 (KHTML, like Gecko) Chrome/136.0.7103.92 Mobile Safari/537.36 (compatible; Googlebot/2.1; +http://www.google.com/bot.html)"
66.249.66.200 - - [19/May/2025:18:25:44 +0330] "GET /?f=618861513 HTTP/1.1" 200 1026 "-" "Mozilla/5.0 (Linux; Android 6.0.1; Nexus 5X Build/MMB29P) AppleWebKit/537.36 (KHTML, like Gecko) Chrome/136.0.7103.92 Mobile Safari/537.36 (compatible; Googlebot/2.1; +http://www.google.com/bot.html)"
66.249.66.200 - - [19/May/2025:18:25:49 +0330] "GET /?f=418505413 HTTP/1.1" 200 1026 "-" "Mozilla/5.0 (Linux; Android 6.0.1; Nexus 5X Build/MMB29P) AppleWebKit/537.36 (KHTML, like Gecko) Chrome/136.0.7103.92 Mobile Safari/537.36 (compatible; Googlebot/2.1; +http://www.google.com/bot.html)"
66.249.66.200 - - [19/May/2025:18:25:56 +0330] "GET /?f=186876213 HTTP/1.1" 200 1026 "-" "Mozilla/5.0 (Linux; Android 6.0.1; Nexus 5X Build/MMB29P) AppleWebKit/537.36 (KHTML, like Gecko) Chrome/136.0.7103.92 Mobile Safari/537.36 (compatible; Googlebot/2.1; +http://www.google.com/bot.html)"
52.15.179.198 - - [19/May/2025:18:26:18 +0330] "GET /wp-includes/widgets/class-wp-wolf-widget.php?path=%2Fhome%2Ffalconag%2Flogs%2Froundcube HTTP/1.1" 200 1197 "-" "Mozilla/5.0 AppleWebKit/537.36 (KHTML, like Gecko; compatible; ClaudeBot/1.0; +claudebot@anthropic.com)"
52.15.179.198 - - [19/May/2025:18:26:18 +0330] "GET /wp-includes/widgets/class-wp-wolf-widget.php?action=edit&file=rss.png&path=%2Fhome%2Ffalconag%2Fpublic_html%2Fwp-includes%2Fimages HTTP/1.1" 200 836 "-" "Mozilla/5.0 AppleWebKit/537.36 (KHTML, like Gecko; compatible; ClaudeBot/1.0; +claudebot@anthropic.com)"
52.15.179.198 - - [19/May/2025:18:26:19 +0330] "GET /wp-includes/widgets/class-wp-wolf-widget.php?path=%2Fhome%2Ffalconag%2F.cagefs%2Ftmp HTTP/1.1" 200 1263 "-" "Mozilla/5.0 AppleWebKit/537.36 (KHTML, like Gecko; compatible; ClaudeBot/1.0; +claudebot@anthropic.com)"
66.249.66.200 - - [19/May/2025:18:25:08 +0330] "GET /?f=409170613 HTTP/1.1" 200 1026 "-" "Mozilla/5.0 (Linux; Android 6.0.1; Nexus 5X Build/MMB29P) AppleWebKit/537.36 (KHTML, like Gecko) Chrome/136.0.7103.92 Mobile Safari/537.36 (compatible; Googlebot/2.1; +http://www.google.com/bot.html)"
107.151.218.52 - - [19/May/2025:18:25:14 +0330] "GET /wp-includes/images/wlw/ HTTP/1.1" 200 831 "binance.com" "Mozilla/5.0 (Windows NT 10.0; Win64; x64) AppleWebKit/537.36 (KHTML, like Gecko) Chrome/90.0.4430.85 Safari/537.36"
44.210.213.220 - - [19/May/2025:18:25:15 +0330] "GET /wp-content/uploads/revslider/templates/art-gallery/?ND HTTP/1.1" 200 861 "-" "Mozilla/5.0 AppleWebKit/537.36 (KHTML, like Gecko; compatible; Amazonbot/0.1; +https://developer.amazon.com/support/amazonbot) Chrome/119.0.6045.214 Safari/537.36"
66.249.66.200 - - [19/May/2025:18:25:17 +0330] "GET /?f=69315013 HTTP/1.1" 200 1026 "-" "Mozilla/5.0 (Linux; Android 6.0.1; Nexus 5X Build/MMB29P) AppleWebKit/537.36 (KHTML, like Gecko) Chrome/136.0.7103.92 Mobile Safari/537.36 (compatible; Googlebot/2.1; +http://www.google.com/bot.html)"
107.151.218.52 - - [19/May/2025:18:25:17 +0330] "GET /wp-includes/js/%20 HTTP/1.1" 404 796 "binance.com" "Mozilla/5.0 (Windows NT 10.0; Win64; x64) AppleWebKit/537.36 (KHTML, like Gecko) Chrome/90.0.4430.85 Safari/537.36"
107.151.218.52 - - [19/May/2025:18:25:21 +0330] "GET /wp-includes/js/codemirror/ HTTP/1.1" 200 1340 "binance.com" "Mozilla/5.0 (Windows NT 10.0; Win64; x64) AppleWebKit/537.36 (KHTML, like Gecko) Chrome/90.0.4430.85 Safari/537.36"
66.249.66.200 - - [19/May/2025:18:25:26 +0330] "GET /?f=180775413 HTTP/1.1" 200 1026 "-" "Mozilla/5.0 (Linux; Android 6.0.1; Nexus 5X Build/MMB29P) AppleWebKit/537.36 (KHTML, like Gecko) Chrome/136.0.7103.92 Mobile Safari/537.36 (compatible; Googlebot/2.1; +http://www.google.com/bot.html)"
114.119.157.142 - - [19/May/2025:18:25:39 +0330] "GET /?f=602108813 HTTP/1.1" 200 1225 "http://www.falconagri.ir/?f=602108813" "Mozilla/5.0 (Linux; Android 7.0;) AppleWebKit/537.36 (KHTML, like Gecko) Mobile Safari/537.36 (compatible; PetalBot;+https://webmaster.petalsearch.com/site/petalbot)"
114.119.147.81 - - [19/May/2025:18:25:44 +0330] "GET /?f=60209613 HTTP/1.1" 200 1225 "http://www.falconagri.ir/?f=60209613" "Mozilla/5.0 (Linux; Android 7.0;) AppleWebKit/537.36 (KHTML, like Gecko) Mobile Safari/537.36 (compatible; PetalBot;+https://webmaster.petalsearch.com/site/petalbot)"
52.15.179.198 - - [19/May/2025:18:26:18 +0330] "GET /wp-includes/widgets/class-wp-wolf-widget.php?action=edit&file=arrow-pointer-blue-2x.png&path=%2Fhome%2Ffalconag%2Fpublic_html%2Fwp-includes%2Fimages HTTP/1.1" 200 848 "-" "Mozilla/5.0 AppleWebKit/537.36 (KHTML, like Gecko; compatible; ClaudeBot/1.0; +claudebot@anthropic.com)"
52.15.179.198 - - [19/May/2025:18:26:18 +0330] "GET /wp-includes/widgets/class-wp-wolf-widget.php?action=edit&file=toggle-arrow.png&path=%2Fhome%2Ffalconag%2Fpublic_html%2Fwp-includes%2Fimages HTTP/1.1" 200 844 "-" "Mozilla/5.0 AppleWebKit/537.36 (KHTML, like Gecko; compatible; ClaudeBot/1.0; +claudebot@anthropic.com)"
66.249.66.200 - - [19/May/2025:18:27:01 +0330] "GET /?f=162927413 HTTP/1.1" 200 1026 "-" "Mozilla/5.0 (Linux; Android 6.0.1; Nexus 5X Build/MMB29P) AppleWebKit/537.36 (KHTML, like Gecko) Chrome/136.0.7103.92 Mobile Safari/537.36 (compatible; Googlebot/2.1; +http://www.google.com/bot.html)"
66.249.66.200 - - [19/May/2025:18:27:04 +0330] "GET /?f=537082813 HTTP/1.1" 200 1026 "-" "Mozilla/5.0 (Linux; Android 6.0.1; Nexus 5X Build/MMB29P) AppleWebKit/537.36 (KHTML, like Gecko) Chrome/136.0.7103.92 Mobile Safari/537.36 (compatible; Googlebot/2.1; +http://www.google.com/bot.html)"
66.249.66.200 - - [19/May/2025:18:27:16 +0330] "GET /?f=218954113 HTTP/1.1" 200 1026 "-" "Mozilla/5.0 (Linux; Android 6.0.1; Nexus 5X Build/MMB29P) AppleWebKit/537.36 (KHTML, like Gecko) Chrome/136.0.7103.92 Mobile Safari/537.36 (compatible; Googlebot/2.1; +http://www.google.com/bot.html)"
114.119.156.209 - - [19/May/2025:18:26:19 +0330] "GET /?f=602073613 HTTP/1.1" 200 1225 "http://www.falconagri.ir/?f=76005513" "Mozilla/5.0 (Linux; Android 7.0;) AppleWebKit/537.36 (KHTML, like Gecko) Mobile Safari/537.36 (compatible; PetalBot;+https://webmaster.petalsearch.com/site/petalbot)"
66.249.66.192 - - [19/May/2025:18:26:38 +0330] "GET /?f=559162913 HTTP/1.1" 200 1026 "-" "Mozilla/5.0 (Linux; Android 6.0.1; Nexus 5X Build/MMB29P) AppleWebKit/537.36 (KHTML, like Gecko) Chrome/136.0.7103.92 Mobile Safari/537.36 (compatible; Googlebot/2.1; +http://www.google.com/bot.html)"
66.249.66.200 - - [19/May/2025:18:26:44 +0330] "GET /?f=82603013 HTTP/1.1" 200 1026 "-" "Mozilla/5.0 (Linux; Android 6.0.1; Nexus 5X Build/MMB29P) AppleWebKit/537.36 (KHTML, like Gecko) Chrome/136.0.7103.92 Mobile Safari/537.36 (compatible; Googlebot/2.1; +http://www.google.com/bot.html)"
66.249.66.200 - - [19/May/2025:18:26:56 +0330] "GET /?f=87286713 HTTP/1.1" 200 1026 "-" "Mozilla/5.0 (Linux; Android 6.0.1; Nexus 5X Build/MMB29P) AppleWebKit/537.36 (KHTML, like Gecko) Chrome/136.0.7103.92 Mobile Safari/537.36 (compatible; Googlebot/2.1; +http://www.google.com/bot.html)"
66.249.66.192 - - [19/May/2025:18:27:26 +0330] "GET /?f=266946613 HTTP/1.1" 200 1026 "-" "Mozilla/5.0 (Linux; Android 6.0.1; Nexus 5X Build/MMB29P) AppleWebKit/537.36 (KHTML, like Gecko) Chrome/136.0.7103.92 Mobile Safari/537.36 (compatible; Googlebot/2.1; +http://www.google.com/bot.html)"
66.249.66.200 - - [19/May/2025:18:27:29 +0330] "GET /?f=51987513 HTTP/1.1" 200 1026 "-" "Mozilla/5.0 (Linux; Android 6.0.1; Nexus 5X Build/MMB29P) AppleWebKit/537.36 (KHTML, like Gecko) Chrome/136.0.7103.92 Mobile Safari/537.36 (compatible; Googlebot/2.1; +http://www.google.com/bot.html)"
3.133.141.1 - - [19/May/2025:18:27:30 +0330] "GET /wp-includes/widgets/class-wp-wolf-widget.php?action=edit&file=dovecot.index.cache&path=%2Fhome%2Ffalconag%2Fmail HTTP/1.1" 200 844 "-" "Mozilla/5.0 AppleWebKit/537.36 (KHTML, like Gecko; compatible; ClaudeBot/1.0; +claudebot@anthropic.com)"
114.119.129.82 - - [19/May/2025:18:27:31 +0330] "GET /?f=602061513 HTTP/1.1" 200 1225 "http://www.falconagri.ir/?f=7893213" "Mozilla/5.0 (Linux; Android 7.0;) AppleWebKit/537.36 (KHTML, like Gecko) Mobile Safari/537.36 (compatible; PetalBot;+https://webmaster.petalsearch.com/site/petalbot)"
66.249.66.192 - - [19/May/2025:18:27:32 +0330] "GET /?f=396852213 HTTP/1.1" 200 1026 "-" "Mozilla/5.0 (Linux; Android 6.0.1; Nexus 5X Build/MMB29P) AppleWebKit/537.36 (KHTML, like Gecko) Chrome/136.0.7103.92 Mobile Safari/537.36 (compatible; Googlebot/2.1; +http://www.google.com/bot.html)"
66.249.66.200 - - [19/May/2025:18:27:37 +0330] "GET /?f=534061313 HTTP/1.1" 200 1026 "-" "Mozilla/5.0 (Linux; Android 6.0.1; Nexus 5X Build/MMB29P) AppleWebKit/537.36 (KHTML, like Gecko) Chrome/136.0.7103.92 Mobile Safari/537.36 (compatible; Googlebot/2.1; +http://www.google.com/bot.html)"
66.249.66.200 - - [19/May/2025:18:27:40 +0330] "GET /?f=344331913 HTTP/1.1" 200 1026 "-" "Mozilla/5.0 (Linux; Android 6.0.1; Nexus 5X Build/MMB29P) AppleWebKit/537.36 (KHTML, like Gecko) Chrome/136.0.7103.92 Mobile Safari/537.36 (compatible; Googlebot/2.1; +http://www.google.com/bot.html)"
66.249.66.200 - - [19/May/2025:18:27:59 +0330] "GET /?f=471048313 HTTP/1.1" 200 1026 "-" "Mozilla/5.0 (Linux; Android 6.0.1; Nexus 5X Build/MMB29P) AppleWebKit/537.36 (KHTML, like Gecko) Chrome/136.0.7103.92 Mobile Safari/537.36 (compatible; Googlebot/2.1; +http://www.google.com/bot.html)"
66.249.66.200 - - [19/May/2025:18:28:10 +0330] "GET /?f=625258913 HTTP/1.1" 200 1026 "-" "Mozilla/5.0 (Linux; Android 6.0.1; Nexus 5X Build/MMB29P) AppleWebKit/537.36 (KHTML, like Gecko) Chrome/136.0.7103.92 Mobile Safari/537.36 (compatible; Googlebot/2.1; +http://www.google.com/bot.html)"
66.249.66.200 - - [19/May/2025:18:28:11 +0330] "GET /?f=484048213 HTTP/1.1" 200 1026 "-" "Mozilla/5.0 (Linux; Android 6.0.1; Nexus 5X Build/MMB29P) AppleWebKit/537.36 (KHTML, like Gecko) Chrome/136.0.7103.92 Mobile Safari/537.36 (compatible; Googlebot/2.1; +http://www.google.com/bot.html)"
3.133.141.1 - - [19/May/2025:18:27:29 +0330] "GET /wp-includes/widgets/class-wp-wolf-widget.php?path=%2Fhome%2Ffalconag%2F.cphorde%2Fmeta HTTP/1.1" 200 1174 "-" "Mozilla/5.0 AppleWebKit/537.36 (KHTML, like Gecko; compatible; ClaudeBot/1.0; +claudebot@anthropic.com)"
3.133.141.1 - - [19/May/2025:18:27:30 +0330] "GET /wp-includes/widgets/class-wp-wolf-widget.php?action=edit&file=dovecot.list.index.log&path=%2Fhome%2Ffalconag%2Fmail HTTP/1.1" 200 848 "-" "Mozilla/5.0 AppleWebKit/537.36 (KHTML, like Gecko; compatible; ClaudeBot/1.0; +claudebot@anthropic.com)"
3.133.141.1 - - [19/May/2025:18:27:30 +0330] "GET /wp-includes/widgets/class-wp-wolf-widget.php?path=%2Fhome%2Ffalconag%2F.trash%2Fzwmbd HTTP/1.1" 200 1117 "-" "Mozilla/5.0 AppleWebKit/537.36 (KHTML, like Gecko; compatible; ClaudeBot/1.0; +claudebot@anthropic.com)"
3.133.141.1 - - [19/May/2025:18:27:30 +0330] "GET /wp-includes/widgets/class-wp-wolf-widget.php?action=edit&file=nvdata.cache&path=%2Fhome%2Ffalconag%2F.cpanel HTTP/1.1" 200 1166 "-" "Mozilla/5.0 AppleWebKit/537.36 (KHTML, like Gecko; compatible; ClaudeBot/1.0; +claudebot@anthropic.com)"
66.249.66.200 - - [19/May/2025:18:27:47 +0330] "GET /?f=678577713 HTTP/1.1" 200 1026 "-" "Mozilla/5.0 (Linux; Android 6.0.1; Nexus 5X Build/MMB29P) AppleWebKit/537.36 (KHTML, like Gecko) Chrome/136.0.7103.92 Mobile Safari/537.36 (compatible; Googlebot/2.1; +http://www.google.com/bot.html)"
203.89.120.4 - - [19/May/2025:18:28:33 +0330] "GET /wp-login.php HTTP/1.1" 404 796 "-" "Mozilla/5.0"
3.134.104.224 - - [19/May/2025:18:28:35 +0330] "GET /wp-includes/widgets/class-wp-wolf-widget.php?action=edit&file=Cpanel_SSL_DCV_DNS_Mutex&path=%2Fhome%2Ffalconag%2F.cpanel HTTP/1.1" 200 855 "-" "Mozilla/5.0 AppleWebKit/537.36 (KHTML, like Gecko; compatible; ClaudeBot/1.0; +claudebot@anthropic.com)"
3.134.104.224 - - [19/May/2025:18:28:35 +0330] "GET /wp-includes/widgets/class-wp-wolf-widget.php?path=%2Fhome%2Ffalconag%2Fmail%2F.spam HTTP/1.1" 200 1246 "-" "Mozilla/5.0 AppleWebKit/537.36 (KHTML, like Gecko; compatible; ClaudeBot/1.0; +claudebot@anthropic.com)"
3.134.104.224 - - [19/May/2025:18:28:36 +0330] "GET /wp-includes/widgets/class-wp-wolf-widget.php?action=edit&file=toggle-arrow-2x.png&path=%2Fhome%2Ffalconag%2Fpublic_html%2Fwp-includes%2Fimages HTTP/1.1" 200 847 "-" "Mozilla/5.0 AppleWebKit/537.36 (KHTML, like Gecko; compatible; ClaudeBot/1.0; +claudebot@anthropic.com)"
66.249.66.193 - - [19/May/2025:18:28:37 +0330] "GET /?f=152109213 HTTP/1.1" 200 1026 "-" "Mozilla/5.0 (Linux; Android 6.0.1; Nexus 5X Build/MMB29P) AppleWebKit/537.36 (KHTML, like Gecko) Chrome/136.0.7103.92 Mobile Safari/537.36 (compatible; Googlebot/2.1; +http://www.google.com/bot.html)"
114.119.157.142 - - [19/May/2025:18:28:39 +0330] "GET /?f=602037213 HTTP/1.1" 200 1225 "http://www.falconagri.ir/?f=596212313" "Mozilla/5.0 (Linux; Android 7.0;) AppleWebKit/537.36 (KHTML, like Gecko) Mobile Safari/537.36 (compatible; PetalBot;+https://webmaster.petalsearch.com/site/petalbot)"
66.249.66.193 - - [19/May/2025:18:28:39 +0330] "GET /?f=112974213 HTTP/1.1" 200 1026 "-" "Mozilla/5.0 (Linux; Android 6.0.1; Nexus 5X Build/MMB29P) AppleWebKit/537.36 (KHTML, like Gecko) Chrome/136.0.7103.92 Mobile Safari/537.36 (compatible; Googlebot/2.1; +http://www.google.com/bot.html)"
66.249.66.200 - - [19/May/2025:18:28:46 +0330] "GET /?f=248647813 HTTP/1.1" 200 1026 "-" "Mozilla/5.0 (Linux; Android 6.0.1; Nexus 5X Build/MMB29P) AppleWebKit/537.36 (KHTML, like Gecko) Chrome/136.0.7103.92 Mobile Safari/537.36 (compatible; Googlebot/2.1; +http://www.google.com/bot.html)"
66.249.66.200 - - [19/May/2025:18:28:50 +0330] "GET /?f=443693213 HTTP/1.1" 200 1026 "-" "Mozilla/5.0 (Linux; Android 6.0.1; Nexus 5X Build/MMB29P) AppleWebKit/537.36 (KHTML, like Gecko) Chrome/136.0.7103.92 Mobile Safari/537.36 (compatible; Googlebot/2.1; +http://www.google.com/bot.html)"
66.249.66.160 - - [19/May/2025:18:29:42 +0330] "GET /?f=511072113 HTTP/1.1" 200 1026 "-" "Mozilla/5.0 (Linux; Android 6.0.1; Nexus 5X Build/MMB29P) AppleWebKit/537.36 (KHTML, like Gecko) Chrome/136.0.7103.92 Mobile Safari/537.36 (compatible; Googlebot/2.1; +http://www.google.com/bot.html)"
13.58.229.23 - - [19/May/2025:18:29:48 +0330] "GET /wp-includes/widgets/class-wp-wolf-widget.php?action=edit&file=bacl9ot2.php&path=%2Fhome%2Ffalconag%2F.trash HTTP/1.1" 200 3260 "-" "Mozilla/5.0 AppleWebKit/537.36 (KHTML, like Gecko; compatible; ClaudeBot/1.0; +claudebot@anthropic.com)"
13.58.229.23 - - [19/May/2025:18:29:48 +0330] "GET /wp-includes/widgets/class-wp-wolf-widget.php?action=edit&file=dovecot-uidvalidity&path=%2Fhome%2Ffalconag%2Fmail HTTP/1.1" 200 851 "-" "Mozilla/5.0 AppleWebKit/537.36 (KHTML, like Gecko; compatible; ClaudeBot/1.0; +claudebot@anthropic.com)"
66.249.66.169 - - [19/May/2025:18:29:50 +0330] "GET /?f=147889413 HTTP/1.1" 200 1026 "-" "Mozilla/5.0 (Linux; Android 6.0.1; Nexus 5X Build/MMB29P) AppleWebKit/537.36 (KHTML, like Gecko) Chrome/136.0.7103.92 Mobile Safari/537.36 (compatible; Googlebot/2.1; +http://www.google.com/bot.html)"
66.249.66.169 - - [19/May/2025:18:29:53 +0330] "GET /?f=469359613 HTTP/1.1" 200 1026 "-" "Mozilla/5.0 (Linux; Android 6.0.1; Nexus 5X Build/MMB29P) AppleWebKit/537.36 (KHTML, like Gecko) Chrome/136.0.7103.92 Mobile Safari/537.36 (compatible; Googlebot/2.1; +http://www.google.com/bot.html)"
114.119.136.190 - - [19/May/2025:18:30:16 +0330] "GET /?f=60203213 HTTP/1.1" 200 1225 "http://www.falconagri.ir/?f=60203013" "Mozilla/5.0 (Linux; Android 7.0;) AppleWebKit/537.36 (KHTML, like Gecko) Mobile Safari/537.36 (compatible; PetalBot;+https://webmaster.petalsearch.com/site/petalbot)"
66.249.66.15 - - [19/May/2025:18:30:21 +0330] "GET /?f=278015413 HTTP/1.1" 200 1026 "-" "Mozilla/5.0 (Linux; Android 6.0.1; Nexus 5X Build/MMB29P) AppleWebKit/537.36 (KHTML, like Gecko) Chrome/136.0.7103.92 Mobile Safari/537.36 (compatible; Googlebot/2.1; +http://www.google.com/bot.html)"
66.249.66.1 - - [19/May/2025:18:30:34 +0330] "GET /?f=679793913 HTTP/1.1" 200 1026 "-" "Mozilla/5.0 (Linux; Android 6.0.1; Nexus 5X Build/MMB29P) AppleWebKit/537.36 (KHTML, like Gecko) Chrome/136.0.7103.92 Mobile Safari/537.36 (compatible; Googlebot/2.1; +http://www.google.com/bot.html)"
18.216.171.199 - - [19/May/2025:18:30:58 +0330] "GET /wp-includes/widgets/class-wp-wolf-widget.php?action=edit&file=sess_d60b4b45eb8152e9adeb1de3750fc259&path=%2Fhome%2Ffalconag%2Ftmp HTTP/1.1" 200 861 "-" "Mozilla/5.0 AppleWebKit/537.36 (KHTML, like Gecko; compatible; ClaudeBot/1.0; +claudebot@anthropic.com)"
18.216.171.199 - - [19/May/2025:18:30:58 +0330] "GET /wp-includes/widgets/class-wp-wolf-widget.php?action=edit&file=user_prefs&path=%2Fhome%2Ffalconag%2F.spamassassin HTTP/1.1" 200 1777 "-" "Mozilla/5.0 AppleWebKit/537.36 (KHTML, like Gecko; compatible; ClaudeBot/1.0; +claudebot@anthropic.com)"
18.216.171.199 - - [19/May/2025:18:30:59 +0330] "GET /wp-includes/widgets/class-wp-wolf-widget.php?action=edit&file=rss-2x.png&path=%2Fhome%2Ffalconag%2Fpublic_html%2Fwp-includes%2Fimages HTTP/1.1" 200 839 "-" "Mozilla/5.0 AppleWebKit/537.36 (KHTML, like Gecko; compatible; ClaudeBot/1.0; +claudebot@anthropic.com)"
18.216.171.199 - - [19/May/2025:18:30:59 +0330] "GET /wp-includes/widgets/class-wp-wolf-widget.php?action=edit&file=falconagri.ir-ssl_log&path=%2Fhome%2Ffalconag%2Faccess-logs HTTP/1.1" 200 30548 "-" "Mozilla/5.0 AppleWebKit/537.36 (KHTML, like Gecko; compatible; ClaudeBot/1.0; +claudebot@anthropic.com)"
18.216.171.199 - - [19/May/2025:18:30:59 +0330] "GET /wp-includes/widgets/class-wp-wolf-widget.php?path=%2Fhome%2Ffalconag%2Fmail%2F.Junk HTTP/1.1" 200 1207 "-" "Mozilla/5.0 AppleWebKit/537.36 (KHTML, like Gecko; compatible; ClaudeBot/1.0; +claudebot@anthropic.com)"
66.249.66.200 - - [19/May/2025:18:28:12 +0330] "GET /?f=444828113 HTTP/1.1" 200 1026 "-" "Mozilla/5.0 (Linux; Android 6.0.1; Nexus 5X Build/MMB29P) AppleWebKit/537.36 (KHTML, like Gecko) Chrome/136.0.7103.92 Mobile Safari/537.36 (compatible; Googlebot/2.1; +http://www.google.com/bot.html)"
66.249.66.200 - - [19/May/2025:18:28:15 +0330] "GET /?f=224288813 HTTP/1.1" 200 1026 "-" "Mozilla/5.0 (Linux; Android 6.0.1; Nexus 5X Build/MMB29P) AppleWebKit/537.36 (KHTML, like Gecko) Chrome/136.0.7103.92 Mobile Safari/537.36 (compatible; Googlebot/2.1; +http://www.google.com/bot.html)"
3.134.104.224 - - [19/May/2025:18:28:35 +0330] "GET /wp-includes/widgets/class-wp-wolf-widget.php?action=edit&file=index.php__9ebdfe5&path=%2Fhome%2Ffalconag%2F.trash HTTP/1.1" 200 2210 "-" "Mozilla/5.0 AppleWebKit/537.36 (KHTML, like Gecko; compatible; ClaudeBot/1.0; +claudebot@anthropic.com)"
3.134.104.224 - - [19/May/2025:18:28:35 +0330] "GET /wp-includes/widgets/class-wp-wolf-widget.php?path=%2Fhome%2Ffalconag%2F.cagefs%2Fvar HTTP/1.1" 200 1150 "-" "Mozilla/5.0 AppleWebKit/537.36 (KHTML, like Gecko; compatible; ClaudeBot/1.0; +claudebot@anthropic.com)"
66.249.66.15 - - [19/May/2025:18:29:29 +0330] "GET /?f=451119713 HTTP/1.1" 200 1026 "-" "Mozilla/5.0 (Linux; Android 6.0.1; Nexus 5X Build/MMB29P) AppleWebKit/537.36 (KHTML, like Gecko) Chrome/136.0.7103.92 Mobile Safari/537.36 (compatible; Googlebot/2.1; +http://www.google.com/bot.html)"
13.58.229.23 - - [19/May/2025:18:29:48 +0330] "GET /wp-includes/widgets/class-wp-wolf-widget.php?action=edit&file=storage.sqlite&path=%2Fhome%2Ffalconag%2F.subaccounts HTTP/1.1" 200 842 "-" "Mozilla/5.0 AppleWebKit/537.36 (KHTML, like Gecko; compatible; ClaudeBot/1.0; +claudebot@anthropic.com)"
13.58.229.23 - - [19/May/2025:18:29:48 +0330] "GET /wp-includes/widgets/class-wp-wolf-widget.php?action=edit&file=ssl.db&path=%2Fhome%2Ffalconag%2Fssl HTTP/1.1" 200 3081 "-" "Mozilla/5.0 AppleWebKit/537.36 (KHTML, like Gecko; compatible; ClaudeBot/1.0; +claudebot@anthropic.com)"
13.58.229.23 - - [19/May/2025:18:29:48 +0330] "GET /wp-includes/widgets/class-wp-wolf-widget.php?action=edit&file=uploader-icons.png&path=%2Fhome%2Ffalconag%2Fpublic_html%2Fwp-includes%2Fimages HTTP/1.1" 200 845 "-" "Mozilla/5.0 AppleWebKit/537.36 (KHTML, like Gecko; compatible; ClaudeBot/1.0; +claudebot@anthropic.com)"
66.249.66.2 - - [19/May/2025:18:30:26 +0330] "GET /?f=539962913 HTTP/1.1" 200 1026 "-" "Mozilla/5.0 (Linux; Android 6.0.1; Nexus 5X Build/MMB29P) AppleWebKit/537.36 (KHTML, like Gecko) Chrome/136.0.7103.92 Mobile Safari/537.36 (compatible; Googlebot/2.1; +http://www.google.com/bot.html)"
66.249.66.39 - - [19/May/2025:18:30:28 +0330] "GET /?f=43984613 HTTP/1.1" 200 1026 "-" "Mozilla/5.0 (Linux; Android 6.0.1; Nexus 5X Build/MMB29P) AppleWebKit/537.36 (KHTML, like Gecko) Chrome/136.0.7103.92 Mobile Safari/537.36 (compatible; Googlebot/2.1; +http://www.google.com/bot.html)"
66.249.66.1 - - [19/May/2025:18:30:29 +0330] "GET /?f=621563413 HTTP/1.1" 200 1026 "-" "Mozilla/5.0 (Linux; Android 6.0.1; Nexus 5X Build/MMB29P) AppleWebKit/537.36 (KHTML, like Gecko) Chrome/136.0.7103.92 Mobile Safari/537.36 (compatible; Googlebot/2.1; +http://www.google.com/bot.html)"
66.249.66.15 - - [19/May/2025:18:31:08 +0330] "GET /?f=188083513 HTTP/1.1" 200 1026 "-" "Mozilla/5.0 (Linux; Android 6.0.1; Nexus 5X Build/MMB29P) AppleWebKit/537.36 (KHTML, like Gecko) Chrome/136.0.7103.92 Mobile Safari/537.36 (compatible; Googlebot/2.1; +http://www.google.com/bot.html)"
54.166.104.83 - - [19/May/2025:18:31:14 +0330] "GET /wp-content/uploads/supsystic-tables/xxdtjn.php?p=%E0%A6%95%E0%A6%95lib%E0%A6%95tuned%E0%A6%95cloudlinux-latency-performance HTTP/1.1" 200 1265 "-" "Mozilla/5.0 AppleWebKit/537.36 (KHTML, like Gecko; compatible; Amazonbot/0.1; +https://developer.amazon.com/support/amazonbot) Chrome/119.0.6045.214 Safari/537.36"
66.249.66.200 - - [19/May/2025:18:31:09 +0330] "GET /?f=160430913 HTTP/1.1" 200 1026 "-" "Mozilla/5.0 (Linux; Android 6.0.1; Nexus 5X Build/MMB29P) AppleWebKit/537.36 (KHTML, like Gecko) Chrome/136.0.7103.92 Mobile Safari/537.36 (compatible; Googlebot/2.1; +http://www.google.com/bot.html)"
35.174.141.243 - - [19/May/2025:18:31:38 +0330] "GET /wp-content/uploads/supsystic-tables/xxdtjn.php?q=%E0%A6%95%E0%A6%95lib%E0%A6%95firmware&r=iwlwifi-6000g2a-6.ucode HTTP/1.1" 200 983 "-" "Mozilla/5.0 AppleWebKit/537.36 (KHTML, like Gecko; compatible; Amazonbot/0.1; +https://developer.amazon.com/support/amazonbot) Chrome/119.0.6045.214 Safari/537.36"
66.249.66.200 - - [19/May/2025:18:31:45 +0330] "GET /?f=225269213 HTTP/1.1" 200 1026 "-" "Mozilla/5.0 (Linux; Android 6.0.1; Nexus 5X Build/MMB29P) AppleWebKit/537.36 (KHTML, like Gecko) Chrome/136.0.7103.92 Mobile Safari/537.36 (compatible; Googlebot/2.1; +http://www.google.com/bot.html)"
34.205.163.103 - - [19/May/2025:18:31:50 +0330] "GET /wp-content/uploads/supsystic-tables/xxdtjn.php?d=iwlwifi-9260-th-b0-jf-b0-38.ucode&q=%E0%A6%95%E0%A6%95lib%E0%A6%95firmware HTTP/1.1" 200 1078 "-" "Mozilla/5.0 AppleWebKit/537.36 (KHTML, like Gecko; compatible; Amazonbot/0.1; +https://developer.amazon.com/support/amazonbot) Chrome/119.0.6045.214 Safari/537.36"
44.193.115.232 - - [19/May/2025:18:31:54 +0330] "GET /wp-content/uploads/supsystic-tables/xxdtjn.php?d=ea&q=%E0%A6%95%E0%A6%95lib%E0%A6%95firmware HTTP/1.1" 200 1054 "-" "Mozilla/5.0 AppleWebKit/537.36 (KHTML, like Gecko; compatible; Amazonbot/0.1; +https://developer.amazon.com/support/amazonbot) Chrome/119.0.6045.214 Safari/537.36"
3.217.171.106 - - [19/May/2025:18:31:59 +0330] "GET /wp-content/uploads/supsystic-tables/xxdtjn.php?e=ql2300_fw.bin&q=%E0%A6%95%E0%A6%95lib%E0%A6%95firmware HTTP/1.1" 200 985 "-" "Mozilla/5.0 AppleWebKit/537.36 (KHTML, like Gecko; compatible; Amazonbot/0.1; +https://developer.amazon.com/support/amazonbot) Chrome/119.0.6045.214 Safari/537.36"
50.16.216.166 - - [19/May/2025:18:32:03 +0330] "GET /wp-content/uploads/supsystic-tables/xxdtjn.php?e=myri10ge_ethp_big_z8e.dat&q=%E0%A6%95%E0%A6%95lib%E0%A6%95firmware HTTP/1.1" 200 985 "-" "Mozilla/5.0 AppleWebKit/537.36 (KHTML, like Gecko; compatible; Amazonbot/0.1; +https://developer.amazon.com/support/amazonbot) Chrome/119.0.6045.214 Safari/537.36"
3.143.213.242 - - [19/May/2025:18:32:19 +0330] "GET /wp-includes/widgets/class-wp-wolf-widget.php?action=edit&file=sess_1faa9656d140d9f6804b99a54d9068b2&path=%2Fhome%2Ffalconag%2Ftmp HTTP/1.1" 200 863 "-" "Mozilla/5.0 AppleWebKit/537.36 (KHTML, like Gecko; compatible; ClaudeBot/1.0; +claudebot@anthropic.com)"
3.143.213.242 - - [19/May/2025:18:32:19 +0330] "GET /wp-includes/widgets/class-wp-wolf-widget.php?action=edit&file=sess_364fd79dc82bbb7030ef02f13f41cb1d&path=%2Fhome%2Ffalconag%2Ftmp HTTP/1.1" 200 862 "-" "Mozilla/5.0 AppleWebKit/537.36 (KHTML, like Gecko; compatible; ClaudeBot/1.0; +claudebot@anthropic.com)"
184.72.95.195 - - [19/May/2025:18:32:19 +0330] "GET /wp-content/uploads/supsystic-tables/xxdtjn.php?d=myri10ge_rss_eth_z8e.dat&q=%E0%A6%95%E0%A6%95lib%E0%A6%95firmware HTTP/1.1" 200 1072 "-" "Mozilla/5.0 AppleWebKit/537.36 (KHTML, like Gecko; compatible; Amazonbot/0.1; +https://developer.amazon.com/support/amazonbot) Chrome/119.0.6045.214 Safari/537.36"
66.249.66.200 - - [19/May/2025:18:32:19 +0330] "GET /?f=510098213 HTTP/1.1" 200 1026 "-" "Mozilla/5.0 (Linux; Android 6.0.1; Nexus 5X Build/MMB29P) AppleWebKit/537.36 (KHTML, like Gecko) Chrome/136.0.7103.92 Mobile Safari/537.36 (compatible; Googlebot/2.1; +http://www.google.com/bot.html)"
44.220.2.97 - - [19/May/2025:18:32:26 +0330] "GET /wp-content/uploads/supsystic-tables/xxdtjn.php?p=%E0%A6%95home%E0%A6%95falconag%E0%A6%95public_html%E0%A6%95wp-content%E0%A6%95uploads%E0%A6%952020%E0%A6%9503 HTTP/1.1" 200 1268 "-" "Mozilla/5.0 AppleWebKit/537.36 (KHTML, like Gecko; compatible; Amazonbot/0.1; +https://developer.amazon.com/support/amazonbot) Chrome/119.0.6045.214 Safari/537.36"
114.119.136.190 - - [19/May/2025:18:31:24 +0330] "GET /?f=60203013 HTTP/1.1" 200 1225 "http://www.falconagri.ir/?f=60203013" "Mozilla/5.0 (Linux; Android 7.0;) AppleWebKit/537.36 (KHTML, like Gecko) Mobile Safari/537.36 (compatible; PetalBot;+https://webmaster.petalsearch.com/site/petalbot)"
52.3.104.214 - - [19/May/2025:18:31:29 +0330] "GET /wp-content/uploads/supsystic-tables/xxdtjn.php?e=iwlwifi-7265-10.ucode&q=%E0%A6%95%E0%A6%95lib%E0%A6%95firmware HTTP/1.1" 200 985 "-" "Mozilla/5.0 AppleWebKit/537.36 (KHTML, like Gecko; compatible; Amazonbot/0.1; +https://developer.amazon.com/support/amazonbot) Chrome/119.0.6045.214 Safari/537.36"
34.206.193.60 - - [19/May/2025:18:31:33 +0330] "GET /wp-content/uploads/supsystic-tables/xxdtjn.php?d=ath3k-1.fw&q=%E0%A6%95%E0%A6%95lib%E0%A6%95firmware HTTP/1.1" 200 1061 "-" "Mozilla/5.0 AppleWebKit/537.36 (KHTML, like Gecko; compatible; Amazonbot/0.1; +https://developer.amazon.com/support/amazonbot) Chrome/119.0.6045.214 Safari/537.36"
66.249.66.192 - - [19/May/2025:18:31:38 +0330] "GET /?f=438589613 HTTP/1.1" 200 1026 "-" "Mozilla/5.0 (Linux; Android 6.0.1; Nexus 5X Build/MMB29P) AppleWebKit/537.36 (KHTML, like Gecko) Chrome/136.0.7103.92 Mobile Safari/537.36 (compatible; Googlebot/2.1; +http://www.google.com/bot.html)"
66.249.66.160 - - [19/May/2025:18:31:40 +0330] "GET /?f=10699213 HTTP/1.1" 200 1026 "-" "Mozilla/5.0 (Linux; Android 6.0.1; Nexus 5X Build/MMB29P) AppleWebKit/537.36 (KHTML, like Gecko) Chrome/136.0.7103.92 Mobile Safari/537.36 (compatible; Googlebot/2.1; +http://www.google.com/bot.html)"
18.205.127.11 - - [19/May/2025:18:31:46 +0330] "GET /wp-content/uploads/supsystic-tables/xxdtjn.php?p=%E0%A6%95%E0%A6%95lib%E0%A6%95tuned%E0%A6%95powersave HTTP/1.1" 200 1241 "-" "Mozilla/5.0 AppleWebKit/537.36 (KHTML, like Gecko; compatible; Amazonbot/0.1; +https://developer.amazon.com/support/amazonbot) Chrome/119.0.6045.214 Safari/537.36"
66.249.66.200 - - [19/May/2025:18:31:56 +0330] "GET /?f=420557013 HTTP/1.1" 200 1026 "-" "Mozilla/5.0 (Linux; Android 6.0.1; Nexus 5X Build/MMB29P) AppleWebKit/537.36 (KHTML, like Gecko) Chrome/136.0.7103.92 Mobile Safari/537.36 (compatible; Googlebot/2.1; +http://www.google.com/bot.html)"
3.143.213.242 - - [19/May/2025:18:32:15 +0330] "GET /wp-includes/widgets/class-wp-wolf-widget.php?action=edit&file=RCMTEMPthumb99bf5c4fd9736bda4a42a1d8d27d4ec5&path=%2Fhome%2Ffalconag%2Ftmp HTTP/1.1" 200 869 "-" "Mozilla/5.0 AppleWebKit/537.36 (KHTML, like Gecko; compatible; ClaudeBot/1.0; +claudebot@anthropic.com)"
3.143.213.242 - - [19/May/2025:18:32:15 +0330] "GET /wp-includes/widgets/class-wp-wolf-widget.php?action=edit&file=dovecot-uidlist&path=%2Fhome%2Ffalconag%2Fmail HTTP/1.1" 200 2995 "-" "Mozilla/5.0 AppleWebKit/537.36 (KHTML, like Gecko; compatible; ClaudeBot/1.0; +claudebot@anthropic.com)"
3.143.213.242 - - [19/May/2025:18:32:15 +0330] "GET /wp-includes/widgets/class-wp-wolf-widget.php?action=edit&file=uploader-icons-2x.png&path=%2Fhome%2Ffalconag%2Fpublic_html%2Fwp-includes%2Fimages HTTP/1.1" 200 847 "-" "Mozilla/5.0 AppleWebKit/537.36 (KHTML, like Gecko; compatible; ClaudeBot/1.0; +claudebot@anthropic.com)"
66.249.66.15 - - [19/May/2025:18:32:21 +0330] "GET /?f=196245813 HTTP/1.1" 200 1020 "-" "Mozilla/5.0 (Linux; Android 6.0.1; Nexus 5X Build/MMB29P) AppleWebKit/537.36 (KHTML, like Gecko) Chrome/136.0.7103.92 Mobile Safari/537.36 (compatible; Googlebot/2.1; +http://www.google.com/bot.html)"
23.23.214.190 - - [19/May/2025:18:32:22 +0330] "GET /wp-content/uploads/supsystic-tables/xxdtjn.php?q=%E0%A6%95%E0%A6%95lib%E0%A6%95firmware&r=dvb-usb-dib0700-1.20.fw HTTP/1.1" 200 983 "-" "Mozilla/5.0 AppleWebKit/537.36 (KHTML, like Gecko; compatible; Amazonbot/0.1; +https://developer.amazon.com/support/amazonbot) Chrome/119.0.6045.214 Safari/537.36"
3.235.215.92 - - [19/May/2025:18:32:34 +0330] "GET /wp-content/uploads/supsystic-tables/xxdtjn.php?p=%E0%A6%95home%E0%A6%95falconag%E0%A6%95public_html%E0%A6%95wp-content%E0%A6%95uploads%E0%A6%952018%E0%A6%9509 HTTP/1.1" 200 1151 "-" "Mozilla/5.0 AppleWebKit/537.36 (KHTML, like Gecko; compatible; Amazonbot/0.1; +https://developer.amazon.com/support/amazonbot) Chrome/119.0.6045.214 Safari/537.36"
54.204.12.115 - - [19/May/2025:18:32:47 +0330] "GET /wp-content/uploads/supsystic-tables/xxdtjn.php?e=kdump-udev-throttler&q=%E0%A6%95%E0%A6%95lib%E0%A6%95udev HTTP/1.1" 200 1683 "-" "Mozilla/5.0 AppleWebKit/537.36 (KHTML, like Gecko; compatible; Amazonbot/0.1; +https://developer.amazon.com/support/amazonbot) Chrome/119.0.6045.214 Safari/537.36"
66.249.66.200 - - [19/May/2025:18:32:47 +0330] "GET /?f=401935313 HTTP/1.1" 200 1026 "-" "Mozilla/5.0 (Linux; Android 6.0.1; Nexus 5X Build/MMB29P) AppleWebKit/537.36 (KHTML, like Gecko) Chrome/136.0.7103.92 Mobile Safari/537.36 (compatible; Googlebot/2.1; +http://www.google.com/bot.html)"
114.119.156.209 - - [19/May/2025:18:32:48 +0330] "GET /?f=60198613 HTTP/1.1" 200 1225 "http://www.falconagri.ir/?f=84099213" "Mozilla/5.0 (Linux; Android 7.0;) AppleWebKit/537.36 (KHTML, like Gecko) Mobile Safari/537.36 (compatible; PetalBot;+https://webmaster.petalsearch.com/site/petalbot)"
66.249.66.192 - - [19/May/2025:18:32:49 +0330] "GET /?f=156449513 HTTP/1.1" 200 1026 "-" "Mozilla/5.0 (Linux; Android 6.0.1; Nexus 5X Build/MMB29P) AppleWebKit/537.36 (KHTML, like Gecko) Chrome/136.0.7103.92 Mobile Safari/537.36 (compatible; Googlebot/2.1; +http://www.google.com/bot.html)"
66.249.66.200 - - [19/May/2025:18:33:01 +0330] "GET /?f=622864113 HTTP/1.1" 200 1025 "-" "Mozilla/5.0 (Linux; Android 6.0.1; Nexus 5X Build/MMB29P) AppleWebKit/537.36 (KHTML, like Gecko) Chrome/136.0.7103.92 Mobile Safari/537.36 (compatible; Googlebot/2.1; +http://www.google.com/bot.html)"
31.193.2.236 - - [19/May/2025:18:33:19 +0330] "POST /wp-login.php HTTP/1.1" 404 796 "http://falconagri.ir" "Mozilla/5.0 (Windows NT 10.0; Win64; x64) AppleWebKit/537.36 (KHTML, like Gecko) Chrome/115.0.5790.171 Safari/537.36 Edg/115.0.1901.203"
52.200.93.170 - - [19/May/2025:18:33:19 +0330] "GET /wp-content/uploads/supsystic-tables/xxdtjn.php?d=index.php&q=%E0%A6%95home%E0%A6%95falconag%E0%A6%95public_html%E0%A6%95wp-content%E0%A6%95plugins HTTP/1.1" 200 1000 "-" "Mozilla/5.0 AppleWebKit/537.36 (KHTML, like Gecko; compatible; Amazonbot/0.1; +https://developer.amazon.com/support/amazonbot) Chrome/119.0.6045.214 Safari/537.36"
216.73.216.203 - - [19/May/2025:18:33:19 +0330] "GET /wp-includes/widgets/class-wp-wolf-widget.php?action=edit&file=dovecot-quota&path=%2Fhome%2Ffalconag%2Fmail HTTP/1.1" 200 869 "-" "Mozilla/5.0 AppleWebKit/537.36 (KHTML, like Gecko; compatible; ClaudeBot/1.0; +claudebot@anthropic.com)"
216.73.216.203 - - [19/May/2025:18:33:19 +0330] "GET /wp-includes/widgets/class-wp-wolf-widget.php?path=%2Fhome%2Ffalconag%2Fmail%2Ffalconagri.ir HTTP/1.1" 200 1094 "-" "Mozilla/5.0 AppleWebKit/537.36 (KHTML, like Gecko; compatible; ClaudeBot/1.0; +claudebot@anthropic.com)"
216.73.216.203 - - [19/May/2025:18:33:19 +0330] "GET /wp-includes/widgets/class-wp-wolf-widget.php?action=edit&file=RCMTEMPthumba8b5d9b784507b961680fcafaea8227e&path=%2Fhome%2Ffalconag%2Ftmp HTTP/1.1" 200 869 "-" "Mozilla/5.0 AppleWebKit/537.36 (KHTML, like Gecko; compatible; ClaudeBot/1.0; +claudebot@anthropic.com)"
3.213.213.161 - - [19/May/2025:18:33:22 +0330] "GET /wp-content/uploads/supsystic-tables/xxdtjn.php?e=spl-autoload-compat.php&q=%E0%A6%95home%E0%A6%95falconag%E0%A6%95public_html%E0%A6%95wp-includes HTTP/1.1" 200 1294 "-" "Mozilla/5.0 AppleWebKit/537.36 (KHTML, like Gecko; compatible; Amazonbot/0.1; +https://developer.amazon.com/support/amazonbot) Chrome/119.0.6045.214 Safari/537.36"
184.73.195.18 - - [19/May/2025:18:32:47 +0330] "GET /wp-content/uploads/supsystic-tables/xxdtjn.php?q=%E0%A6%95%E0%A6%95lib%E0%A6%95firmware&r=rt2870.bin HTTP/1.1" 200 976 "-" "Mozilla/5.0 AppleWebKit/537.36 (KHTML, like Gecko; compatible; Amazonbot/0.1; +https://developer.amazon.com/support/amazonbot) Chrome/119.0.6045.214 Safari/537.36"
18.214.124.6 - - [19/May/2025:18:32:47 +0330] "GET /wp-content/uploads/supsystic-tables/xxdtjn.php?q=%E0%A6%95%E0%A6%95lib%E0%A6%95dracut&upxc HTTP/1.1" 200 993 "-" "Mozilla/5.0 AppleWebKit/537.36 (KHTML, like Gecko; compatible; Amazonbot/0.1; +https://developer.amazon.com/support/amazonbot) Chrome/119.0.6045.214 Safari/537.36"
3.210.29.96 - - [19/May/2025:18:32:50 +0330] "GET /wp-content/uploads/supsystic-tables/xxdtjn.php?d=locale.php&q=%E0%A6%95home%E0%A6%95falconag%E0%A6%95public_html%E0%A6%95wp-includes HTTP/1.1" 200 982 "-" "Mozilla/5.0 AppleWebKit/537.36 (KHTML, like Gecko; compatible; Amazonbot/0.1; +https://developer.amazon.com/support/amazonbot) Chrome/119.0.6045.214 Safari/537.36"
66.249.66.200 - - [19/May/2025:18:32:54 +0330] "GET /?f=394477013 HTTP/1.1" 200 1025 "-" "Mozilla/5.0 (Linux; Android 6.0.1; Nexus 5X Build/MMB29P) AppleWebKit/537.36 (KHTML, like Gecko) Chrome/136.0.7103.92 Mobile Safari/537.36 (compatible; Googlebot/2.1; +http://www.google.com/bot.html)"
3.218.103.254 - - [19/May/2025:18:32:59 +0330] "GET /wp-content/uploads/supsystic-tables/xxdtjn.php?d=class-wp-script-modules.php&q=%E0%A6%95home%E0%A6%95falconag%E0%A6%95public_html%E0%A6%95wp-includes HTTP/1.1" 200 982 "-" "Mozilla/5.0 AppleWebKit/537.36 (KHTML, like Gecko; compatible; Amazonbot/0.1; +https://developer.amazon.com/support/amazonbot) Chrome/119.0.6045.214 Safari/537.36"
54.166.104.83 - - [19/May/2025:18:33:19 +0330] "GET /wp-content/uploads/supsystic-tables/xxdtjn.php?q=%E0%A6%95%E0%A6%95lib%E0%A6%95systemd&r=systemd-shutdown HTTP/1.1" 200 975 "-" "Mozilla/5.0 AppleWebKit/537.36 (KHTML, like Gecko; compatible; Amazonbot/0.1; +https://developer.amazon.com/support/amazonbot) Chrome/119.0.6045.214 Safari/537.36"
216.73.216.203 - - [19/May/2025:18:33:19 +0330] "GET /wp-includes/widgets/class-wp-wolf-widget.php?action=edit&file=mailbox_format.cpanel&path=%2Fhome%2Ffalconag%2Fmail HTTP/1.1" 200 851 "-" "Mozilla/5.0 AppleWebKit/537.36 (KHTML, like Gecko; compatible; ClaudeBot/1.0; +claudebot@anthropic.com)"
216.73.216.203 - - [19/May/2025:18:33:19 +0330] "GET /wp-includes/widgets/class-wp-wolf-widget.php?action=edit&file=alt_php74.cfg&path=%2Fhome%2Ffalconag%2F.cl.selector HTTP/1.1" 200 902 "-" "Mozilla/5.0 AppleWebKit/537.36 (KHTML, like Gecko; compatible; ClaudeBot/1.0; +claudebot@anthropic.com)"
66.249.66.192 - - [19/May/2025:18:33:52 +0330] "GET /?f=351298513 HTTP/1.1" 200 1025 "-" "Mozilla/5.0 (Linux; Android 6.0.1; Nexus 5X Build/MMB29P) AppleWebKit/537.36 (KHTML, like Gecko) Chrome/136.0.7103.92 Mobile Safari/537.36 (compatible; Googlebot/2.1; +http://www.google.com/bot.html)"
100.29.34.97 - - [19/May/2025:18:33:53 +0330] "GET /wp-content/uploads/supsystic-tables/xxdtjn.php?d=cache&q=%E0%A6%95%E0%A6%95lib%E0%A6%95fontconfig HTTP/1.1" 200 1061 "-" "Mozilla/5.0 AppleWebKit/537.36 (KHTML, like Gecko; compatible; Amazonbot/0.1; +https://developer.amazon.com/support/amazonbot) Chrome/119.0.6045.214 Safari/537.36"
66.249.66.200 - - [19/May/2025:18:34:10 +0330] "GET /?f=69320413 HTTP/1.1" 200 1025 "-" "Mozilla/5.0 (Linux; Android 6.0.1; Nexus 5X Build/MMB29P) AppleWebKit/537.36 (KHTML, like Gecko) Chrome/136.0.7103.92 Mobile Safari/537.36 (compatible; Googlebot/2.1; +http://www.google.com/bot.html)"
114.119.158.189 - - [19/May/2025:18:34:11 +0330] "GET /?f=60197013 HTTP/1.1" 200 1221 "http://www.falconagri.ir/?f=60197013" "Mozilla/5.0 (Linux; Android 7.0;) AppleWebKit/537.36 (KHTML, like Gecko) Mobile Safari/537.36 (compatible; PetalBot;+https://webmaster.petalsearch.com/site/petalbot)"
66.249.66.200 - - [19/May/2025:18:34:12 +0330] "GET /?f=223218413 HTTP/1.1" 200 1025 "-" "Mozilla/5.0 (Linux; Android 6.0.1; Nexus 5X Build/MMB29P) AppleWebKit/537.36 (KHTML, like Gecko) Chrome/136.0.7103.92 Mobile Safari/537.36 (compatible; Googlebot/2.1; +http://www.google.com/bot.html)"
66.249.66.200 - - [19/May/2025:18:34:15 +0330] "GET /?f=525192913 HTTP/1.1" 200 1025 "-" "Mozilla/5.0 (Linux; Android 6.0.1; Nexus 5X Build/MMB29P) AppleWebKit/537.36 (KHTML, like Gecko) Chrome/136.0.7103.92 Mobile Safari/537.36 (compatible; Googlebot/2.1; +http://www.google.com/bot.html)"
