44.210.204.255 - - [19/May/2025:18:13:59 +0330] "GET /wp-content/uploads/supsystic-tables/xxdtjn.php?q=%E0%A6%95%E0%A6%95lib%E0%A6%95firmware&r=s2250_loader.fw HTTP/1.1" 200 977 "-" "Mozilla/5.0 AppleWebKit/537.36 (KHTML, like Gecko; compatible; Amazonbot/0.1; +https://developer.amazon.com/support/amazonbot) Chrome/119.0.6045.214 Safari/537.36"
66.249.66.15 - - [19/May/2025:18:14:00 +0330] "GET /?f=617379613 HTTP/1.1" 200 1026 "-" "Mozilla/5.0 (Linux; Android 6.0.1; Nexus 5X Build/MMB29P) AppleWebKit/537.36 (KHTML, like Gecko) Chrome/136.0.7103.92 Mobile Safari/537.36 (compatible; Googlebot/2.1; +http://www.google.com/bot.html)"
216.244.66.239 - - [19/May/2025:18:14:06 +0330] "GET /?f=369280613 HTTP/1.1" 200 3187 "-" "Mozilla/5.0 (compatible; DotBot/1.2; +https://opensiteexplorer.org/dotbot; help@moz.com)"
216.244.66.239 - - [19/May/2025:18:14:30 +0330] "GET /?f=412632713 HTTP/1.1" 200 3187 "-" "Mozilla/5.0 (compatible; DotBot/1.2; +https://opensiteexplorer.org/dotbot; help@moz.com)"
216.244.66.239 - - [19/May/2025:18:14:52 +0330] "GET /?f=43379813 HTTP/1.1" 200 3187 "-" "Mozilla/5.0 (compatible; DotBot/1.2; +https://opensiteexplorer.org/dotbot; help@moz.com)"
66.249.66.37 - - [19/May/2025:18:15:00 +0330] "GET /?f=257790013 HTTP/1.1" 200 1026 "-" "Mozilla/5.0 (Linux; Android 6.0.1; Nexus 5X Build/MMB29P) AppleWebKit/537.36 (KHTML, like Gecko) Chrome/136.0.7103.92 Mobile Safari/537.36 (compatible; Googlebot/2.1; +http://www.google.com/bot.html)"
3.141.153.197 - - [19/May/2025:18:15:15 +0330] "GET /wp-includes/widgets/class-wp-wolf-widget.php?action=edit&file=xit-2x.gif&path=%2Fhome%2Ffalconag%2Fpublic_html%2Fwp-includes%2Fimages HTTP/1.1" 200 840 "-" "Mozilla/5.0 AppleWebKit/537.36 (KHTML, like Gecko; compatible; ClaudeBot/1.0; +claudebot@anthropic.com)"
3.141.153.197 - - [19/May/2025:18:15:15 +0330] "GET /wp-includes/widgets/class-wp-wolf-widget.php?path=%2Fhome%2Ffalconag%2Flscache%2F9 HTTP/1.1" 200 1167 "-" "Mozilla/5.0 AppleWebKit/537.36 (KHTML, like Gecko; compatible; ClaudeBot/1.0; +claudebot@anthropic.com)"
216.244.66.239 - - [19/May/2025:18:15:15 +0330] "GET /?f=455659013 HTTP/1.1" 200 3187 "-" "Mozilla/5.0 (compatible; DotBot/1.2; +https://opensiteexplorer.org/dotbot; help@moz.com)"
66.249.66.39 - - [19/May/2025:18:15:26 +0330] "GET /?f=409002613 HTTP/1.1" 200 1027 "-" "Mozilla/5.0 (Linux; Android 6.0.1; Nexus 5X Build/MMB29P) AppleWebKit/537.36 (KHTML, like Gecko) Chrome/136.0.7103.92 Mobile Safari/537.36 (compatible; Googlebot/2.1; +http://www.google.com/bot.html)"
3.141.153.197 - - [19/May/2025:18:15:15 +0330] "GET /wp-includes/widgets/class-wp-wolf-widget.php?path=%2Fhome%2Ffalconag%2Flscache%2F2 HTTP/1.1" 200 1167 "-" "Mozilla/5.0 AppleWebKit/537.36 (KHTML, like Gecko; compatible; ClaudeBot/1.0; +claudebot@anthropic.com)"
66.249.66.200 - - [19/May/2025:18:15:15 +0330] "GET /?f=77073913 HTTP/1.1" 200 1027 "-" "Mozilla/5.0 (Linux; Android 6.0.1; Nexus 5X Build/MMB29P) AppleWebKit/537.36 (KHTML, like Gecko) Chrome/136.0.7103.92 Mobile Safari/537.36 (compatible; Googlebot/2.1; +http://www.google.com/bot.html)"
3.141.153.197 - - [19/May/2025:18:15:15 +0330] "GET /wp-includes/widgets/class-wp-wolf-widget.php?path=%2Fhome%2Ffalconag%2Flscache%2Fe HTTP/1.1" 200 1166 "-" "Mozilla/5.0 AppleWebKit/537.36 (KHTML, like Gecko; compatible; ClaudeBot/1.0; +claudebot@anthropic.com)"
3.141.153.197 - - [19/May/2025:18:15:15 +0330] "GET /wp-includes/widgets/class-wp-wolf-widget.php?action=edit&file=icon-pointer-flag.png&path=%2Fhome%2Ffalconag%2Fpublic_html%2Fwp-includes%2Fimages HTTP/1.1" 200 847 "-" "Mozilla/5.0 AppleWebKit/537.36 (KHTML, like Gecko; compatible; ClaudeBot/1.0; +claudebot@anthropic.com)"
66.249.66.15 - - [19/May/2025:18:15:21 +0330] "GET /?f=662049413 HTTP/1.1" 200 1027 "-" "Mozilla/5.0 (Linux; Android 6.0.1; Nexus 5X Build/MMB29P) AppleWebKit/537.36 (KHTML, like Gecko) Chrome/136.0.7103.92 Mobile Safari/537.36 (compatible; Googlebot/2.1; +http://www.google.com/bot.html)"
66.249.66.78 - - [19/May/2025:18:15:28 +0330] "GET /?f=645882213 HTTP/1.1" 200 1027 "-" "Mozilla/5.0 (Linux; Android 6.0.1; Nexus 5X Build/MMB29P) AppleWebKit/537.36 (KHTML, like Gecko) Chrome/136.0.7103.92 Mobile Safari/537.36 (compatible; Googlebot/2.1; +http://www.google.com/bot.html)"
100.29.155.89 - - [19/May/2025:18:15:31 +0330] "GET /wp-content/uploads/supsystic-tables/xxdtjn.php?d=pluggable.php&q=%E0%A6%95home%E0%A6%95falconag%E0%A6%95public_html%E0%A6%95wp-includes HTTP/1.1" 200 982 "-" "Mozilla/5.0 AppleWebKit/537.36 (KHTML, like Gecko; compatible; Amazonbot/0.1; +https://developer.amazon.com/support/amazonbot) Chrome/119.0.6045.214 Safari/537.36"
216.244.66.239 - - [19/May/2025:18:15:36 +0330] "GET /?f=466117913 HTTP/1.1" 200 3187 "-" "Mozilla/5.0 (compatible; DotBot/1.2; +https://opensiteexplorer.org/dotbot; help@moz.com)"
3.90.73.206 - - [19/May/2025:18:15:39 +0330] "GET /wp-content/uploads/supsystic-tables/xxdtjn.php?d=class-wp-post-type.php&q=%E0%A6%95home%E0%A6%95falconag%E0%A6%95public_html%E0%A6%95wp-includes HTTP/1.1" 200 982 "-" "Mozilla/5.0 AppleWebKit/537.36 (KHTML, like Gecko; compatible; Amazonbot/0.1; +https://developer.amazon.com/support/amazonbot) Chrome/119.0.6045.214 Safari/537.36"
66.249.66.160 - - [19/May/2025:18:15:48 +0330] "GET /?f=367850513 HTTP/1.1" 200 1027 "-" "Mozilla/5.0 (Linux; Android 6.0.1; Nexus 5X Build/MMB29P) AppleWebKit/537.36 (KHTML, like Gecko) Chrome/136.0.7103.92 Mobile Safari/537.36 (compatible; Googlebot/2.1; +http://www.google.com/bot.html)"
66.249.66.169 - - [19/May/2025:18:15:54 +0330] "GET /?f=117955113 HTTP/1.1" 200 1027 "-" "Mozilla/5.0 (Linux; Android 6.0.1; Nexus 5X Build/MMB29P) AppleWebKit/537.36 (KHTML, like Gecko) Chrome/136.0.7103.92 Mobile Safari/537.36 (compatible; Googlebot/2.1; +http://www.google.com/bot.html)"
66.249.66.169 - - [19/May/2025:18:15:55 +0330] "GET /?f=48814013 HTTP/1.1" 200 1027 "-" "Mozilla/5.0 (Linux; Android 6.0.1; Nexus 5X Build/MMB29P) AppleWebKit/537.36 (KHTML, like Gecko) Chrome/136.0.7103.92 Mobile Safari/537.36 (compatible; Googlebot/2.1; +http://www.google.com/bot.html)"
66.249.66.1 - - [19/May/2025:18:16:06 +0330] "GET /?f=470347813 HTTP/1.1" 200 1022 "-" "Mozilla/5.0 (Linux; Android 6.0.1; Nexus 5X Build/MMB29P) AppleWebKit/537.36 (KHTML, like Gecko) Chrome/136.0.7103.92 Mobile Safari/537.36 (compatible; Googlebot/2.1; +http://www.google.com/bot.html)"
66.249.66.161 - - [19/May/2025:18:15:30 +0330] "GET /?f=345303413 HTTP/1.1" 200 1027 "-" "Mozilla/5.0 (Linux; Android 6.0.1; Nexus 5X Build/MMB29P) AppleWebKit/537.36 (KHTML, like Gecko) Chrome/136.0.7103.92 Mobile Safari/537.36 (compatible; Googlebot/2.1; +http://www.google.com/bot.html)"
216.244.66.239 - - [19/May/2025:18:15:57 +0330] "GET /?f=477719713 HTTP/1.1" 200 3187 "-" "Mozilla/5.0 (compatible; DotBot/1.2; +https://opensiteexplorer.org/dotbot; help@moz.com)"
66.249.66.15 - - [19/May/2025:18:16:03 +0330] "GET /?f=214965413 HTTP/1.1" 200 1027 "-" "Mozilla/5.0 (Linux; Android 6.0.1; Nexus 5X Build/MMB29P) AppleWebKit/537.36 (KHTML, like Gecko) Chrome/136.0.7103.92 Mobile Safari/537.36 (compatible; Googlebot/2.1; +http://www.google.com/bot.html)"
66.249.66.37 - - [19/May/2025:18:16:06 +0330] "GET /?f=455730713 HTTP/1.1" 200 1027 "-" "Mozilla/5.0 (Linux; Android 6.0.1; Nexus 5X Build/MMB29P) AppleWebKit/537.36 (KHTML, like Gecko) Chrome/136.0.7103.92 Mobile Safari/537.36 (compatible; Googlebot/2.1; +http://www.google.com/bot.html)"
66.249.66.169 - - [19/May/2025:18:16:08 +0330] "GET /?f=567291313 HTTP/1.1" 200 1027 "-" "Mozilla/5.0 (Linux; Android 6.0.1; Nexus 5X Build/MMB29P) AppleWebKit/537.36 (KHTML, like Gecko) Chrome/136.0.7103.92 Mobile Safari/537.36 (compatible; Googlebot/2.1; +http://www.google.com/bot.html)"
66.249.66.15 - - [19/May/2025:18:16:09 +0330] "GET /?f=348425913 HTTP/1.1" 200 1027 "-" "Mozilla/5.0 (Linux; Android 6.0.1; Nexus 5X Build/MMB29P) AppleWebKit/537.36 (KHTML, like Gecko) Chrome/136.0.7103.92 Mobile Safari/537.36 (compatible; Googlebot/2.1; +http://www.google.com/bot.html)"
66.249.66.37 - - [19/May/2025:18:16:12 +0330] "GET /?f=406145613 HTTP/1.1" 200 1027 "-" "Mozilla/5.0 (Linux; Android 6.0.1; Nexus 5X Build/MMB29P) AppleWebKit/537.36 (KHTML, like Gecko) Chrome/136.0.7103.92 Mobile Safari/537.36 (compatible; Googlebot/2.1; +http://www.google.com/bot.html)"
66.249.66.15 - - [19/May/2025:18:16:15 +0330] "GET /?f=586782413 HTTP/1.1" 200 1027 "-" "Mozilla/5.0 (Linux; Android 6.0.1; Nexus 5X Build/MMB29P) AppleWebKit/537.36 (KHTML, like Gecko) Chrome/136.0.7103.92 Mobile Safari/537.36 (compatible; Googlebot/2.1; +http://www.google.com/bot.html)"
216.244.66.239 - - [19/May/2025:18:16:15 +0330] "GET /?f=522129513 HTTP/1.1" 200 3187 "-" "Mozilla/5.0 (compatible; DotBot/1.2; +https://opensiteexplorer.org/dotbot; help@moz.com)"
66.249.66.15 - - [19/May/2025:18:16:20 +0330] "GET /?f=206780813 HTTP/1.1" 200 1027 "-" "Mozilla/5.0 (Linux; Android 6.0.1; Nexus 5X Build/MMB29P) AppleWebKit/537.36 (KHTML, like Gecko) Chrome/136.0.7103.92 Mobile Safari/537.36 (compatible; Googlebot/2.1; +http://www.google.com/bot.html)"
98.82.59.253 - - [19/May/2025:18:16:27 +0330] "GET /wp-content/uploads/supsystic-tables/xxdtjn.php?d=user&q=%E0%A6%95%E0%A6%95lib%E0%A6%95systemd HTTP/1.1" 200 1053 "-" "Mozilla/5.0 AppleWebKit/537.36 (KHTML, like Gecko; compatible; Amazonbot/0.1; +https://developer.amazon.com/support/amazonbot) Chrome/119.0.6045.214 Safari/537.36"
66.249.66.15 - - [19/May/2025:18:16:30 +0330] "GET /?f=425018013 HTTP/1.1" 200 1027 "-" "Mozilla/5.0 (Linux; Android 6.0.1; Nexus 5X Build/MMB29P) AppleWebKit/537.36 (KHTML, like Gecko) Chrome/136.0.7103.92 Mobile Safari/537.36 (compatible; Googlebot/2.1; +http://www.google.com/bot.html)"
66.249.66.192 - - [19/May/2025:18:16:41 +0330] "GET /?f=372060313 HTTP/1.1" 200 1027 "-" "Mozilla/5.0 (Linux; Android 6.0.1; Nexus 5X Build/MMB29P) AppleWebKit/537.36 (KHTML, like Gecko) Chrome/136.0.7103.92 Mobile Safari/537.36 (compatible; Googlebot/2.1; +http://www.google.com/bot.html)"
216.244.66.239 - - [19/May/2025:18:16:51 +0330] "GET /?f=538319013 HTTP/1.1" 200 3187 "-" "Mozilla/5.0 (compatible; DotBot/1.2; +https://opensiteexplorer.org/dotbot; help@moz.com)"
66.249.66.2 - - [19/May/2025:18:16:08 +0330] "GET /?f=431942913 HTTP/1.1" 200 1022 "-" "Mozilla/5.0 (Linux; Android 6.0.1; Nexus 5X Build/MMB29P) AppleWebKit/537.36 (KHTML, like Gecko) Chrome/136.0.7103.92 Mobile Safari/537.36 (compatible; Googlebot/2.1; +http://www.google.com/bot.html)"
66.249.66.37 - - [19/May/2025:18:16:20 +0330] "GET /?f=96563813 HTTP/1.1" 200 1027 "-" "Mozilla/5.0 (Linux; Android 6.0.1; Nexus 5X Build/MMB29P) AppleWebKit/537.36 (KHTML, like Gecko) Chrome/136.0.7103.92 Mobile Safari/537.36 (compatible; Googlebot/2.1; +http://www.google.com/bot.html)"
66.249.66.2 - - [19/May/2025:18:16:28 +0330] "GET /?f=449053513 HTTP/1.1" 200 1027 "-" "Mozilla/5.0 (Linux; Android 6.0.1; Nexus 5X Build/MMB29P) AppleWebKit/537.36 (KHTML, like Gecko) Chrome/136.0.7103.92 Mobile Safari/537.36 (compatible; Googlebot/2.1; +http://www.google.com/bot.html)"
66.249.66.1 - - [19/May/2025:18:16:30 +0330] "GET /?f=371494913 HTTP/1.1" 200 1027 "-" "Mozilla/5.0 (Linux; Android 6.0.1; Nexus 5X Build/MMB29P) AppleWebKit/537.36 (KHTML, like Gecko) Chrome/136.0.7103.92 Mobile Safari/537.36 (compatible; Googlebot/2.1; +http://www.google.com/bot.html)"
52.204.37.237 - - [19/May/2025:18:16:30 +0330] "GET /wp-content/uploads/supsystic-tables/xxdtjn.php?q=%E0%A6%95%E0%A6%95lib%E0%A6%95udev&r=v4l_id HTTP/1.1" 200 969 "-" "Mozilla/5.0 AppleWebKit/537.36 (KHTML, like Gecko; compatible; Amazonbot/0.1; +https://developer.amazon.com/support/amazonbot) Chrome/119.0.6045.214 Safari/537.36"
66.249.66.1 - - [19/May/2025:18:16:31 +0330] "GET /?f=566374613 HTTP/1.1" 200 1027 "-" "Mozilla/5.0 (Linux; Android 6.0.1; Nexus 5X Build/MMB29P) AppleWebKit/537.36 (KHTML, like Gecko) Chrome/136.0.7103.92 Mobile Safari/537.36 (compatible; Googlebot/2.1; +http://www.google.com/bot.html)"
216.244.66.239 - - [19/May/2025:18:16:33 +0330] "GET /?f=529305213 HTTP/1.1" 200 3187 "-" "Mozilla/5.0 (compatible; DotBot/1.2; +https://opensiteexplorer.org/dotbot; help@moz.com)"
66.249.66.15 - - [19/May/2025:18:16:39 +0330] "GET /?f=460358613 HTTP/1.1" 200 1027 "-" "Mozilla/5.0 (Linux; Android 6.0.1; Nexus 5X Build/MMB29P) AppleWebKit/537.36 (KHTML, like Gecko) Chrome/136.0.7103.92 Mobile Safari/537.36 (compatible; Googlebot/2.1; +http://www.google.com/bot.html)"
66.249.66.169 - - [19/May/2025:18:16:44 +0330] "GET /?f=471761513 HTTP/1.1" 200 1027 "-" "Mozilla/5.0 (Linux; Android 6.0.1; Nexus 5X Build/MMB29P) AppleWebKit/537.36 (KHTML, like Gecko) Chrome/136.0.7103.92 Mobile Safari/537.36 (compatible; Googlebot/2.1; +http://www.google.com/bot.html)"
66.249.66.15 - - [19/May/2025:18:16:45 +0330] "GET /?f=612486313 HTTP/1.1" 200 1027 "-" "Mozilla/5.0 (Linux; Android 6.0.1; Nexus 5X Build/MMB29P) AppleWebKit/537.36 (KHTML, like Gecko) Chrome/136.0.7103.92 Mobile Safari/537.36 (compatible; Googlebot/2.1; +http://www.google.com/bot.html)"
66.249.66.15 - - [19/May/2025:18:16:47 +0330] "GET /?f=372695513 HTTP/1.1" 200 1027 "-" "Mozilla/5.0 (Linux; Android 6.0.1; Nexus 5X Build/MMB29P) AppleWebKit/537.36 (KHTML, like Gecko) Chrome/136.0.7103.92 Mobile Safari/537.36 (compatible; Googlebot/2.1; +http://www.google.com/bot.html)"
66.249.66.37 - - [19/May/2025:18:16:48 +0330] "GET /?f=198136313 HTTP/1.1" 200 1027 "-" "Mozilla/5.0 (Linux; Android 6.0.1; Nexus 5X Build/MMB29P) AppleWebKit/537.36 (KHTML, like Gecko) Chrome/136.0.7103.92 Mobile Safari/537.36 (compatible; Googlebot/2.1; +http://www.google.com/bot.html)"
66.249.66.200 - - [19/May/2025:18:16:50 +0330] "GET /?f=609757313 HTTP/1.1" 200 1027 "-" "Mozilla/5.0 (Linux; Android 6.0.1; Nexus 5X Build/MMB29P) AppleWebKit/537.36 (KHTML, like Gecko) Chrome/136.0.7103.92 Mobile Safari/537.36 (compatible; Googlebot/2.1; +http://www.google.com/bot.html)"
66.249.66.200 - - [19/May/2025:18:16:54 +0330] "GET /?f=361835413 HTTP/1.1" 200 1027 "-" "Mozilla/5.0 (Linux; Android 6.0.1; Nexus 5X Build/MMB29P) AppleWebKit/537.36 (KHTML, like Gecko) Chrome/136.0.7103.92 Mobile Safari/537.36 (compatible; Googlebot/2.1; +http://www.google.com/bot.html)"
66.249.66.15 - - [19/May/2025:18:17:04 +0330] "GET /?f=310072813 HTTP/1.1" 200 1028 "-" "Mozilla/5.0 (Linux; Android 6.0.1; Nexus 5X Build/MMB29P) AppleWebKit/537.36 (KHTML, like Gecko) Chrome/136.0.7103.92 Mobile Safari/537.36 (compatible; Googlebot/2.1; +http://www.google.com/bot.html)"
66.249.66.15 - - [19/May/2025:18:17:04 +0330] "GET /?f=436405213 HTTP/1.1" 200 1028 "-" "Mozilla/5.0 (Linux; Android 6.0.1; Nexus 5X Build/MMB29P) AppleWebKit/537.36 (KHTML, like Gecko) Chrome/136.0.7103.92 Mobile Safari/537.36 (compatible; Googlebot/2.1; +http://www.google.com/bot.html)"
66.249.66.37 - - [19/May/2025:18:17:08 +0330] "GET /?f=590201113 HTTP/1.1" 200 1028 "-" "Mozilla/5.0 (Linux; Android 6.0.1; Nexus 5X Build/MMB29P) AppleWebKit/537.36 (KHTML, like Gecko) Chrome/136.0.7103.92 Mobile Safari/537.36 (compatible; Googlebot/2.1; +http://www.google.com/bot.html)"
66.249.66.15 - - [19/May/2025:18:17:13 +0330] "GET /?f=270044913 HTTP/1.1" 200 1028 "-" "Mozilla/5.0 (Linux; Android 6.0.1; Nexus 5X Build/MMB29P) AppleWebKit/537.36 (KHTML, like Gecko) Chrome/136.0.7103.92 Mobile Safari/537.36 (compatible; Googlebot/2.1; +http://www.google.com/bot.html)"
18.191.169.138 - - [19/May/2025:18:17:14 +0330] "GET /wp-includes/widgets/class-wp-wolf-widget.php?path=%2Fhome%2Ffalconag%2Flscache%2F3 HTTP/1.1" 200 1168 "-" "Mozilla/5.0 AppleWebKit/537.36 (KHTML, like Gecko; compatible; ClaudeBot/1.0; +claudebot@anthropic.com)"
18.191.169.138 - - [19/May/2025:18:17:15 +0330] "GET /wp-includes/widgets/class-wp-wolf-widget.php?path=%2Fhome%2Ffalconag%2Fmail%2F.mailbox_format.cpanel HTTP/1.1" 200 1225 "-" "Mozilla/5.0 AppleWebKit/537.36 (KHTML, like Gecko; compatible; ClaudeBot/1.0; +claudebot@anthropic.com)"
18.191.169.138 - - [19/May/2025:18:17:15 +0330] "GET /wp-includes/widgets/class-wp-wolf-widget.php?action=edit&file=dashicons.svg&path=%2Fhome%2Ffalconag%2Fpublic_html%2Fwp-includes%2Ffonts HTTP/1.1" 200 41940 "-" "Mozilla/5.0 AppleWebKit/537.36 (KHTML, like Gecko; compatible; ClaudeBot/1.0; +claudebot@anthropic.com)"
18.191.169.138 - - [19/May/2025:18:17:15 +0330] "GET /wp-includes/widgets/class-wp-wolf-widget.php?path=%2Fhome%2Ffalconag%2Flscache%2F8 HTTP/1.1" 200 1167 "-" "Mozilla/5.0 AppleWebKit/537.36 (KHTML, like Gecko; compatible; ClaudeBot/1.0; +claudebot@anthropic.com)"
18.191.169.138 - - [19/May/2025:18:17:15 +0330] "GET /wp-includes/widgets/class-wp-wolf-widget.php?path=%2Fhome%2Ffalconag%2Ftmp%2Fawstats HTTP/1.1" 200 1984 "-" "Mozilla/5.0 AppleWebKit/537.36 (KHTML, like Gecko; compatible; ClaudeBot/1.0; +claudebot@anthropic.com)"
216.244.66.239 - - [19/May/2025:18:17:21 +0330] "GET /?f=569562313 HTTP/1.1" 200 3187 "-" "Mozilla/5.0 (compatible; DotBot/1.2; +https://opensiteexplorer.org/dotbot; help@moz.com)"
66.249.66.169 - - [19/May/2025:18:17:23 +0330] "GET /?f=493466313 HTTP/1.1" 200 1028 "-" "Mozilla/5.0 (Linux; Android 6.0.1; Nexus 5X Build/MMB29P) AppleWebKit/537.36 (KHTML, like Gecko) Chrome/136.0.7103.92 Mobile Safari/537.36 (compatible; Googlebot/2.1; +http://www.google.com/bot.html)"
66.249.66.200 - - [19/May/2025:18:17:28 +0330] "GET /?f=422541013 HTTP/1.1" 200 1028 "-" "Mozilla/5.0 (Linux; Android 6.0.1; Nexus 5X Build/MMB29P) AppleWebKit/537.36 (KHTML, like Gecko) Chrome/136.0.7103.92 Mobile Safari/537.36 (compatible; Googlebot/2.1; +http://www.google.com/bot.html)"
216.244.66.239 - - [19/May/2025:18:17:35 +0330] "GET /?f=66406213 HTTP/1.1" 200 3187 "-" "Mozilla/5.0 (compatible; DotBot/1.2; +https://opensiteexplorer.org/dotbot; help@moz.com)"
66.249.66.15 - - [19/May/2025:18:17:38 +0330] "GET /?f=603497613 HTTP/1.1" 200 1028 "-" "Mozilla/5.0 (Linux; Android 6.0.1; Nexus 5X Build/MMB29P) AppleWebKit/537.36 (KHTML, like Gecko) Chrome/136.0.7103.92 Mobile Safari/537.36 (compatible; Googlebot/2.1; +http://www.google.com/bot.html)"
66.249.66.200 - - [19/May/2025:18:17:46 +0330] "GET /?f=625774413 HTTP/1.1" 200 1028 "-" "Mozilla/5.0 (Linux; Android 6.0.1; Nexus 5X Build/MMB29P) AppleWebKit/537.36 (KHTML, like Gecko) Chrome/136.0.7103.92 Mobile Safari/537.36 (compatible; Googlebot/2.1; +http://www.google.com/bot.html)"
3.210.223.61 - - [19/May/2025:18:16:55 +0330] "GET /wp-content/uploads/supsystic-tables/xxdtjn.php?d=options-reading.php&q=%E0%A6%95home%E0%A6%95falconag%E0%A6%95public_html%E0%A6%95wp-admin HTTP/1.1" 200 980 "-" "Mozilla/5.0 AppleWebKit/537.36 (KHTML, like Gecko; compatible; Amazonbot/0.1; +https://developer.amazon.com/support/amazonbot) Chrome/119.0.6045.214 Safari/537.36"
216.244.66.239 - - [19/May/2025:18:17:06 +0330] "GET /?f=559208013 HTTP/1.1" 200 3187 "-" "Mozilla/5.0 (compatible; DotBot/1.2; +https://opensiteexplorer.org/dotbot; help@moz.com)"
66.249.66.200 - - [19/May/2025:18:17:15 +0330] "GET /?f=649883213 HTTP/1.1" 200 1028 "-" "Mozilla/5.0 (Linux; Android 6.0.1; Nexus 5X Build/MMB29P) AppleWebKit/537.36 (KHTML, like Gecko) Chrome/136.0.7103.92 Mobile Safari/537.36 (compatible; Googlebot/2.1; +http://www.google.com/bot.html)"
66.249.66.200 - - [19/May/2025:18:17:17 +0330] "GET /?f=272014513 HTTP/1.1" 200 1028 "-" "Mozilla/5.0 (Linux; Android 6.0.1; Nexus 5X Build/MMB29P) AppleWebKit/537.36 (KHTML, like Gecko) Chrome/136.0.7103.92 Mobile Safari/537.36 (compatible; Googlebot/2.1; +http://www.google.com/bot.html)"
66.249.66.78 - - [19/May/2025:18:17:24 +0330] "GET /?f=655131013 HTTP/1.1" 200 1028 "-" "Mozilla/5.0 (Linux; Android 6.0.1; Nexus 5X Build/MMB29P) AppleWebKit/537.36 (KHTML, like Gecko) Chrome/136.0.7103.92 Mobile Safari/537.36 (compatible; Googlebot/2.1; +http://www.google.com/bot.html)"
3.221.244.28 - - [19/May/2025:18:17:26 +0330] "GET /wp-content/uploads/supsystic-tables/xxdtjn.php?q=%E0%A6%95%E0%A6%95lib%E0%A6%95tuned&r=virtual-host HTTP/1.1" 200 967 "-" "Mozilla/5.0 AppleWebKit/537.36 (KHTML, like Gecko; compatible; Amazonbot/0.1; +https://developer.amazon.com/support/amazonbot) Chrome/119.0.6045.214 Safari/537.36"
66.249.66.78 - - [19/May/2025:18:17:34 +0330] "GET /?f=67562113 HTTP/1.1" 200 1028 "-" "Mozilla/5.0 (Linux; Android 6.0.1; Nexus 5X Build/MMB29P) AppleWebKit/537.36 (KHTML, like Gecko) Chrome/136.0.7103.92 Mobile Safari/537.36 (compatible; Googlebot/2.1; +http://www.google.com/bot.html)"
66.249.66.200 - - [19/May/2025:18:17:40 +0330] "GET /?f=340245913 HTTP/1.1" 200 1028 "-" "Mozilla/5.0 (Linux; Android 6.0.1; Nexus 5X Build/MMB29P) AppleWebKit/537.36 (KHTML, like Gecko) Chrome/136.0.7103.92 Mobile Safari/537.36 (compatible; Googlebot/2.1; +http://www.google.com/bot.html)"
216.244.66.239 - - [19/May/2025:18:17:47 +0330] "GET /?f=103258613 HTTP/1.1" 200 3187 "-" "Mozilla/5.0 (compatible; DotBot/1.2; +https://opensiteexplorer.org/dotbot; help@moz.com)"
66.249.66.200 - - [19/May/2025:18:17:57 +0330] "GET /?f=183653813 HTTP/1.1" 200 1026 "-" "Mozilla/5.0 (Linux; Android 6.0.1; Nexus 5X Build/MMB29P) AppleWebKit/537.36 (KHTML, like Gecko) Chrome/136.0.7103.92 Mobile Safari/537.36 (compatible; Googlebot/2.1; +http://www.google.com/bot.html)"
66.249.66.200 - - [19/May/2025:18:18:00 +0330] "GET /?f=89920813 HTTP/1.1" 200 1026 "-" "Mozilla/5.0 (Linux; Android 6.0.1; Nexus 5X Build/MMB29P) AppleWebKit/537.36 (KHTML, like Gecko) Chrome/136.0.7103.92 Mobile Safari/537.36 (compatible; Googlebot/2.1; +http://www.google.com/bot.html)"
216.244.66.239 - - [19/May/2025:18:18:09 +0330] "GET /?f=118606213 HTTP/1.1" 200 3187 "-" "Mozilla/5.0 (compatible; DotBot/1.2; +https://opensiteexplorer.org/dotbot; help@moz.com)"
3.94.156.104 - - [19/May/2025:18:18:15 +0330] "GET /wp-content/uploads/supsystic-tables/xxdtjn.php?q=%E0%A6%95home%E0%A6%95falconag%E0%A6%95public_html%E0%A6%95wp-includes&r=class-wp-site-query.php HTTP/1.1" 200 1019 "-" "Mozilla/5.0 AppleWebKit/537.36 (KHTML, like Gecko; compatible; Amazonbot/0.1; +https://developer.amazon.com/support/amazonbot) Chrome/119.0.6045.214 Safari/537.36"
66.249.66.200 - - [19/May/2025:18:18:16 +0330] "GET /?f=251469913 HTTP/1.1" 200 1026 "-" "Mozilla/5.0 (Linux; Android 6.0.1; Nexus 5X Build/MMB29P) AppleWebKit/537.36 (KHTML, like Gecko) Chrome/136.0.7103.92 Mobile Safari/537.36 (compatible; Googlebot/2.1; +http://www.google.com/bot.html)"
66.249.66.200 - - [19/May/2025:18:17:49 +0330] "GET /?f=64717413 HTTP/1.1" 200 1028 "-" "Mozilla/5.0 (Linux; Android 6.0.1; Nexus 5X Build/MMB29P) AppleWebKit/537.36 (KHTML, like Gecko) Chrome/136.0.7103.92 Mobile Safari/537.36 (compatible; Googlebot/2.1; +http://www.google.com/bot.html)"
66.249.66.200 - - [19/May/2025:18:17:50 +0330] "GET /?f=343998213 HTTP/1.1" 200 1028 "-" "Mozilla/5.0 (Linux; Android 6.0.1; Nexus 5X Build/MMB29P) AppleWebKit/537.36 (KHTML, like Gecko) Chrome/136.0.7103.92 Mobile Safari/537.36 (compatible; Googlebot/2.1; +http://www.google.com/bot.html)"
52.204.37.237 - - [19/May/2025:18:17:51 +0330] "GET /wp-content/uploads/supsystic-tables/xxdtjn.php?d=feed-rss.php&q=%E0%A6%95home%E0%A6%95falconag%E0%A6%95public_html%E0%A6%95wp-includes HTTP/1.1" 200 982 "-" "Mozilla/5.0 AppleWebKit/537.36 (KHTML, like Gecko; compatible; Amazonbot/0.1; +https://developer.amazon.com/support/amazonbot) Chrome/119.0.6045.214 Safari/537.36"
66.249.66.200 - - [19/May/2025:18:17:52 +0330] "GET /?f=111969813 HTTP/1.1" 200 1026 "-" "Mozilla/5.0 (Linux; Android 6.0.1; Nexus 5X Build/MMB29P) AppleWebKit/537.36 (KHTML, like Gecko) Chrome/136.0.7103.92 Mobile Safari/537.36 (compatible; Googlebot/2.1; +http://www.google.com/bot.html)"
66.249.66.15 - - [19/May/2025:18:17:55 +0330] "GET /?f=204384013 HTTP/1.1" 200 1026 "-" "Mozilla/5.0 (Linux; Android 6.0.1; Nexus 5X Build/MMB29P) AppleWebKit/537.36 (KHTML, like Gecko) Chrome/136.0.7103.92 Mobile Safari/537.36 (compatible; Googlebot/2.1; +http://www.google.com/bot.html)"
216.244.66.239 - - [19/May/2025:18:17:59 +0330] "GET /?f=118582613 HTTP/1.1" 200 3187 "-" "Mozilla/5.0 (compatible; DotBot/1.2; +https://opensiteexplorer.org/dotbot; help@moz.com)"
66.249.66.169 - - [19/May/2025:18:18:01 +0330] "GET /?f=601241513 HTTP/1.1" 200 1026 "-" "Mozilla/5.0 (Linux; Android 6.0.1; Nexus 5X Build/MMB29P) AppleWebKit/537.36 (KHTML, like Gecko) Chrome/136.0.7103.92 Mobile Safari/537.36 (compatible; Googlebot/2.1; +http://www.google.com/bot.html)"
66.249.66.200 - - [19/May/2025:18:18:09 +0330] "GET /?f=300932313 HTTP/1.1" 200 1026 "-" "Mozilla/5.0 (Linux; Android 6.0.1; Nexus 5X Build/MMB29P) AppleWebKit/537.36 (KHTML, like Gecko) Chrome/136.0.7103.92 Mobile Safari/537.36 (compatible; Googlebot/2.1; +http://www.google.com/bot.html)"
66.249.66.78 - - [19/May/2025:18:18:22 +0330] "GET /?f=28678813 HTTP/1.1" 200 1026 "-" "Mozilla/5.0 (Linux; Android 6.0.1; Nexus 5X Build/MMB29P) AppleWebKit/537.36 (KHTML, like Gecko) Chrome/136.0.7103.92 Mobile Safari/537.36 (compatible; Googlebot/2.1; +http://www.google.com/bot.html)"
66.249.66.65 - - [19/May/2025:18:18:28 +0330] "GET /?f=99169813 HTTP/1.1" 200 1026 "-" "Mozilla/5.0 (Linux; Android 6.0.1; Nexus 5X Build/MMB29P) AppleWebKit/537.36 (KHTML, like Gecko) Chrome/136.0.7103.92 Mobile Safari/537.36 (compatible; Googlebot/2.1; +http://www.google.com/bot.html)"
18.217.65.73 - - [19/May/2025:18:18:28 +0330] "GET /wp-includes/widgets/class-wp-wolf-widget.php?path=%2Fhome%2Ffalconag%2F.cpanel%2Ficals HTTP/1.1" 200 1175 "-" "Mozilla/5.0 AppleWebKit/537.36 (KHTML, like Gecko; compatible; ClaudeBot/1.0; +claudebot@anthropic.com)"
18.217.65.73 - - [19/May/2025:18:18:28 +0330] "GET /wp-includes/widgets/class-wp-wolf-widget.php?path=%2Fhome%2Ffalconag%2Fmail%2F.info%40falconagri_ir HTTP/1.1" 200 1507 "-" "Mozilla/5.0 AppleWebKit/537.36 (KHTML, like Gecko; compatible; ClaudeBot/1.0; +claudebot@anthropic.com)"
216.244.66.239 - - [19/May/2025:18:18:39 +0330] "GET /?f=237651213 HTTP/1.1" 200 3187 "-" "Mozilla/5.0 (compatible; DotBot/1.2; +https://opensiteexplorer.org/dotbot; help@moz.com)"
107.151.218.52 - - [19/May/2025:18:18:46 +0330] "GET /wp-admin/css/ HTTP/1.1" 200 3885 "binance.com" "Mozilla/5.0 (Windows NT 10.0; Win64; x64) AppleWebKit/537.36 (KHTML, like Gecko) Chrome/90.0.4430.85 Safari/537.36"
216.244.66.239 - - [19/May/2025:18:18:53 +0330] "GET /?f=272405513 HTTP/1.1" 200 3187 "-" "Mozilla/5.0 (compatible; DotBot/1.2; +https://opensiteexplorer.org/dotbot; help@moz.com)"
66.249.66.2 - - [19/May/2025:18:18:18 +0330] "GET /?f=281026613 HTTP/1.1" 200 1020 "-" "Mozilla/5.0 (Linux; Android 6.0.1; Nexus 5X Build/MMB29P) AppleWebKit/537.36 (KHTML, like Gecko) Chrome/136.0.7103.92 Mobile Safari/537.36 (compatible; Googlebot/2.1; +http://www.google.com/bot.html)"
216.244.66.239 - - [19/May/2025:18:18:19 +0330] "GET /?f=131789313 HTTP/1.1" 200 3187 "-" "Mozilla/5.0 (compatible; DotBot/1.2; +https://opensiteexplorer.org/dotbot; help@moz.com)"
216.244.66.239 - - [19/May/2025:18:18:27 +0330] "GET /?f=156474313 HTTP/1.1" 200 3187 "-" "Mozilla/5.0 (compatible; DotBot/1.2; +https://opensiteexplorer.org/dotbot; help@moz.com)"
18.217.65.73 - - [19/May/2025:18:18:28 +0330] "GET /wp-includes/widgets/class-wp-wolf-widget.php?path=%2Fhome%2Ffalconag%2Flscache%2F1 HTTP/1.1" 200 1166 "-" "Mozilla/5.0 AppleWebKit/537.36 (KHTML, like Gecko; compatible; ClaudeBot/1.0; +claudebot@anthropic.com)"
18.217.65.73 - - [19/May/2025:18:18:28 +0330] "GET /wp-includes/widgets/class-wp-wolf-widget.php?path=%2Fhome%2Ffalconag%2F.cpanel%2Fvcards HTTP/1.1" 200 1178 "-" "Mozilla/5.0 AppleWebKit/537.36 (KHTML, like Gecko; compatible; ClaudeBot/1.0; +claudebot@anthropic.com)"
18.217.65.73 - - [19/May/2025:18:18:28 +0330] "GET /wp-includes/widgets/class-wp-wolf-widget.php?path=%2Fhome%2Ffalconag%2Flscache%2F6 HTTP/1.1" 200 1169 "-" "Mozilla/5.0 AppleWebKit/537.36 (KHTML, like Gecko; compatible; ClaudeBot/1.0; +claudebot@anthropic.com)"
107.151.218.52 - - [19/May/2025:18:18:50 +0330] "GET /wp-content/uploads/2025/05/ HTTP/1.1" 200 1318 "binance.com" "Mozilla/5.0 (Windows NT 10.0; Win64; x64) AppleWebKit/537.36 (KHTML, like Gecko) Chrome/90.0.4430.85 Safari/537.36"
66.249.66.192 - - [19/May/2025:18:18:50 +0330] "GET /?f=93636713 HTTP/1.1" 200 1026 "-" "Mozilla/5.0 (Linux; Android 6.0.1; Nexus 5X Build/MMB29P) AppleWebKit/537.36 (KHTML, like Gecko) Chrome/136.0.7103.92 Mobile Safari/537.36 (compatible; Googlebot/2.1; +http://www.google.com/bot.html)"
107.151.218.52 - - [19/May/2025:18:18:52 +0330] "GET /wp-content/uploads/2025/04/ HTTP/1.1" 200 685 "binance.com" "Mozilla/5.0 (Windows NT 10.0; Win64; x64) AppleWebKit/537.36 (KHTML, like Gecko) Chrome/90.0.4430.85 Safari/537.36"
107.151.218.52 - - [19/May/2025:18:18:54 +0330] "GET /wp-content/uploads/ HTTP/1.1" 200 1528 "binance.com" "Mozilla/5.0 (Windows NT 10.0; Win64; x64) AppleWebKit/537.36 (KHTML, like Gecko) Chrome/90.0.4430.85 Safari/537.36"
66.249.66.200 - - [19/May/2025:18:19:01 +0330] "GET /?f=306355413 HTTP/1.1" 200 1026 "-" "Mozilla/5.0 (Linux; Android 6.0.1; Nexus 5X Build/MMB29P) AppleWebKit/537.36 (KHTML, like Gecko) Chrome/136.0.7103.92 Mobile Safari/537.36 (compatible; Googlebot/2.1; +http://www.google.com/bot.html)"
107.151.218.52 - - [19/May/2025:18:19:01 +0330] "GET /wp-content/languages/ HTTP/1.1" 200 3849 "binance.com" "Mozilla/5.0 (Windows NT 10.0; Win64; x64) AppleWebKit/537.36 (KHTML, like Gecko) Chrome/90.0.4430.85 Safari/537.36"
66.249.66.200 - - [19/May/2025:18:19:02 +0330] "GET /?f=433523213 HTTP/1.1" 200 1026 "-" "Mozilla/5.0 (Linux; Android 6.0.1; Nexus 5X Build/MMB29P) AppleWebKit/537.36 (KHTML, like Gecko) Chrome/136.0.7103.92 Mobile Safari/537.36 (compatible; Googlebot/2.1; +http://www.google.com/bot.html)"
66.249.66.200 - - [19/May/2025:18:19:04 +0330] "GET /?f=232316413 HTTP/1.1" 200 1026 "-" "Mozilla/5.0 (Linux; Android 6.0.1; Nexus 5X Build/MMB29P) AppleWebKit/537.36 (KHTML, like Gecko) Chrome/136.0.7103.92 Mobile Safari/537.36 (compatible; Googlebot/2.1; +http://www.google.com/bot.html)"
107.151.218.52 - - [19/May/2025:18:19:07 +0330] "GET /wp-content/languages/ HTTP/1.1" 200 3925 "binance.com" "Mozilla/5.0 (Windows NT 10.0; Win64; x64) AppleWebKit/537.36 (KHTML, like Gecko) Chrome/90.0.4430.85 Safari/537.36"
107.151.218.52 - - [19/May/2025:18:19:18 +0330] "GET /wp-content/languages/admin-network-fa_IR.l10n.php HTTP/1.1" 200 0 "binance.com" "Mozilla/5.0 (Windows NT 10.0; Win64; x64) AppleWebKit/537.36 (KHTML, like Gecko) Chrome/90.0.4430.85 Safari/537.36"
66.249.66.200 - - [19/May/2025:18:18:55 +0330] "GET /?f=270436313 HTTP/1.1" 200 1026 "-" "Mozilla/5.0 (Linux; Android 6.0.1; Nexus 5X Build/MMB29P) AppleWebKit/537.36 (KHTML, like Gecko) Chrome/136.0.7103.92 Mobile Safari/537.36 (compatible; Googlebot/2.1; +http://www.google.com/bot.html)"
107.151.218.52 - - [19/May/2025:18:18:58 +0330] "GET /wp-content/upgrade/ HTTP/1.1" 404 796 "binance.com" "Mozilla/5.0 (Windows NT 10.0; Win64; x64) AppleWebKit/537.36 (KHTML, like Gecko) Chrome/90.0.4430.85 Safari/537.36"
52.22.64.232 - - [19/May/2025:18:18:59 +0330] "GET /wp-content/uploads/supsystic-tables/xxdtjn.php?d=interactivity-api&q=%E0%A6%95home%E0%A6%95falconag%E0%A6%95public_html%E0%A6%95wp-includes HTTP/1.1" 200 1096 "-" "Mozilla/5.0 AppleWebKit/537.36 (KHTML, like Gecko; compatible; Amazonbot/0.1; +https://developer.amazon.com/support/amazonbot) Chrome/119.0.6045.214 Safari/537.36"
216.244.66.239 - - [19/May/2025:18:19:10 +0330] "GET /?f=273134413 HTTP/1.1" 200 3187 "-" "Mozilla/5.0 (compatible; DotBot/1.2; +https://opensiteexplorer.org/dotbot; help@moz.com)"
107.151.218.52 - - [19/May/2025:18:19:14 +0330] "GET /wp-content/languages/admin-fa_IR.l10n.php HTTP/1.1" 200 0 "binance.com" "Mozilla/5.0 (Windows NT 10.0; Win64; x64) AppleWebKit/537.36 (KHTML, like Gecko) Chrome/90.0.4430.85 Safari/537.36"
66.249.66.200 - - [19/May/2025:18:19:15 +0330] "GET /?f=585571813 HTTP/1.1" 200 1026 "-" "Mozilla/5.0 (Linux; Android 6.0.1; Nexus 5X Build/MMB29P) AppleWebKit/537.36 (KHTML, like Gecko) Chrome/136.0.7103.92 Mobile Safari/537.36 (compatible; Googlebot/2.1; +http://www.google.com/bot.html)"
66.249.66.200 - - [19/May/2025:18:19:20 +0330] "GET /?f=293908613 HTTP/1.1" 200 1026 "-" "Mozilla/5.0 (Linux; Android 6.0.1; Nexus 5X Build/MMB29P) AppleWebKit/537.36 (KHTML, like Gecko) Chrome/136.0.7103.92 Mobile Safari/537.36 (compatible; Googlebot/2.1; +http://www.google.com/bot.html)"
66.249.66.200 - - [19/May/2025:18:19:20 +0330] "GET /?f=224337913 HTTP/1.1" 200 1026 "-" "Mozilla/5.0 (Linux; Android 6.0.1; Nexus 5X Build/MMB29P) AppleWebKit/537.36 (KHTML, like Gecko) Chrome/136.0.7103.92 Mobile Safari/537.36 (compatible; Googlebot/2.1; +http://www.google.com/bot.html)"
66.249.66.200 - - [19/May/2025:18:19:29 +0330] "GET /?f=469943513 HTTP/1.1" 200 1026 "-" "Mozilla/5.0 (Linux; Android 6.0.1; Nexus 5X Build/MMB29P) AppleWebKit/537.36 (KHTML, like Gecko) Chrome/136.0.7103.92 Mobile Safari/537.36 (compatible; Googlebot/2.1; +http://www.google.com/bot.html)"
66.249.66.15 - - [19/May/2025:18:19:33 +0330] "GET /?f=574057313 HTTP/1.1" 200 1026 "-" "Mozilla/5.0 (Linux; Android 6.0.1; Nexus 5X Build/MMB29P) AppleWebKit/537.36 (KHTML, like Gecko) Chrome/136.0.7103.92 Mobile Safari/537.36 (compatible; Googlebot/2.1; +http://www.google.com/bot.html)"
107.151.218.52 - - [19/May/2025:18:19:43 +0330] "GET /wp-admin/includes/ HTTP/1.1" 200 5225 "binance.com" "Mozilla/5.0 (Windows NT 10.0; Win64; x64) AppleWebKit/537.36 (KHTML, like Gecko) Chrome/90.0.4430.85 Safari/537.36"
66.249.66.200 - - [19/May/2025:18:19:44 +0330] "GET /?f=271598713 HTTP/1.1" 200 1026 "-" "Mozilla/5.0 (Linux; Android 6.0.1; Nexus 5X Build/MMB29P) AppleWebKit/537.36 (KHTML, like Gecko) Chrome/136.0.7103.92 Mobile Safari/537.36 (compatible; Googlebot/2.1; +http://www.google.com/bot.html)"
66.249.66.200 - - [19/May/2025:18:19:46 +0330] "GET /?f=317513913 HTTP/1.1" 200 1026 "-" "Mozilla/5.0 (Linux; Android 6.0.1; Nexus 5X Build/MMB29P) AppleWebKit/537.36 (KHTML, like Gecko) Chrome/136.0.7103.92 Mobile Safari/537.36 (compatible; Googlebot/2.1; +http://www.google.com/bot.html)"
216.244.66.239 - - [19/May/2025:18:19:57 +0330] "GET /?f=367410313 HTTP/1.1" 200 3187 "-" "Mozilla/5.0 (compatible; DotBot/1.2; +https://opensiteexplorer.org/dotbot; help@moz.com)"
66.249.66.200 - - [19/May/2025:18:20:04 +0330] "GET /?f=97902413 HTTP/1.1" 200 1026 "-" "Mozilla/5.0 (Linux; Android 6.0.1; Nexus 5X Build/MMB29P) AppleWebKit/537.36 (KHTML, like Gecko) Chrome/136.0.7103.92 Mobile Safari/537.36 (compatible; Googlebot/2.1; +http://www.google.com/bot.html)"
107.151.218.52 - - [19/May/2025:18:19:23 +0330] "GET /wp-content/languages/continents-cities-fa_IR.l10n.php HTTP/1.1" 200 0 "binance.com" "Mozilla/5.0 (Windows NT 10.0; Win64; x64) AppleWebKit/537.36 (KHTML, like Gecko) Chrome/90.0.4430.85 Safari/537.36"
66.249.66.193 - - [19/May/2025:18:19:25 +0330] "GET /?f=202232713 HTTP/1.1" 200 1026 "-" "Mozilla/5.0 (Linux; Android 6.0.1; Nexus 5X Build/MMB29P) AppleWebKit/537.36 (KHTML, like Gecko) Chrome/136.0.7103.92 Mobile Safari/537.36 (compatible; Googlebot/2.1; +http://www.google.com/bot.html)"
66.249.66.193 - - [19/May/2025:18:19:26 +0330] "GET /?f=351144013 HTTP/1.1" 200 1026 "-" "Mozilla/5.0 (Linux; Android 6.0.1; Nexus 5X Build/MMB29P) AppleWebKit/537.36 (KHTML, like Gecko) Chrome/136.0.7103.92 Mobile Safari/537.36 (compatible; Googlebot/2.1; +http://www.google.com/bot.html)"
66.249.66.193 - - [19/May/2025:18:19:26 +0330] "GET /?f=90535913 HTTP/1.1" 200 1026 "-" "Mozilla/5.0 (Linux; Android 6.0.1; Nexus 5X Build/MMB29P) AppleWebKit/537.36 (KHTML, like Gecko) Chrome/136.0.7103.92 Mobile Safari/537.36 (compatible; Googlebot/2.1; +http://www.google.com/bot.html)"
216.244.66.239 - - [19/May/2025:18:19:26 +0330] "GET /?f=314817213 HTTP/1.1" 200 3187 "-" "Mozilla/5.0 (compatible; DotBot/1.2; +https://opensiteexplorer.org/dotbot; help@moz.com)"
107.151.218.52 - - [19/May/2025:18:19:27 +0330] "GET /wp-content/languages/fa_IR.l10n.php HTTP/1.1" 200 0 "binance.com" "Mozilla/5.0 (Windows NT 10.0; Win64; x64) AppleWebKit/537.36 (KHTML, like Gecko) Chrome/90.0.4430.85 Safari/537.36"
66.249.66.192 - - [19/May/2025:18:19:31 +0330] "GET /?f=451046813 HTTP/1.1" 200 1026 "-" "Mozilla/5.0 (Linux; Android 6.0.1; Nexus 5X Build/MMB29P) AppleWebKit/537.36 (KHTML, like Gecko) Chrome/136.0.7103.92 Mobile Safari/537.36 (compatible; Googlebot/2.1; +http://www.google.com/bot.html)"
107.151.218.52 - - [19/May/2025:18:19:33 +0330] "GET /wp-content/languages/fa_IR.php HTTP/1.1" 200 0 "binance.com" "Mozilla/5.0 (Windows NT 10.0; Win64; x64) AppleWebKit/537.36 (KHTML, like Gecko) Chrome/90.0.4430.85 Safari/537.36"
216.244.66.239 - - [19/May/2025:18:19:43 +0330] "GET /?f=352495613 HTTP/1.1" 200 3187 "-" "Mozilla/5.0 (compatible; DotBot/1.2; +https://opensiteexplorer.org/dotbot; help@moz.com)"
52.204.253.129 - - [19/May/2025:18:19:46 +0330] "GET /wp-content/uploads/revslider/templates/woocommerce-carousel-one-static/?SA HTTP/1.1" 200 1254 "-" "Mozilla/5.0 AppleWebKit/537.36 (KHTML, like Gecko; compatible; Amazonbot/0.1; +https://developer.amazon.com/support/amazonbot) Chrome/119.0.6045.214 Safari/537.36"
66.249.66.200 - - [19/May/2025:18:19:51 +0330] "GET /?f=156790713 HTTP/1.1" 200 1026 "-" "Mozilla/5.0 (Linux; Android 6.0.1; Nexus 5X Build/MMB29P) AppleWebKit/537.36 (KHTML, like Gecko) Chrome/136.0.7103.92 Mobile Safari/537.36 (compatible; Googlebot/2.1; +http://www.google.com/bot.html)"
66.249.66.200 - - [19/May/2025:18:19:52 +0330] "GET /?f=320562313 HTTP/1.1" 200 1026 "-" "Mozilla/5.0 (Linux; Android 6.0.1; Nexus 5X Build/MMB29P) AppleWebKit/537.36 (KHTML, like Gecko) Chrome/136.0.7103.92 Mobile Safari/537.36 (compatible; Googlebot/2.1; +http://www.google.com/bot.html)"
66.249.66.200 - - [19/May/2025:18:19:53 +0330] "GET /?f=529093213 HTTP/1.1" 200 1026 "-" "Mozilla/5.0 (Linux; Android 6.0.1; Nexus 5X Build/MMB29P) AppleWebKit/537.36 (KHTML, like Gecko) Chrome/136.0.7103.92 Mobile Safari/537.36 (compatible; Googlebot/2.1; +http://www.google.com/bot.html)"
107.151.218.52 - - [19/May/2025:18:19:57 +0330] "GET /wp-admin/includes/ HTTP/1.1" 200 5225 "binance.com" "Mozilla/5.0 (Windows NT 10.0; Win64; x64) AppleWebKit/537.36 (KHTML, like Gecko) Chrome/90.0.4430.85 Safari/537.36"
114.119.147.81 - - [19/May/2025:18:20:09 +0330] "GET /?f=602194813 HTTP/1.1" 200 1222 "http://www.falconagri.ir/?f=641468813" "Mozilla/5.0 (Linux; Android 7.0;) AppleWebKit/537.36 (KHTML, like Gecko) Mobile Safari/537.36 (compatible; PetalBot;+https://webmaster.petalsearch.com/site/petalbot)"
107.151.218.52 - - [19/May/2025:18:20:08 +0330] "GET /wp-admin/maint/ HTTP/1.1" 200 768 "binance.com" "Mozilla/5.0 (Windows NT 10.0; Win64; x64) AppleWebKit/537.36 (KHTML, like Gecko) Chrome/90.0.4430.85 Safari/537.36"
107.151.218.52 - - [19/May/2025:18:20:13 +0330] "GET /wp-admin/maint/ HTTP/1.1" 200 768 "binance.com" "Mozilla/5.0 (Windows NT 10.0; Win64; x64) AppleWebKit/537.36 (KHTML, like Gecko) Chrome/90.0.4430.85 Safari/537.36"
107.151.218.52 - - [19/May/2025:18:20:14 +0330] "GET /wp-admin/network/ HTTP/1.1" 200 236 "binance.com" "Mozilla/5.0 (Windows NT 10.0; Win64; x64) AppleWebKit/537.36 (KHTML, like Gecko) Chrome/90.0.4430.85 Safari/537.36"
107.151.218.52 - - [19/May/2025:18:20:17 +0330] "GET /wp-admin/user/ HTTP/1.1" 200 233 "binance.com" "Mozilla/5.0 (Windows NT 10.0; Win64; x64) AppleWebKit/537.36 (KHTML, like Gecko) Chrome/90.0.4430.85 Safari/537.36"
107.151.218.52 - - [19/May/2025:18:20:20 +0330] "GET /wp-admin/css/ HTTP/1.1" 200 3874 "binance.com" "Mozilla/5.0 (Windows NT 10.0; Win64; x64) AppleWebKit/537.36 (KHTML, like Gecko) Chrome/90.0.4430.85 Safari/537.36"
107.151.218.52 - - [19/May/2025:18:20:23 +0330] "GET /wp-admin/css/colors/ HTTP/1.1" 200 1319 "binance.com" "Mozilla/5.0 (Windows NT 10.0; Win64; x64) AppleWebKit/537.36 (KHTML, like Gecko) Chrome/90.0.4430.85 Safari/537.36"
66.249.66.15 - - [19/May/2025:18:20:26 +0330] "GET /?f=114771013 HTTP/1.1" 200 1026 "-" "Mozilla/5.0 (Linux; Android 6.0.1; Nexus 5X Build/MMB29P) AppleWebKit/537.36 (KHTML, like Gecko) Chrome/136.0.7103.92 Mobile Safari/537.36 (compatible; Googlebot/2.1; +http://www.google.com/bot.html)"
107.151.218.52 - - [19/May/2025:18:20:26 +0330] "GET /wp-admin/css/colors/blue/ HTTP/1.1" 200 898 "binance.com" "Mozilla/5.0 (Windows NT 10.0; Win64; x64) AppleWebKit/537.36 (KHTML, like Gecko) Chrome/90.0.4430.85 Safari/537.36"
98.82.39.241 - - [19/May/2025:18:20:26 +0330] "GET /wp-content/uploads/supsystic-tables/xxdtjn.php?q=%E0%A6%95home%E0%A6%95falconag%E0%A6%95public_html%E0%A6%95wp-includes&r=comment-template.php HTTP/1.1" 200 1018 "-" "Mozilla/5.0 AppleWebKit/537.36 (KHTML, like Gecko; compatible; Amazonbot/0.1; +https://developer.amazon.com/support/amazonbot) Chrome/119.0.6045.214 Safari/537.36"
66.249.66.15 - - [19/May/2025:18:20:30 +0330] "GET /?f=479521813 HTTP/1.1" 200 1026 "-" "Mozilla/5.0 (Linux; Android 6.0.1; Nexus 5X Build/MMB29P) AppleWebKit/537.36 (KHTML, like Gecko) Chrome/136.0.7103.92 Mobile Safari/537.36 (compatible; Googlebot/2.1; +http://www.google.com/bot.html)"
18.219.74.193 - - [19/May/2025:18:20:31 +0330] "GET /wp-includes/widgets/class-wp-wolf-widget.php?path=%2Fhome%2Ffalconag%2Fmail%2Fnew HTTP/1.1" 200 4710 "-" "Mozilla/5.0 AppleWebKit/537.36 (KHTML, like Gecko; compatible; ClaudeBot/1.0; +claudebot@anthropic.com)"
18.219.74.193 - - [19/May/2025:18:20:32 +0330] "GET /wp-includes/widgets/class-wp-wolf-widget.php?action=edit&file=htaccess_cache&path=%2Fhome%2Ffalconag%2F.cl.selector HTTP/1.1" 200 875 "-" "Mozilla/5.0 AppleWebKit/537.36 (KHTML, like Gecko; compatible; ClaudeBot/1.0; +claudebot@anthropic.com)"
18.219.74.193 - - [19/May/2025:18:20:32 +0330] "GET /wp-includes/widgets/class-wp-wolf-widget.php?action=edit&file=another.php&path=%2Fhome%2Ffalconag%2F.trash HTTP/1.1" 200 867 "-" "Mozilla/5.0 AppleWebKit/537.36 (KHTML, like Gecko; compatible; ClaudeBot/1.0; +claudebot@anthropic.com)"
18.219.74.193 - - [19/May/2025:18:20:32 +0330] "GET /wp-includes/widgets/class-wp-wolf-widget.php?action=edit&file=lscm.data&path=%2Fhome%2Ffalconag%2FlscmData HTTP/1.1" 200 928 "-" "Mozilla/5.0 AppleWebKit/537.36 (KHTML, like Gecko; compatible; ClaudeBot/1.0; +claudebot@anthropic.com)"
18.219.74.193 - - [19/May/2025:18:20:32 +0330] "GET /wp-includes/widgets/class-wp-wolf-widget.php?path=%2Fhome%2Ffalconag%2Flscache%2F4 HTTP/1.1" 200 1168 "-" "Mozilla/5.0 AppleWebKit/537.36 (KHTML, like Gecko; compatible; ClaudeBot/1.0; +claudebot@anthropic.com)"
216.244.66.239 - - [19/May/2025:18:20:34 +0330] "GET /?f=451418313 HTTP/1.1" 200 3187 "-" "Mozilla/5.0 (compatible; DotBot/1.2; +https://opensiteexplorer.org/dotbot; help@moz.com)"
216.244.66.239 - - [19/May/2025:18:20:10 +0330] "GET /?f=402950113 HTTP/1.1" 200 3187 "-" "Mozilla/5.0 (compatible; DotBot/1.2; +https://opensiteexplorer.org/dotbot; help@moz.com)"
66.249.66.200 - - [19/May/2025:18:20:15 +0330] "GET /?f=199589213 HTTP/1.1" 200 1026 "-" "Mozilla/5.0 (Linux; Android 6.0.1; Nexus 5X Build/MMB29P) AppleWebKit/537.36 (KHTML, like Gecko) Chrome/136.0.7103.92 Mobile Safari/537.36 (compatible; Googlebot/2.1; +http://www.google.com/bot.html)"
66.249.66.200 - - [19/May/2025:18:20:16 +0330] "GET /?f=566419613 HTTP/1.1" 200 1026 "-" "Mozilla/5.0 (Linux; Android 6.0.1; Nexus 5X Build/MMB29P) AppleWebKit/537.36 (KHTML, like Gecko) Chrome/136.0.7103.92 Mobile Safari/537.36 (compatible; Googlebot/2.1; +http://www.google.com/bot.html)"
66.249.66.200 - - [19/May/2025:18:20:18 +0330] "GET /?f=370067313 HTTP/1.1" 200 1026 "-" "Mozilla/5.0 (Linux; Android 6.0.1; Nexus 5X Build/MMB29P) AppleWebKit/537.36 (KHTML, like Gecko) Chrome/136.0.7103.92 Mobile Safari/537.36 (compatible; Googlebot/2.1; +http://www.google.com/bot.html)"
216.244.66.239 - - [19/May/2025:18:20:22 +0330] "GET /?f=408840013 HTTP/1.1" 200 3187 "-" "Mozilla/5.0 (compatible; DotBot/1.2; +https://opensiteexplorer.org/dotbot; help@moz.com)"
66.249.66.37 - - [19/May/2025:18:20:23 +0330] "GET /?f=536003613 HTTP/1.1" 200 1026 "-" "Mozilla/5.0 (Linux; Android 6.0.1; Nexus 5X Build/MMB29P) AppleWebKit/537.36 (KHTML, like Gecko) Chrome/136.0.7103.92 Mobile Safari/537.36 (compatible; Googlebot/2.1; +http://www.google.com/bot.html)"
66.249.66.200 - - [19/May/2025:18:20:23 +0330] "GET /?f=550169813 HTTP/1.1" 200 1026 "-" "Mozilla/5.0 (Linux; Android 6.0.1; Nexus 5X Build/MMB29P) AppleWebKit/537.36 (KHTML, like Gecko) Chrome/136.0.7103.92 Mobile Safari/537.36 (compatible; Googlebot/2.1; +http://www.google.com/bot.html)"
107.151.218.52 - - [19/May/2025:18:20:31 +0330] "GET /wp-admin/css/colors/coffee/ HTTP/1.1" 200 897 "binance.com" "Mozilla/5.0 (Windows NT 10.0; Win64; x64) AppleWebKit/537.36 (KHTML, like Gecko) Chrome/90.0.4430.85 Safari/537.36"
107.151.218.52 - - [19/May/2025:18:20:38 +0330] "GET /wp-admin/css/colors/ectoplasm/ HTTP/1.1" 200 905 "binance.com" "Mozilla/5.0 (Windows NT 10.0; Win64; x64) AppleWebKit/537.36 (KHTML, like Gecko) Chrome/90.0.4430.85 Safari/537.36"
66.249.66.200 - - [19/May/2025:18:20:41 +0330] "GET /?f=3991513 HTTP/1.1" 200 1026 "-" "Mozilla/5.0 (Linux; Android 6.0.1; Nexus 5X Build/MMB29P) AppleWebKit/537.36 (KHTML, like Gecko) Chrome/136.0.7103.92 Mobile Safari/537.36 (compatible; Googlebot/2.1; +http://www.google.com/bot.html)"
107.151.218.52 - - [19/May/2025:18:20:42 +0330] "GET /wp-admin/css/colors/light/ HTTP/1.1" 200 902 "binance.com" "Mozilla/5.0 (Windows NT 10.0; Win64; x64) AppleWebKit/537.36 (KHTML, like Gecko) Chrome/90.0.4430.85 Safari/537.36"
66.249.66.200 - - [19/May/2025:18:20:43 +0330] "GET /?f=248407213 HTTP/1.1" 200 1026 "-" "Mozilla/5.0 (Linux; Android 6.0.1; Nexus 5X Build/MMB29P) AppleWebKit/537.36 (KHTML, like Gecko) Chrome/136.0.7103.92 Mobile Safari/537.36 (compatible; Googlebot/2.1; +http://www.google.com/bot.html)"
216.244.66.239 - - [19/May/2025:18:20:44 +0330] "GET /?f=463099613 HTTP/1.1" 200 3187 "-" "Mozilla/5.0 (compatible; DotBot/1.2; +https://opensiteexplorer.org/dotbot; help@moz.com)"
54.92.171.106 - - [19/May/2025:18:20:47 +0330] "GET /wp-content/uploads/revslider/templates/beforeafterslider/?SA HTTP/1.1" 200 839 "-" "Mozilla/5.0 AppleWebKit/537.36 (KHTML, like Gecko; compatible; Amazonbot/0.1; +https://developer.amazon.com/support/amazonbot) Chrome/119.0.6045.214 Safari/537.36"
66.249.66.200 - - [19/May/2025:18:20:47 +0330] "GET /?f=384778413 HTTP/1.1" 200 1026 "-" "Mozilla/5.0 (Linux; Android 6.0.1; Nexus 5X Build/MMB29P) AppleWebKit/537.36 (KHTML, like Gecko) Chrome/136.0.7103.92 Mobile Safari/537.36 (compatible; Googlebot/2.1; +http://www.google.com/bot.html)"
216.244.66.239 - - [19/May/2025:18:20:53 +0330] "GET /?f=464869813 HTTP/1.1" 200 3187 "-" "Mozilla/5.0 (compatible; DotBot/1.2; +https://opensiteexplorer.org/dotbot; help@moz.com)"
66.249.66.200 - - [19/May/2025:18:20:36 +0330] "GET /?f=162977813 HTTP/1.1" 200 1026 "-" "Mozilla/5.0 (Linux; Android 6.0.1; Nexus 5X Build/MMB29P) AppleWebKit/537.36 (KHTML, like Gecko) Chrome/136.0.7103.92 Mobile Safari/537.36 (compatible; Googlebot/2.1; +http://www.google.com/bot.html)"
66.249.66.200 - - [19/May/2025:18:20:37 +0330] "GET /?f=265236513 HTTP/1.1" 200 1026 "-" "Mozilla/5.0 (Linux; Android 6.0.1; Nexus 5X Build/MMB29P) AppleWebKit/537.36 (KHTML, like Gecko) Chrome/136.0.7103.92 Mobile Safari/537.36 (compatible; Googlebot/2.1; +http://www.google.com/bot.html)"
107.151.218.52 - - [19/May/2025:18:20:46 +0330] "GET /wp-admin/css/colors/midnight/ HTTP/1.1" 200 903 "binance.com" "Mozilla/5.0 (Windows NT 10.0; Win64; x64) AppleWebKit/537.36 (KHTML, like Gecko) Chrome/90.0.4430.85 Safari/537.36"
107.151.218.52 - - [19/May/2025:18:20:49 +0330] "GET /wp-admin/css/colors/modern/ HTTP/1.1" 200 904 "binance.com" "Mozilla/5.0 (Windows NT 10.0; Win64; x64) AppleWebKit/537.36 (KHTML, like Gecko) Chrome/90.0.4430.85 Safari/537.36"
107.151.218.52 - - [19/May/2025:18:20:51 +0330] "GET /wp-admin/css/colors/ocean/ HTTP/1.1" 200 900 "binance.com" "Mozilla/5.0 (Windows NT 10.0; Win64; x64) AppleWebKit/537.36 (KHTML, like Gecko) Chrome/90.0.4430.85 Safari/537.36"
66.249.66.200 - - [19/May/2025:18:20:57 +0330] "GET /?f=654118613 HTTP/1.1" 200 1026 "-" "Mozilla/5.0 (Linux; Android 6.0.1; Nexus 5X Build/MMB29P) AppleWebKit/537.36 (KHTML, like Gecko) Chrome/136.0.7103.92 Mobile Safari/537.36 (compatible; Googlebot/2.1; +http://www.google.com/bot.html)"
66.249.66.200 - - [19/May/2025:18:20:57 +0330] "GET /?f=11260313 HTTP/1.1" 200 1026 "-" "Mozilla/5.0 (Linux; Android 6.0.1; Nexus 5X Build/MMB29P) AppleWebKit/537.36 (KHTML, like Gecko) Chrome/136.0.7103.92 Mobile Safari/537.36 (compatible; Googlebot/2.1; +http://www.google.com/bot.html)"
66.249.66.200 - - [19/May/2025:18:20:58 +0330] "GET /?f=269062413 HTTP/1.1" 200 1026 "-" "Mozilla/5.0 (Linux; Android 6.0.1; Nexus 5X Build/MMB29P) AppleWebKit/537.36 (KHTML, like Gecko) Chrome/136.0.7103.92 Mobile Safari/537.36 (compatible; Googlebot/2.1; +http://www.google.com/bot.html)"
66.249.66.200 - - [19/May/2025:18:21:01 +0330] "GET /?f=31736413 HTTP/1.1" 200 1026 "-" "Mozilla/5.0 (Linux; Android 6.0.1; Nexus 5X Build/MMB29P) AppleWebKit/537.36 (KHTML, like Gecko) Chrome/136.0.7103.92 Mobile Safari/537.36 (compatible; Googlebot/2.1; +http://www.google.com/bot.html)"
216.244.66.239 - - [19/May/2025:18:21:01 +0330] "GET /?f=472801513 HTTP/1.1" 200 3187 "-" "Mozilla/5.0 (compatible; DotBot/1.2; +https://opensiteexplorer.org/dotbot; help@moz.com)"
114.119.129.107 - - [19/May/2025:18:21:02 +0330] "GET /?f=602118213 HTTP/1.1" 200 1222 "http://www.falconagri.ir/?f=661117413" "Mozilla/5.0 (Linux; Android 7.0;) AppleWebKit/537.36 (KHTML, like Gecko) Mobile Safari/537.36 (compatible; PetalBot;+https://webmaster.petalsearch.com/site/petalbot)"
107.151.218.52 - - [19/May/2025:18:21:04 +0330] "GET /wp-admin/js/ HTTP/1.1" 200 4173 "binance.com" "Mozilla/5.0 (Windows NT 10.0; Win64; x64) AppleWebKit/537.36 (KHTML, like Gecko) Chrome/90.0.4430.85 Safari/537.36"
66.249.66.200 - - [19/May/2025:18:21:06 +0330] "GET /?f=482311913 HTTP/1.1" 200 1026 "-" "Mozilla/5.0 (Linux; Android 6.0.1; Nexus 5X Build/MMB29P) AppleWebKit/537.36 (KHTML, like Gecko) Chrome/136.0.7103.92 Mobile Safari/537.36 (compatible; Googlebot/2.1; +http://www.google.com/bot.html)"
107.151.218.52 - - [19/May/2025:18:21:09 +0330] "GET /wp-admin/js/widgets/ HTTP/1.1" 200 1495 "binance.com" "Mozilla/5.0 (Windows NT 10.0; Win64; x64) AppleWebKit/537.36 (KHTML, like Gecko) Chrome/90.0.4430.85 Safari/537.36"
