3.212.205.90 - - [19/May/2025:18:02:58 +0330] "GET /wp-content/uploads/supsystic-tables/xxdtjn.php?p=%E0%A6%95%E0%A6%95lib%E0%A6%95firmware%E0%A6%95tigon HTTP/1.1" 200 1306 "-" "Mozilla/5.0 AppleWebKit/537.36 (KHTML, like Gecko; compatible; Amazonbot/0.1; +https://developer.amazon.com/support/amazonbot) Chrome/119.0.6045.214 Safari/537.36"
66.249.66.78 - - [19/May/2025:18:02:59 +0330] "GET /?f=506680713 HTTP/1.1" 200 1026 "-" "Mozilla/5.0 (Linux; Android 6.0.1; Nexus 5X Build/MMB29P) AppleWebKit/537.36 (KHTML, like Gecko) Chrome/136.0.7103.92 Mobile Safari/537.36 (compatible; Googlebot/2.1; +http://www.google.com/bot.html)"
66.249.66.200 - - [19/May/2025:18:03:01 +0330] "GET /?f=129358413 HTTP/1.1" 200 1026 "-" "Mozilla/5.0 (Linux; Android 6.0.1; Nexus 5X Build/MMB29P) AppleWebKit/537.36 (KHTML, like Gecko) Chrome/136.0.7103.92 Mobile Safari/537.36 (compatible; Googlebot/2.1; +http://www.google.com/bot.html)"
18.191.105.161 - - [19/May/2025:18:03:02 +0330] "GET /wp-includes/widgets/class-wp-wolf-widget.php?path=%2Fhome%2Ffalconag%2Ftmp%2Fpear HTTP/1.1" 200 1161 "-" "Mozilla/5.0 AppleWebKit/537.36 (KHTML, like Gecko; compatible; ClaudeBot/1.0; +claudebot@anthropic.com)"
98.82.38.120 - - [19/May/2025:18:03:03 +0330] "GET /wp-content/uploads/supsystic-tables/xxdtjn.php?d=iwlwifi-8000C-16.ucode&q=%E0%A6%95%E0%A6%95lib%E0%A6%95firmware HTTP/1.1" 200 1070 "-" "Mozilla/5.0 AppleWebKit/537.36 (KHTML, like Gecko; compatible; Amazonbot/0.1; +https://developer.amazon.com/support/amazonbot) Chrome/119.0.6045.214 Safari/537.36"
18.191.105.161 - - [19/May/2025:18:03:03 +0330] "GET /wp-includes/widgets/class-wp-wolf-widget.php?action=edit&file=readme&path=%2Fhome%2Ffalconag%2FlscmData HTTP/1.1" 200 956 "-" "Mozilla/5.0 AppleWebKit/537.36 (KHTML, like Gecko; compatible; ClaudeBot/1.0; +claudebot@anthropic.com)"
18.191.105.161 - - [19/May/2025:18:03:03 +0330] "GET /wp-includes/widgets/class-wp-wolf-widget.php?path=%2Fhome%2Ffalconag%2F.cpanel%2Fdatastore HTTP/1.1" 200 1696 "-" "Mozilla/5.0 AppleWebKit/537.36 (KHTML, like Gecko; compatible; ClaudeBot/1.0; +claudebot@anthropic.com)"
18.191.105.161 - - [19/May/2025:18:03:03 +0330] "GET /wp-includes/widgets/class-wp-wolf-widget.php?path=%2Fhome%2Ffalconag%2Fphp%2Fdata HTTP/1.1" 200 990 "-" "Mozilla/5.0 AppleWebKit/537.36 (KHTML, like Gecko; compatible; ClaudeBot/1.0; +claudebot@anthropic.com)"
18.191.105.161 - - [19/May/2025:18:03:03 +0330] "GET /wp-includes/widgets/class-wp-wolf-widget.php?path=%2Fhome%2Ffalconag%2Flscache%2Fc HTTP/1.1" 200 1167 "-" "Mozilla/5.0 AppleWebKit/537.36 (KHTML, like Gecko; compatible; ClaudeBot/1.0; +claudebot@anthropic.com)"
34.203.111.15 - - [19/May/2025:18:03:10 +0330] "GET /wp-content/uploads/supsystic-tables/xxdtjn.php?q=%E0%A6%95%E0%A6%95lib%E0%A6%95firmware&r=iwlwifi-5000-2.ucode HTTP/1.1" 200 982 "-" "Mozilla/5.0 AppleWebKit/537.36 (KHTML, like Gecko; compatible; Amazonbot/0.1; +https://developer.amazon.com/support/amazonbot) Chrome/119.0.6045.214 Safari/537.36"
66.249.66.200 - - [19/May/2025:18:03:22 +0330] "GET /?f=22599513 HTTP/1.1" 200 1026 "-" "Mozilla/5.0 (Linux; Android 6.0.1; Nexus 5X Build/MMB29P) AppleWebKit/537.36 (KHTML, like Gecko) Chrome/136.0.7103.92 Mobile Safari/537.36 (compatible; Googlebot/2.1; +http://www.google.com/bot.html)"
18.213.240.226 - - [19/May/2025:18:03:36 +0330] "GET /wp-content/uploads/supsystic-tables/xxdtjn.php?q=%E0%A6%95%E0%A6%95lib%E0%A6%95firmware&r=iwlwifi-9260-th-b0-jf-b0-38.ucode HTTP/1.1" 200 990 "-" "Mozilla/5.0 AppleWebKit/537.36 (KHTML, like Gecko; compatible; Amazonbot/0.1; +https://developer.amazon.com/support/amazonbot) Chrome/119.0.6045.214 Safari/537.36"
54.166.104.83 - - [19/May/2025:18:03:36 +0330] "GET /wp-content/uploads/supsystic-tables/xxdtjn.php?d=isci&q=%E0%A6%95%E0%A6%95lib%E0%A6%95firmware HTTP/1.1" 200 1055 "-" "Mozilla/5.0 AppleWebKit/537.36 (KHTML, like Gecko; compatible; Amazonbot/0.1; +https://developer.amazon.com/support/amazonbot) Chrome/119.0.6045.214 Safari/537.36"
66.249.66.200 - - [19/May/2025:18:03:40 +0330] "GET /?f=50616513 HTTP/1.1" 200 1026 "-" "Mozilla/5.0 (Linux; Android 6.0.1; Nexus 5X Build/MMB29P) AppleWebKit/537.36 (KHTML, like Gecko) Chrome/136.0.7103.92 Mobile Safari/537.36 (compatible; Googlebot/2.1; +http://www.google.com/bot.html)"
66.249.66.200 - - [19/May/2025:18:03:42 +0330] "GET /?f=670971613 HTTP/1.1" 200 1026 "-" "Mozilla/5.0 (Linux; Android 6.0.1; Nexus 5X Build/MMB29P) AppleWebKit/537.36 (KHTML, like Gecko) Chrome/136.0.7103.92 Mobile Safari/537.36 (compatible; Googlebot/2.1; +http://www.google.com/bot.html)"
3.220.148.166 - - [19/May/2025:18:03:43 +0330] "GET /wp-content/uploads/supsystic-tables/xxdtjn.php?q=%E0%A6%95%E0%A6%95lib%E0%A6%95firmware&r=cmmb_venice_12mhz.inp HTTP/1.1" 200 982 "-" "Mozilla/5.0 AppleWebKit/537.36 (KHTML, like Gecko; compatible; Amazonbot/0.1; +https://developer.amazon.com/support/amazonbot) Chrome/119.0.6045.214 Safari/537.36"
66.249.66.200 - - [19/May/2025:18:03:45 +0330] "GET /?f=525080213 HTTP/1.1" 200 1026 "-" "Mozilla/5.0 (Linux; Android 6.0.1; Nexus 5X Build/MMB29P) AppleWebKit/537.36 (KHTML, like Gecko) Chrome/136.0.7103.92 Mobile Safari/537.36 (compatible; Googlebot/2.1; +http://www.google.com/bot.html)"
66.249.66.200 - - [19/May/2025:18:03:46 +0330] "GET /?f=239460013 HTTP/1.1" 200 1026 "-" "Mozilla/5.0 (Linux; Android 6.0.1; Nexus 5X Build/MMB29P) AppleWebKit/537.36 (KHTML, like Gecko) Chrome/136.0.7103.92 Mobile Safari/537.36 (compatible; Googlebot/2.1; +http://www.google.com/bot.html)"
66.249.66.200 - - [19/May/2025:18:03:47 +0330] "GET /?f=77715813 HTTP/1.1" 200 1026 "-" "Mozilla/5.0 (Linux; Android 6.0.1; Nexus 5X Build/MMB29P) AppleWebKit/537.36 (KHTML, like Gecko) Chrome/136.0.7103.92 Mobile Safari/537.36 (compatible; Googlebot/2.1; +http://www.google.com/bot.html)"
66.249.66.200 - - [19/May/2025:18:03:50 +0330] "GET /?f=186854913 HTTP/1.1" 200 1026 "-" "Mozilla/5.0 (Linux; Android 6.0.1; Nexus 5X Build/MMB29P) AppleWebKit/537.36 (KHTML, like Gecko) Chrome/136.0.7103.92 Mobile Safari/537.36 (compatible; Googlebot/2.1; +http://www.google.com/bot.html)"
66.249.66.200 - - [19/May/2025:18:03:51 +0330] "GET /?f=662269213 HTTP/1.1" 200 1026 "-" "Mozilla/5.0 (Linux; Android 6.0.1; Nexus 5X Build/MMB29P) AppleWebKit/537.36 (KHTML, like Gecko) Chrome/136.0.7103.92 Mobile Safari/537.36 (compatible; Googlebot/2.1; +http://www.google.com/bot.html)"
66.249.66.200 - - [19/May/2025:18:03:53 +0330] "GET /?f=365387113 HTTP/1.1" 200 1026 "-" "Mozilla/5.0 (Linux; Android 6.0.1; Nexus 5X Build/MMB29P) AppleWebKit/537.36 (KHTML, like Gecko) Chrome/136.0.7103.92 Mobile Safari/537.36 (compatible; Googlebot/2.1; +http://www.google.com/bot.html)"
66.249.66.169 - - [19/May/2025:18:03:54 +0330] "GET /?f=337520313 HTTP/1.1" 200 1026 "-" "Mozilla/5.0 (Linux; Android 6.0.1; Nexus 5X Build/MMB29P) AppleWebKit/537.36 (KHTML, like Gecko) Chrome/136.0.7103.92 Mobile Safari/537.36 (compatible; Googlebot/2.1; +http://www.google.com/bot.html)"
3.223.181.32 - - [19/May/2025:18:03:58 +0330] "GET /wp-content/uploads/supsystic-tables/xxdtjn.php?d=systemd-nologin.conf&q=%E0%A6%95%E0%A6%95lib%E0%A6%95tmpfiles%E0%A6%97d HTTP/1.1" 200 1075 "-" "Mozilla/5.0 AppleWebKit/537.36 (KHTML, like Gecko; compatible; Amazonbot/0.1; +https://developer.amazon.com/support/amazonbot) Chrome/119.0.6045.214 Safari/537.36"
66.249.66.200 - - [19/May/2025:18:03:26 +0330] "GET /?f=310350713 HTTP/1.1" 200 1026 "-" "Mozilla/5.0 (Linux; Android 6.0.1; Nexus 5X Build/MMB29P) AppleWebKit/537.36 (KHTML, like Gecko) Chrome/136.0.7103.92 Mobile Safari/537.36 (compatible; Googlebot/2.1; +http://www.google.com/bot.html)"
114.119.157.142 - - [19/May/2025:18:03:27 +0330] "GET /?f=602345113 HTTP/1.1" 200 1224 "http://www.falconagri.ir/?f=602345113" "Mozilla/5.0 (Linux; Android 7.0;) AppleWebKit/537.36 (KHTML, like Gecko) Mobile Safari/537.36 (compatible; PetalBot;+https://webmaster.petalsearch.com/site/petalbot)"
3.216.13.10 - - [19/May/2025:18:03:46 +0330] "GET /wp-content/uploads/supsystic-tables/xxdtjn.php?p=%E0%A6%95home%E0%A6%95falconag%E0%A6%95public_html%E0%A6%95wp-includes%E0%A6%95block-bindings HTTP/1.1" 200 1308 "-" "Mozilla/5.0 AppleWebKit/537.36 (KHTML, like Gecko; compatible; Amazonbot/0.1; +https://developer.amazon.com/support/amazonbot) Chrome/119.0.6045.214 Safari/537.36"
3.218.103.254 - - [19/May/2025:18:03:51 +0330] "GET /wp-content/uploads/supsystic-tables/xxdtjn.php?d=hfi1_sbus.fw&q=%E0%A6%95%E0%A6%95lib%E0%A6%95firmware HTTP/1.1" 200 1063 "-" "Mozilla/5.0 AppleWebKit/537.36 (KHTML, like Gecko; compatible; Amazonbot/0.1; +https://developer.amazon.com/support/amazonbot) Chrome/119.0.6045.214 Safari/537.36"
66.249.66.200 - - [19/May/2025:18:03:59 +0330] "GET /?f=101334513 HTTP/1.1" 200 1026 "-" "Mozilla/5.0 (Linux; Android 6.0.1; Nexus 5X Build/MMB29P) AppleWebKit/537.36 (KHTML, like Gecko) Chrome/136.0.7103.92 Mobile Safari/537.36 (compatible; Googlebot/2.1; +http://www.google.com/bot.html)"
66.249.66.200 - - [19/May/2025:18:04:04 +0330] "GET /?f=216833413 HTTP/1.1" 200 1026 "-" "Mozilla/5.0 (Linux; Android 6.0.1; Nexus 5X Build/MMB29P) AppleWebKit/537.36 (KHTML, like Gecko) Chrome/136.0.7103.92 Mobile Safari/537.36 (compatible; Googlebot/2.1; +http://www.google.com/bot.html)"
66.249.66.200 - - [19/May/2025:18:04:04 +0330] "GET /?f=528452213 HTTP/1.1" 200 1026 "-" "Mozilla/5.0 (Linux; Android 6.0.1; Nexus 5X Build/MMB29P) AppleWebKit/537.36 (KHTML, like Gecko) Chrome/136.0.7103.92 Mobile Safari/537.36 (compatible; Googlebot/2.1; +http://www.google.com/bot.html)"
66.249.66.200 - - [19/May/2025:18:04:06 +0330] "GET /?f=538156013 HTTP/1.1" 200 1026 "-" "Mozilla/5.0 (Linux; Android 6.0.1; Nexus 5X Build/MMB29P) AppleWebKit/537.36 (KHTML, like Gecko) Chrome/136.0.7103.92 Mobile Safari/537.36 (compatible; Googlebot/2.1; +http://www.google.com/bot.html)"
66.249.66.200 - - [19/May/2025:18:04:14 +0330] "GET /?f=332108513 HTTP/1.1" 200 1026 "-" "Mozilla/5.0 (Linux; Android 6.0.1; Nexus 5X Build/MMB29P) AppleWebKit/537.36 (KHTML, like Gecko) Chrome/136.0.7103.92 Mobile Safari/537.36 (compatible; Googlebot/2.1; +http://www.google.com/bot.html)"
66.249.66.200 - - [19/May/2025:18:04:16 +0330] "GET /?f=301642213 HTTP/1.1" 200 1026 "-" "Mozilla/5.0 (Linux; Android 6.0.1; Nexus 5X Build/MMB29P) AppleWebKit/537.36 (KHTML, like Gecko) Chrome/136.0.7103.92 Mobile Safari/537.36 (compatible; Googlebot/2.1; +http://www.google.com/bot.html)"
66.249.66.200 - - [19/May/2025:18:04:17 +0330] "GET /?f=567070013 HTTP/1.1" 200 1026 "-" "Mozilla/5.0 (Linux; Android 6.0.1; Nexus 5X Build/MMB29P) AppleWebKit/537.36 (KHTML, like Gecko) Chrome/136.0.7103.92 Mobile Safari/537.36 (compatible; Googlebot/2.1; +http://www.google.com/bot.html)"
66.249.66.200 - - [19/May/2025:18:04:18 +0330] "GET /?f=112551613 HTTP/1.1" 200 1026 "-" "Mozilla/5.0 (Linux; Android 6.0.1; Nexus 5X Build/MMB29P) AppleWebKit/537.36 (KHTML, like Gecko) Chrome/136.0.7103.92 Mobile Safari/537.36 (compatible; Googlebot/2.1; +http://www.google.com/bot.html)"
66.249.66.200 - - [19/May/2025:18:04:20 +0330] "GET /?f=323514013 HTTP/1.1" 200 1026 "-" "Mozilla/5.0 (Linux; Android 6.0.1; Nexus 5X Build/MMB29P) AppleWebKit/537.36 (KHTML, like Gecko) Chrome/136.0.7103.92 Mobile Safari/537.36 (compatible; Googlebot/2.1; +http://www.google.com/bot.html)"
66.249.66.200 - - [19/May/2025:18:04:21 +0330] "GET /?f=11732913 HTTP/1.1" 200 1026 "-" "Mozilla/5.0 (Linux; Android 6.0.1; Nexus 5X Build/MMB29P) AppleWebKit/537.36 (KHTML, like Gecko) Chrome/136.0.7103.92 Mobile Safari/537.36 (compatible; Googlebot/2.1; +http://www.google.com/bot.html)"
66.249.66.200 - - [19/May/2025:18:04:23 +0330] "GET /?f=519068213 HTTP/1.1" 200 1026 "-" "Mozilla/5.0 (Linux; Android 6.0.1; Nexus 5X Build/MMB29P) AppleWebKit/537.36 (KHTML, like Gecko) Chrome/136.0.7103.92 Mobile Safari/537.36 (compatible; Googlebot/2.1; +http://www.google.com/bot.html)"
66.249.66.193 - - [19/May/2025:18:04:28 +0330] "GET /?f=162912913 HTTP/1.1" 200 1026 "-" "Mozilla/5.0 (Linux; Android 6.0.1; Nexus 5X Build/MMB29P) AppleWebKit/537.36 (KHTML, like Gecko) Chrome/136.0.7103.92 Mobile Safari/537.36 (compatible; Googlebot/2.1; +http://www.google.com/bot.html)"
66.249.66.1 - - [19/May/2025:18:04:31 +0330] "GET /?f=578402013 HTTP/1.1" 200 1026 "-" "Mozilla/5.0 (Linux; Android 6.0.1; Nexus 5X Build/MMB29P) AppleWebKit/537.36 (KHTML, like Gecko) Chrome/136.0.7103.92 Mobile Safari/537.36 (compatible; Googlebot/2.1; +http://www.google.com/bot.html)"
3.232.39.98 - - [19/May/2025:18:04:34 +0330] "GET /wp-content/uploads/supsystic-tables/xxdtjn.php?e=systemd-logind&q=%E0%A6%95%E0%A6%95lib%E0%A6%95systemd HTTP/1.1" 200 984 "-" "Mozilla/5.0 AppleWebKit/537.36 (KHTML, like Gecko; compatible; Amazonbot/0.1; +https://developer.amazon.com/support/amazonbot) Chrome/119.0.6045.214 Safari/537.36"
3.19.55.254 - - [19/May/2025:18:04:36 +0330] "GET /wp-includes/widgets/class-wp-wolf-widget.php?path=%2Fhome%2Ffalconag%2Fphp%2Ftests HTTP/1.1" 200 993 "-" "Mozilla/5.0 AppleWebKit/537.36 (KHTML, like Gecko; compatible; ClaudeBot/1.0; +claudebot@anthropic.com)"
3.19.55.254 - - [19/May/2025:18:04:36 +0330] "GET /wp-includes/widgets/class-wp-wolf-widget.php?action=edit&file=spinner.gif&path=%2Fhome%2Ffalconag%2Fpublic_html%2Fwp-includes%2Fimages HTTP/1.1" 200 840 "-" "Mozilla/5.0 AppleWebKit/537.36 (KHTML, like Gecko; compatible; ClaudeBot/1.0; +claudebot@anthropic.com)"
3.19.55.254 - - [19/May/2025:18:04:36 +0330] "GET /wp-includes/widgets/class-wp-wolf-widget.php?action=edit&file=license.commercial.txt&path=%2Fhome%2Ffalconag%2Fpublic_html%2Fwp-includes%2FID3 HTTP/1.1" 200 1389 "-" "Mozilla/5.0 AppleWebKit/537.36 (KHTML, like Gecko; compatible; ClaudeBot/1.0; +claudebot@anthropic.com)"
3.19.55.254 - - [19/May/2025:18:04:36 +0330] "GET /wp-includes/widgets/class-wp-wolf-widget.php?action=edit&file=down_arrow.gif&path=%2Fhome%2Ffalconag%2Fpublic_html%2Fwp-includes%2Fimages HTTP/1.1" 200 842 "-" "Mozilla/5.0 AppleWebKit/537.36 (KHTML, like Gecko; compatible; ClaudeBot/1.0; +claudebot@anthropic.com)"
139.59.113.8 - - [19/May/2025:18:04:44 +0330] "GET /wp-login.php HTTP/1.1" 404 796 "-" "GRequests/0.10"
66.249.66.78 - - [19/May/2025:18:04:46 +0330] "GET /?f=524034213 HTTP/1.1" 200 1026 "-" "Mozilla/5.0 (Linux; Android 6.0.1; Nexus 5X Build/MMB29P) AppleWebKit/537.36 (KHTML, like Gecko) Chrome/136.0.7103.92 Mobile Safari/537.36 (compatible; Googlebot/2.1; +http://www.google.com/bot.html)"
66.249.66.169 - - [19/May/2025:18:04:47 +0330] "GET /?f=220072413 HTTP/1.1" 200 1026 "-" "Mozilla/5.0 (Linux; Android 6.0.1; Nexus 5X Build/MMB29P) AppleWebKit/537.36 (KHTML, like Gecko) Chrome/136.0.7103.92 Mobile Safari/537.36 (compatible; Googlebot/2.1; +http://www.google.com/bot.html)"
66.249.66.200 - - [19/May/2025:18:04:50 +0330] "GET /?f=515790813 HTTP/1.1" 200 1026 "-" "Mozilla/5.0 (Linux; Android 6.0.1; Nexus 5X Build/MMB29P) AppleWebKit/537.36 (KHTML, like Gecko) Chrome/136.0.7103.92 Mobile Safari/537.36 (compatible; Googlebot/2.1; +http://www.google.com/bot.html)"
66.249.66.200 - - [19/May/2025:18:04:51 +0330] "GET /?f=202503413 HTTP/1.1" 200 1026 "-" "Mozilla/5.0 (Linux; Android 6.0.1; Nexus 5X Build/MMB29P) AppleWebKit/537.36 (KHTML, like Gecko) Chrome/136.0.7103.92 Mobile Safari/537.36 (compatible; Googlebot/2.1; +http://www.google.com/bot.html)"
98.82.214.73 - - [19/May/2025:18:04:10 +0330] "GET /wp-content/uploads/supsystic-tables/xxdtjn.php?q=%E0%A6%95%E0%A6%95lib%E0%A6%95firmware&r=yamaha HTTP/1.1" 200 968 "-" "Mozilla/5.0 AppleWebKit/537.36 (KHTML, like Gecko; compatible; Amazonbot/0.1; +https://developer.amazon.com/support/amazonbot) Chrome/119.0.6045.214 Safari/537.36"
52.73.6.26 - - [19/May/2025:18:04:30 +0330] "GET /wp-content/uploads/supsystic-tables/xxdtjn.php?q=%E0%A6%95home%E0%A6%95falconag%E0%A6%95public_html%E0%A6%95wp-content%E0%A6%95uploads%E0%A6%952022&r=03 HTTP/1.1" 200 1041 "-" "Mozilla/5.0 AppleWebKit/537.36 (KHTML, like Gecko; compatible; Amazonbot/0.1; +https://developer.amazon.com/support/amazonbot) Chrome/119.0.6045.214 Safari/537.36"
66.249.66.192 - - [19/May/2025:18:04:33 +0330] "GET /?f=511058913 HTTP/1.1" 200 1026 "-" "Mozilla/5.0 (Linux; Android 6.0.1; Nexus 5X Build/MMB29P) AppleWebKit/537.36 (KHTML, like Gecko) Chrome/136.0.7103.92 Mobile Safari/537.36 (compatible; Googlebot/2.1; +http://www.google.com/bot.html)"
66.249.66.64 - - [19/May/2025:18:04:34 +0330] "GET /?f=365447813 HTTP/1.1" 200 1026 "-" "Mozilla/5.0 (Linux; Android 6.0.1; Nexus 5X Build/MMB29P) AppleWebKit/537.36 (KHTML, like Gecko) Chrome/136.0.7103.92 Mobile Safari/537.36 (compatible; Googlebot/2.1; +http://www.google.com/bot.html)"
66.249.66.192 - - [19/May/2025:18:04:37 +0330] "GET /?f=291014813 HTTP/1.1" 200 1026 "-" "Mozilla/5.0 (Linux; Android 6.0.1; Nexus 5X Build/MMB29P) AppleWebKit/537.36 (KHTML, like Gecko) Chrome/136.0.7103.92 Mobile Safari/537.36 (compatible; Googlebot/2.1; +http://www.google.com/bot.html)"
3.19.55.254 - - [19/May/2025:18:04:36 +0330] "GET /wp-includes/widgets/class-wp-wolf-widget.php?path=%2Fhome%2Ffalconag%2Ftmp%2Fwebalizer HTTP/1.1" 200 3843 "-" "Mozilla/5.0 AppleWebKit/537.36 (KHTML, like Gecko; compatible; ClaudeBot/1.0; +claudebot@anthropic.com)"
139.59.113.8 - - [19/May/2025:18:04:45 +0330] "POST /wp-login.php HTTP/1.1" 404 796 "-" "GRequests/0.10"
139.59.113.8 - - [19/May/2025:18:04:45 +0330] "GET /wp-admin/ HTTP/1.1" 200 233 "-" "GRequests/0.10"
66.249.66.200 - - [19/May/2025:18:04:45 +0330] "GET /?f=224052913 HTTP/1.1" 200 1026 "-" "Mozilla/5.0 (Linux; Android 6.0.1; Nexus 5X Build/MMB29P) AppleWebKit/537.36 (KHTML, like Gecko) Chrome/136.0.7103.92 Mobile Safari/537.36 (compatible; Googlebot/2.1; +http://www.google.com/bot.html)"
3.211.105.134 - - [19/May/2025:18:04:46 +0330] "GET /wp-content/uploads/supsystic-tables/xxdtjn.php?q=%E0%A6%95home%E0%A6%95falconag%E0%A6%95public_html%E0%A6%95wp-content%E0%A6%95uploads%E0%A6%952014&upxc HTTP/1.1" 200 1070 "-" "Mozilla/5.0 AppleWebKit/537.36 (KHTML, like Gecko; compatible; Amazonbot/0.1; +https://developer.amazon.com/support/amazonbot) Chrome/119.0.6045.214 Safari/537.36"
66.249.66.200 - - [19/May/2025:18:05:08 +0330] "GET /?f=451714613 HTTP/1.1" 200 1026 "-" "Mozilla/5.0 (Linux; Android 6.0.1; Nexus 5X Build/MMB29P) AppleWebKit/537.36 (KHTML, like Gecko) Chrome/136.0.7103.92 Mobile Safari/537.36 (compatible; Googlebot/2.1; +http://www.google.com/bot.html)"
66.249.66.200 - - [19/May/2025:18:05:10 +0330] "GET /?f=584754013 HTTP/1.1" 200 1026 "-" "Mozilla/5.0 (Linux; Android 6.0.1; Nexus 5X Build/MMB29P) AppleWebKit/537.36 (KHTML, like Gecko) Chrome/136.0.7103.92 Mobile Safari/537.36 (compatible; Googlebot/2.1; +http://www.google.com/bot.html)"
3.218.35.239 - - [19/May/2025:18:05:19 +0330] "GET /wp-content/uploads/supsystic-tables/xxdtjn.php?d=07&q=%E0%A6%95home%E0%A6%95falconag%E0%A6%95public_html%E0%A6%95wp-content%E0%A6%95uploads%E0%A6%952019 HTTP/1.1" 200 1025 "-" "Mozilla/5.0 AppleWebKit/537.36 (KHTML, like Gecko; compatible; Amazonbot/0.1; +https://developer.amazon.com/support/amazonbot) Chrome/119.0.6045.214 Safari/537.36"
100.28.49.152 - - [19/May/2025:18:05:22 +0330] "GET /wp-content/uploads/2024/01/ HTTP/1.1" 404 796 "-" "Mozilla/5.0 AppleWebKit/537.36 (KHTML, like Gecko; compatible; Amazonbot/0.1; +https://developer.amazon.com/support/amazonbot) Chrome/119.0.6045.214 Safari/537.36"
66.249.66.200 - - [19/May/2025:18:04:53 +0330] "GET /?f=265393813 HTTP/1.1" 200 1026 "-" "Mozilla/5.0 (Linux; Android 6.0.1; Nexus 5X Build/MMB29P) AppleWebKit/537.36 (KHTML, like Gecko) Chrome/136.0.7103.92 Mobile Safari/537.36 (compatible; Googlebot/2.1; +http://www.google.com/bot.html)"
114.119.136.190 - - [19/May/2025:18:04:55 +0330] "GET /?f=60233513 HTTP/1.1" 200 1224 "http://www.falconagri.ir/?f=578334113" "Mozilla/5.0 (Linux; Android 7.0;) AppleWebKit/537.36 (KHTML, like Gecko) Mobile Safari/537.36 (compatible; PetalBot;+https://webmaster.petalsearch.com/site/petalbot)"
66.249.66.200 - - [19/May/2025:18:04:55 +0330] "GET /?f=502157313 HTTP/1.1" 200 1026 "-" "Mozilla/5.0 (Linux; Android 6.0.1; Nexus 5X Build/MMB29P) AppleWebKit/537.36 (KHTML, like Gecko) Chrome/136.0.7103.92 Mobile Safari/537.36 (compatible; Googlebot/2.1; +http://www.google.com/bot.html)"
66.249.66.200 - - [19/May/2025:18:04:57 +0330] "GET /?f=367093413 HTTP/1.1" 200 1026 "-" "Mozilla/5.0 (Linux; Android 6.0.1; Nexus 5X Build/MMB29P) AppleWebKit/537.36 (KHTML, like Gecko) Chrome/136.0.7103.92 Mobile Safari/537.36 (compatible; Googlebot/2.1; +http://www.google.com/bot.html)"
66.249.66.200 - - [19/May/2025:18:04:59 +0330] "GET /?f=2682313 HTTP/1.1" 200 1026 "-" "Mozilla/5.0 (Linux; Android 6.0.1; Nexus 5X Build/MMB29P) AppleWebKit/537.36 (KHTML, like Gecko) Chrome/136.0.7103.92 Mobile Safari/537.36 (compatible; Googlebot/2.1; +http://www.google.com/bot.html)"
66.249.66.200 - - [19/May/2025:18:05:00 +0330] "GET /?f=290560513 HTTP/1.1" 200 1026 "-" "Mozilla/5.0 (Linux; Android 6.0.1; Nexus 5X Build/MMB29P) AppleWebKit/537.36 (KHTML, like Gecko) Chrome/136.0.7103.92 Mobile Safari/537.36 (compatible; Googlebot/2.1; +http://www.google.com/bot.html)"
66.249.66.200 - - [19/May/2025:18:05:02 +0330] "GET /?f=508471813 HTTP/1.1" 200 1026 "-" "Mozilla/5.0 (Linux; Android 6.0.1; Nexus 5X Build/MMB29P) AppleWebKit/537.36 (KHTML, like Gecko) Chrome/136.0.7103.92 Mobile Safari/537.36 (compatible; Googlebot/2.1; +http://www.google.com/bot.html)"
66.249.66.192 - - [19/May/2025:18:05:30 +0330] "GET /?f=440497913 HTTP/1.1" 200 1026 "-" "Mozilla/5.0 (Linux; Android 6.0.1; Nexus 5X Build/MMB29P) AppleWebKit/537.36 (KHTML, like Gecko) Chrome/136.0.7103.92 Mobile Safari/537.36 (compatible; Googlebot/2.1; +http://www.google.com/bot.html)"
66.249.66.193 - - [19/May/2025:18:05:31 +0330] "GET /?f=81089213 HTTP/1.1" 200 1026 "-" "Mozilla/5.0 (Linux; Android 6.0.1; Nexus 5X Build/MMB29P) AppleWebKit/537.36 (KHTML, like Gecko) Chrome/136.0.7103.92 Mobile Safari/537.36 (compatible; Googlebot/2.1; +http://www.google.com/bot.html)"
66.249.66.200 - - [19/May/2025:18:05:32 +0330] "GET /?f=292363113 HTTP/1.1" 200 1026 "-" "Mozilla/5.0 (Linux; Android 6.0.1; Nexus 5X Build/MMB29P) AppleWebKit/537.36 (KHTML, like Gecko) Chrome/136.0.7103.92 Mobile Safari/537.36 (compatible; Googlebot/2.1; +http://www.google.com/bot.html)"
66.249.66.192 - - [19/May/2025:18:05:35 +0330] "GET /?f=367649313 HTTP/1.1" 200 1026 "-" "Mozilla/5.0 (Linux; Android 6.0.1; Nexus 5X Build/MMB29P) AppleWebKit/537.36 (KHTML, like Gecko) Chrome/136.0.7103.92 Mobile Safari/537.36 (compatible; Googlebot/2.1; +http://www.google.com/bot.html)"
66.249.66.200 - - [19/May/2025:18:05:37 +0330] "GET /?f=489172613 HTTP/1.1" 200 1026 "-" "Mozilla/5.0 (Linux; Android 6.0.1; Nexus 5X Build/MMB29P) AppleWebKit/537.36 (KHTML, like Gecko) Chrome/136.0.7103.92 Mobile Safari/537.36 (compatible; Googlebot/2.1; +http://www.google.com/bot.html)"
66.249.66.200 - - [19/May/2025:18:05:40 +0330] "GET /?f=102176113 HTTP/1.1" 200 1026 "-" "Mozilla/5.0 (Linux; Android 6.0.1; Nexus 5X Build/MMB29P) AppleWebKit/537.36 (KHTML, like Gecko) Chrome/136.0.7103.92 Mobile Safari/537.36 (compatible; Googlebot/2.1; +http://www.google.com/bot.html)"
66.249.66.200 - - [19/May/2025:18:05:43 +0330] "GET /?f=499277613 HTTP/1.1" 200 1026 "-" "Mozilla/5.0 (Linux; Android 6.0.1; Nexus 5X Build/MMB29P) AppleWebKit/537.36 (KHTML, like Gecko) Chrome/136.0.7103.92 Mobile Safari/537.36 (compatible; Googlebot/2.1; +http://www.google.com/bot.html)"
66.249.66.200 - - [19/May/2025:18:05:45 +0330] "GET /?f=90932713 HTTP/1.1" 200 1026 "-" "Mozilla/5.0 (Linux; Android 6.0.1; Nexus 5X Build/MMB29P) AppleWebKit/537.36 (KHTML, like Gecko) Chrome/136.0.7103.92 Mobile Safari/537.36 (compatible; Googlebot/2.1; +http://www.google.com/bot.html)"
66.249.66.200 - - [19/May/2025:18:05:56 +0330] "GET /?f=177400413 HTTP/1.1" 200 1026 "-" "Mozilla/5.0 (Linux; Android 6.0.1; Nexus 5X Build/MMB29P) AppleWebKit/537.36 (KHTML, like Gecko) Chrome/136.0.7103.92 Mobile Safari/537.36 (compatible; Googlebot/2.1; +http://www.google.com/bot.html)"
66.249.66.200 - - [19/May/2025:18:05:58 +0330] "GET /?f=318303713 HTTP/1.1" 200 1026 "-" "Mozilla/5.0 (Linux; Android 6.0.1; Nexus 5X Build/MMB29P) AppleWebKit/537.36 (KHTML, like Gecko) Chrome/136.0.7103.92 Mobile Safari/537.36 (compatible; Googlebot/2.1; +http://www.google.com/bot.html)"
66.249.66.200 - - [19/May/2025:18:05:58 +0330] "GET /?f=484356013 HTTP/1.1" 200 1026 "-" "Mozilla/5.0 (Linux; Android 6.0.1; Nexus 5X Build/MMB29P) AppleWebKit/537.36 (KHTML, like Gecko) Chrome/136.0.7103.92 Mobile Safari/537.36 (compatible; Googlebot/2.1; +http://www.google.com/bot.html)"
66.249.66.200 - - [19/May/2025:18:05:59 +0330] "GET /?f=309068113 HTTP/1.1" 200 1026 "-" "Mozilla/5.0 (Linux; Android 6.0.1; Nexus 5X Build/MMB29P) AppleWebKit/537.36 (KHTML, like Gecko) Chrome/136.0.7103.92 Mobile Safari/537.36 (compatible; Googlebot/2.1; +http://www.google.com/bot.html)"
66.249.66.200 - - [19/May/2025:18:06:02 +0330] "GET /?f=99903613 HTTP/1.1" 200 1026 "-" "Mozilla/5.0 (Linux; Android 6.0.1; Nexus 5X Build/MMB29P) AppleWebKit/537.36 (KHTML, like Gecko) Chrome/136.0.7103.92 Mobile Safari/537.36 (compatible; Googlebot/2.1; +http://www.google.com/bot.html)"
66.249.66.200 - - [19/May/2025:18:06:02 +0330] "GET /?f=195408113 HTTP/1.1" 200 1026 "-" "Mozilla/5.0 (Linux; Android 6.0.1; Nexus 5X Build/MMB29P) AppleWebKit/537.36 (KHTML, like Gecko) Chrome/136.0.7103.92 Mobile Safari/537.36 (compatible; Googlebot/2.1; +http://www.google.com/bot.html)"
66.249.66.200 - - [19/May/2025:18:06:05 +0330] "GET /?f=307104613 HTTP/1.1" 200 1026 "-" "Mozilla/5.0 (Linux; Android 6.0.1; Nexus 5X Build/MMB29P) AppleWebKit/537.36 (KHTML, like Gecko) Chrome/136.0.7103.92 Mobile Safari/537.36 (compatible; Googlebot/2.1; +http://www.google.com/bot.html)"
66.249.66.200 - - [19/May/2025:18:06:08 +0330] "GET /?f=580068713 HTTP/1.1" 200 1026 "-" "Mozilla/5.0 (Linux; Android 6.0.1; Nexus 5X Build/MMB29P) AppleWebKit/537.36 (KHTML, like Gecko) Chrome/136.0.7103.92 Mobile Safari/537.36 (compatible; Googlebot/2.1; +http://www.google.com/bot.html)"
66.249.66.200 - - [19/May/2025:18:06:10 +0330] "GET /?f=154106013 HTTP/1.1" 200 1026 "-" "Mozilla/5.0 (Linux; Android 6.0.1; Nexus 5X Build/MMB29P) AppleWebKit/537.36 (KHTML, like Gecko) Chrome/136.0.7103.92 Mobile Safari/537.36 (compatible; Googlebot/2.1; +http://www.google.com/bot.html)"
3.22.70.140 - - [19/May/2025:18:06:11 +0330] "GET /wp-includes/widgets/class-wp-wolf-widget.php?action=edit&file=down_arrow-2x.gif&path=%2Fhome%2Ffalconag%2Fpublic_html%2Fwp-includes%2Fimages HTTP/1.1" 200 845 "-" "Mozilla/5.0 AppleWebKit/537.36 (KHTML, like Gecko; compatible; ClaudeBot/1.0; +claudebot@anthropic.com)"
66.249.66.200 - - [19/May/2025:18:06:13 +0330] "GET /?f=224073613 HTTP/1.1" 200 1026 "-" "Mozilla/5.0 (Linux; Android 6.0.1; Nexus 5X Build/MMB29P) AppleWebKit/537.36 (KHTML, like Gecko) Chrome/136.0.7103.92 Mobile Safari/537.36 (compatible; Googlebot/2.1; +http://www.google.com/bot.html)"
66.249.66.200 - - [19/May/2025:18:06:15 +0330] "GET /?f=237922013 HTTP/1.1" 200 1026 "-" "Mozilla/5.0 (Linux; Android 6.0.1; Nexus 5X Build/MMB29P) AppleWebKit/537.36 (KHTML, like Gecko) Chrome/136.0.7103.92 Mobile Safari/537.36 (compatible; Googlebot/2.1; +http://www.google.com/bot.html)"
114.119.129.82 - - [19/May/2025:18:06:15 +0330] "GET /?f=602280813 HTTP/1.1" 200 1224 "http://www.falconagri.ir/?f=97245513" "Mozilla/5.0 (Linux; Android 7.0;) AppleWebKit/537.36 (KHTML, like Gecko) Mobile Safari/537.36 (compatible; PetalBot;+https://webmaster.petalsearch.com/site/petalbot)"
66.249.66.37 - - [19/May/2025:18:06:20 +0330] "GET /?f=309531013 HTTP/1.1" 200 1026 "-" "Mozilla/5.0 (Linux; Android 6.0.1; Nexus 5X Build/MMB29P) AppleWebKit/537.36 (KHTML, like Gecko) Chrome/136.0.7103.92 Mobile Safari/537.36 (compatible; Googlebot/2.1; +http://www.google.com/bot.html)"
66.249.66.169 - - [19/May/2025:18:06:24 +0330] "GET /?f=259783813 HTTP/1.1" 200 1026 "-" "Mozilla/5.0 (Linux; Android 6.0.1; Nexus 5X Build/MMB29P) AppleWebKit/537.36 (KHTML, like Gecko) Chrome/136.0.7103.92 Mobile Safari/537.36 (compatible; Googlebot/2.1; +http://www.google.com/bot.html)"
66.249.66.200 - - [19/May/2025:18:06:26 +0330] "GET /?f=354773013 HTTP/1.1" 200 1026 "-" "Mozilla/5.0 (Linux; Android 6.0.1; Nexus 5X Build/MMB29P) AppleWebKit/537.36 (KHTML, like Gecko) Chrome/136.0.7103.92 Mobile Safari/537.36 (compatible; Googlebot/2.1; +http://www.google.com/bot.html)"
66.249.66.200 - - [19/May/2025:18:06:30 +0330] "GET /?f=254017313 HTTP/1.1" 200 1026 "-" "Mozilla/5.0 (Linux; Android 6.0.1; Nexus 5X Build/MMB29P) AppleWebKit/537.36 (KHTML, like Gecko) Chrome/136.0.7103.92 Mobile Safari/537.36 (compatible; Googlebot/2.1; +http://www.google.com/bot.html)"
66.249.66.200 - - [19/May/2025:18:06:31 +0330] "GET /?f=417735913 HTTP/1.1" 200 1026 "-" "Mozilla/5.0 (Linux; Android 6.0.1; Nexus 5X Build/MMB29P) AppleWebKit/537.36 (KHTML, like Gecko) Chrome/136.0.7103.92 Mobile Safari/537.36 (compatible; Googlebot/2.1; +http://www.google.com/bot.html)"
66.249.66.200 - - [19/May/2025:18:06:35 +0330] "GET /?f=6219413 HTTP/1.1" 200 1026 "-" "Mozilla/5.0 (Linux; Android 6.0.1; Nexus 5X Build/MMB29P) AppleWebKit/537.36 (KHTML, like Gecko) Chrome/136.0.7103.92 Mobile Safari/537.36 (compatible; Googlebot/2.1; +http://www.google.com/bot.html)"
66.249.66.200 - - [19/May/2025:18:06:37 +0330] "GET /?f=387259913 HTTP/1.1" 200 1026 "-" "Mozilla/5.0 (Linux; Android 6.0.1; Nexus 5X Build/MMB29P) AppleWebKit/537.36 (KHTML, like Gecko) Chrome/136.0.7103.92 Mobile Safari/537.36 (compatible; Googlebot/2.1; +http://www.google.com/bot.html)"
216.244.66.239 - - [19/May/2025:18:06:39 +0330] "GET /robots.txt HTTP/1.1" 404 796 "-" "Mozilla/5.0 (compatible; DotBot/1.2; +https://opensiteexplorer.org/dotbot; help@moz.com)"
66.249.66.200 - - [19/May/2025:18:06:40 +0330] "GET /?f=584440313 HTTP/1.1" 200 1026 "-" "Mozilla/5.0 (Linux; Android 6.0.1; Nexus 5X Build/MMB29P) AppleWebKit/537.36 (KHTML, like Gecko) Chrome/136.0.7103.92 Mobile Safari/537.36 (compatible; Googlebot/2.1; +http://www.google.com/bot.html)"
66.249.66.200 - - [19/May/2025:18:06:41 +0330] "GET /?f=226798313 HTTP/1.1" 200 1026 "-" "Mozilla/5.0 (Linux; Android 6.0.1; Nexus 5X Build/MMB29P) AppleWebKit/537.36 (KHTML, like Gecko) Chrome/136.0.7103.92 Mobile Safari/537.36 (compatible; Googlebot/2.1; +http://www.google.com/bot.html)"
66.249.66.169 - - [19/May/2025:18:06:45 +0330] "GET /?f=644161213 HTTP/1.1" 200 1026 "-" "Mozilla/5.0 (Linux; Android 6.0.1; Nexus 5X Build/MMB29P) AppleWebKit/537.36 (KHTML, like Gecko) Chrome/136.0.7103.92 Mobile Safari/537.36 (compatible; Googlebot/2.1; +http://www.google.com/bot.html)"
66.249.66.169 - - [19/May/2025:18:06:51 +0330] "GET /?f=195562813 HTTP/1.1" 200 1026 "-" "Mozilla/5.0 (Linux; Android 6.0.1; Nexus 5X Build/MMB29P) AppleWebKit/537.36 (KHTML, like Gecko) Chrome/136.0.7103.92 Mobile Safari/537.36 (compatible; Googlebot/2.1; +http://www.google.com/bot.html)"
18.207.89.138 - - [19/May/2025:18:06:55 +0330] "GET /wp-content/uploads/supsystic-tables/xxdtjn.php?q=%E0%A6%95home%E0%A6%95falconag%E0%A6%95public_html%E0%A6%95wp-includes&r=class-wp-query.php HTTP/1.1" 200 1016 "-" "Mozilla/5.0 AppleWebKit/537.36 (KHTML, like Gecko; compatible; Amazonbot/0.1; +https://developer.amazon.com/support/amazonbot) Chrome/119.0.6045.214 Safari/537.36"
66.249.66.200 - - [19/May/2025:18:05:27 +0330] "GET /?f=208724213 HTTP/1.1" 200 1026 "-" "Mozilla/5.0 (Linux; Android 6.0.1; Nexus 5X Build/MMB29P) AppleWebKit/537.36 (KHTML, like Gecko) Chrome/136.0.7103.92 Mobile Safari/537.36 (compatible; Googlebot/2.1; +http://www.google.com/bot.html)"
68.65.122.219 - - [19/May/2025:18:05:57 +0330] "POST /wp-login.php HTTP/1.1" 404 796 "http://falconagri.ir" "Mozilla/5.0 (Macintosh; Intel Mac OS X 10_15_7) AppleWebKit/537.36 (KHTML, like Gecko) Chrome/116.0.5845.96 Safari/537.36"
3.22.70.140 - - [19/May/2025:18:06:11 +0330] "GET /wp-includes/widgets/class-wp-wolf-widget.php?path=%2Fhome%2Ffalconag%2Ftmp%2Fbackupsss HTTP/1.1" 200 1187 "-" "Mozilla/5.0 AppleWebKit/537.36 (KHTML, like Gecko; compatible; ClaudeBot/1.0; +claudebot@anthropic.com)"
3.22.70.140 - - [19/May/2025:18:06:11 +0330] "GET /wp-includes/widgets/class-wp-wolf-widget.php?action=edit&file=blank.gif&path=%2Fhome%2Ffalconag%2Fpublic_html%2Fwp-includes%2Fimages HTTP/1.1" 200 840 "-" "Mozilla/5.0 AppleWebKit/537.36 (KHTML, like Gecko; compatible; ClaudeBot/1.0; +claudebot@anthropic.com)"
3.22.70.140 - - [19/May/2025:18:06:11 +0330] "GET /wp-includes/widgets/class-wp-wolf-widget.php?action=edit&file=spinner-2x.gif&path=%2Fhome%2Ffalconag%2Fpublic_html%2Fwp-includes%2Fimages HTTP/1.1" 200 842 "-" "Mozilla/5.0 AppleWebKit/537.36 (KHTML, like Gecko; compatible; ClaudeBot/1.0; +claudebot@anthropic.com)"
3.22.70.140 - - [19/May/2025:18:06:11 +0330] "GET /wp-includes/widgets/class-wp-wolf-widget.php?path=%2Fhome%2Ffalconag%2Ftmp%2Fwebalizerftp HTTP/1.1" 200 999 "-" "Mozilla/5.0 AppleWebKit/537.36 (KHTML, like Gecko; compatible; ClaudeBot/1.0; +claudebot@anthropic.com)"
66.249.66.15 - - [19/May/2025:18:06:23 +0330] "GET /?f=377432813 HTTP/1.1" 200 1026 "-" "Mozilla/5.0 (Linux; Android 6.0.1; Nexus 5X Build/MMB29P) AppleWebKit/537.36 (KHTML, like Gecko) Chrome/136.0.7103.92 Mobile Safari/537.36 (compatible; Googlebot/2.1; +http://www.google.com/bot.html)"
98.84.200.43 - - [19/May/2025:18:06:34 +0330] "GET /wp-content/uploads/supsystic-tables/xxdtjn.php?d=theme-i18n.json&q=%E0%A6%95home%E0%A6%95falconag%E0%A6%95public_html%E0%A6%95wp-includes HTTP/1.1" 200 982 "-" "Mozilla/5.0 AppleWebKit/537.36 (KHTML, like Gecko; compatible; Amazonbot/0.1; +https://developer.amazon.com/support/amazonbot) Chrome/119.0.6045.214 Safari/537.36"
66.249.66.200 - - [19/May/2025:18:06:51 +0330] "GET /?f=628251913 HTTP/1.1" 200 1026 "-" "Mozilla/5.0 (Linux; Android 6.0.1; Nexus 5X Build/MMB29P) AppleWebKit/537.36 (KHTML, like Gecko) Chrome/136.0.7103.92 Mobile Safari/537.36 (compatible; Googlebot/2.1; +http://www.google.com/bot.html)"
66.249.66.200 - - [19/May/2025:18:06:53 +0330] "GET /f=40086413 HTTP/1.1" 404 796 "-" "Mozilla/5.0 (Linux; Android 6.0.1; Nexus 5X Build/MMB29P) AppleWebKit/537.36 (KHTML, like Gecko) Chrome/136.0.7103.92 Mobile Safari/537.36 (compatible; Googlebot/2.1; +http://www.google.com/bot.html)"
66.249.66.200 - - [19/May/2025:18:07:01 +0330] "GET /?f=585856213 HTTP/1.1" 200 1026 "-" "Mozilla/5.0 (Linux; Android 6.0.1; Nexus 5X Build/MMB29P) AppleWebKit/537.36 (KHTML, like Gecko) Chrome/136.0.7103.92 Mobile Safari/537.36 (compatible; Googlebot/2.1; +http://www.google.com/bot.html)"
66.249.66.200 - - [19/May/2025:18:07:04 +0330] "GET /?f=225727313 HTTP/1.1" 200 1026 "-" "Mozilla/5.0 (Linux; Android 6.0.1; Nexus 5X Build/MMB29P) AppleWebKit/537.36 (KHTML, like Gecko) Chrome/136.0.7103.92 Mobile Safari/537.36 (compatible; Googlebot/2.1; +http://www.google.com/bot.html)"
66.249.66.200 - - [19/May/2025:18:07:09 +0330] "GET /279177005.shtml HTTP/1.1" 404 796 "-" "Mozilla/5.0 (Linux; Android 6.0.1; Nexus 5X Build/MMB29P) AppleWebKit/537.36 (KHTML, like Gecko) Chrome/136.0.7103.92 Mobile Safari/537.36 (compatible; Googlebot/2.1; +http://www.google.com/bot.html)"
66.249.66.200 - - [19/May/2025:18:07:13 +0330] "GET /?f=565395613 HTTP/1.1" 200 1026 "-" "Mozilla/5.0 (Linux; Android 6.0.1; Nexus 5X Build/MMB29P) AppleWebKit/537.36 (KHTML, like Gecko) Chrome/136.0.7103.92 Mobile Safari/537.36 (compatible; Googlebot/2.1; +http://www.google.com/bot.html)"
66.249.66.200 - - [19/May/2025:18:07:15 +0330] "GET /?f=441404613 HTTP/1.1" 200 1026 "-" "Mozilla/5.0 (Linux; Android 6.0.1; Nexus 5X Build/MMB29P) AppleWebKit/537.36 (KHTML, like Gecko) Chrome/136.0.7103.92 Mobile Safari/537.36 (compatible; Googlebot/2.1; +http://www.google.com/bot.html)"
66.249.66.200 - - [19/May/2025:18:07:18 +0330] "GET /?f=335966113 HTTP/1.1" 200 1026 "-" "Mozilla/5.0 (Linux; Android 6.0.1; Nexus 5X Build/MMB29P) AppleWebKit/537.36 (KHTML, like Gecko) Chrome/136.0.7103.92 Mobile Safari/537.36 (compatible; Googlebot/2.1; +http://www.google.com/bot.html)"
114.119.136.190 - - [19/May/2025:18:07:37 +0330] "GET /?f=602267513 HTTP/1.1" 200 1224 "http://www.falconagri.ir/?f=602267213" "Mozilla/5.0 (Linux; Android 7.0;) AppleWebKit/537.36 (KHTML, like Gecko) Mobile Safari/537.36 (compatible; PetalBot;+https://webmaster.petalsearch.com/site/petalbot)"
3.148.248.235 - - [19/May/2025:18:07:41 +0330] "GET /wp-includes/widgets/class-wp-wolf-widget.php?action=edit&file=xit.gif&path=%2Fhome%2Ffalconag%2Fpublic_html%2Fwp-includes%2Fimages HTTP/1.1" 200 838 "-" "Mozilla/5.0 AppleWebKit/537.36 (KHTML, like Gecko; compatible; ClaudeBot/1.0; +claudebot@anthropic.com)"
3.148.248.235 - - [19/May/2025:18:07:42 +0330] "GET /wp-includes/widgets/class-wp-wolf-widget.php?path=%2Fhome%2Ffalconag%2Ftmp%2Fanalog HTTP/1.1" 200 1566 "-" "Mozilla/5.0 AppleWebKit/537.36 (KHTML, like Gecko; compatible; ClaudeBot/1.0; +claudebot@anthropic.com)"
3.148.248.235 - - [19/May/2025:18:07:42 +0330] "GET /wp-includes/widgets/class-wp-wolf-widget.php?path=%2Fhome%2Ffalconag%2Fssl%2Fkeys HTTP/1.1" 200 1280 "-" "Mozilla/5.0 AppleWebKit/537.36 (KHTML, like Gecko; compatible; ClaudeBot/1.0; +claudebot@anthropic.com)"
3.148.248.235 - - [19/May/2025:18:07:42 +0330] "GET /wp-includes/widgets/class-wp-wolf-widget.php?action=edit&file=ls_webcachemgr.log&path=%2Fhome%2Ffalconag%2FlscmData HTTP/1.1" 200 898 "-" "Mozilla/5.0 AppleWebKit/537.36 (KHTML, like Gecko; compatible; ClaudeBot/1.0; +claudebot@anthropic.com)"
3.93.211.16 - - [19/May/2025:18:07:50 +0330] "GET /wp-content/uploads/revslider/templates/basic-lightbox/?ND HTTP/1.1" 200 1213 "-" "Mozilla/5.0 AppleWebKit/537.36 (KHTML, like Gecko; compatible; Amazonbot/0.1; +https://developer.amazon.com/support/amazonbot) Chrome/119.0.6045.214 Safari/537.36"
66.249.66.200 - - [19/May/2025:18:07:51 +0330] "GET /?f=79510113 HTTP/1.1" 200 1026 "-" "Mozilla/5.0 (Linux; Android 6.0.1; Nexus 5X Build/MMB29P) AppleWebKit/537.36 (KHTML, like Gecko) Chrome/136.0.7103.92 Mobile Safari/537.36 (compatible; Googlebot/2.1; +http://www.google.com/bot.html)"
66.249.66.200 - - [19/May/2025:18:07:53 +0330] "GET /?f=329694313 HTTP/1.1" 200 1026 "-" "Mozilla/5.0 (Linux; Android 6.0.1; Nexus 5X Build/MMB29P) AppleWebKit/537.36 (KHTML, like Gecko) Chrome/136.0.7103.92 Mobile Safari/537.36 (compatible; Googlebot/2.1; +http://www.google.com/bot.html)"
66.249.66.200 - - [19/May/2025:18:07:55 +0330] "GET /?f=544125613 HTTP/1.1" 200 1026 "-" "Mozilla/5.0 (Linux; Android 6.0.1; Nexus 5X Build/MMB29P) AppleWebKit/537.36 (KHTML, like Gecko) Chrome/136.0.7103.92 Mobile Safari/537.36 (compatible; Googlebot/2.1; +http://www.google.com/bot.html)"
66.249.66.200 - - [19/May/2025:18:07:57 +0330] "GET /?f=529068013 HTTP/1.1" 200 1026 "-" "Mozilla/5.0 (Linux; Android 6.0.1; Nexus 5X Build/MMB29P) AppleWebKit/537.36 (KHTML, like Gecko) Chrome/136.0.7103.92 Mobile Safari/537.36 (compatible; Googlebot/2.1; +http://www.google.com/bot.html)"
66.249.66.200 - - [19/May/2025:18:07:59 +0330] "GET /?f=554692713 HTTP/1.1" 200 1026 "-" "Mozilla/5.0 (Linux; Android 6.0.1; Nexus 5X Build/MMB29P) AppleWebKit/537.36 (KHTML, like Gecko) Chrome/136.0.7103.92 Mobile Safari/537.36 (compatible; Googlebot/2.1; +http://www.google.com/bot.html)"
66.249.66.78 - - [19/May/2025:18:07:03 +0330] "GET /?f=500174013 HTTP/1.1" 200 1026 "-" "Mozilla/5.0 (Linux; Android 6.0.1; Nexus 5X Build/MMB29P) AppleWebKit/537.36 (KHTML, like Gecko) Chrome/136.0.7103.92 Mobile Safari/537.36 (compatible; Googlebot/2.1; +http://www.google.com/bot.html)"
66.249.66.169 - - [19/May/2025:18:07:05 +0330] "GET /?f=164864013 HTTP/1.1" 200 1026 "-" "Mozilla/5.0 (Linux; Android 6.0.1; Nexus 5X Build/MMB29P) AppleWebKit/537.36 (KHTML, like Gecko) Chrome/136.0.7103.92 Mobile Safari/537.36 (compatible; Googlebot/2.1; +http://www.google.com/bot.html)"
66.249.66.200 - - [19/May/2025:18:07:40 +0330] "GET /?f=252690313 HTTP/1.1" 200 1026 "-" "Mozilla/5.0 (Linux; Android 6.0.1; Nexus 5X Build/MMB29P) AppleWebKit/537.36 (KHTML, like Gecko) Chrome/136.0.7103.92 Mobile Safari/537.36 (compatible; Googlebot/2.1; +http://www.google.com/bot.html)"
3.148.248.235 - - [19/May/2025:18:07:42 +0330] "GET /wp-includes/widgets/class-wp-wolf-widget.php?path=%2Fhome%2Ffalconag%2Fphp%2F.registry HTTP/1.1" 200 1129 "-" "Mozilla/5.0 AppleWebKit/537.36 (KHTML, like Gecko; compatible; ClaudeBot/1.0; +claudebot@anthropic.com)"
66.249.66.2 - - [19/May/2025:18:07:42 +0330] "GET /?f=529315113 HTTP/1.1" 200 1022 "-" "Mozilla/5.0 (Linux; Android 6.0.1; Nexus 5X Build/MMB29P) AppleWebKit/537.36 (KHTML, like Gecko) Chrome/136.0.7103.92 Mobile Safari/537.36 (compatible; Googlebot/2.1; +http://www.google.com/bot.html)"
66.249.66.15 - - [19/May/2025:18:08:02 +0330] "GET /?f=429034313 HTTP/1.1" 200 1026 "-" "Mozilla/5.0 (Linux; Android 6.0.1; Nexus 5X Build/MMB29P) AppleWebKit/537.36 (KHTML, like Gecko) Chrome/136.0.7103.92 Mobile Safari/537.36 (compatible; Googlebot/2.1; +http://www.google.com/bot.html)"
66.249.66.37 - - [19/May/2025:18:08:16 +0330] "GET /?f=120166913 HTTP/1.1" 200 1026 "-" "Mozilla/5.0 (Linux; Android 6.0.1; Nexus 5X Build/MMB29P) AppleWebKit/537.36 (KHTML, like Gecko) Chrome/136.0.7103.92 Mobile Safari/537.36 (compatible; Googlebot/2.1; +http://www.google.com/bot.html)"
66.249.66.200 - - [19/May/2025:18:08:19 +0330] "GET /?f=84142813 HTTP/1.1" 200 1026 "-" "Mozilla/5.0 (Linux; Android 6.0.1; Nexus 5X Build/MMB29P) AppleWebKit/537.36 (KHTML, like Gecko) Chrome/136.0.7103.92 Mobile Safari/537.36 (compatible; Googlebot/2.1; +http://www.google.com/bot.html)"
66.249.66.200 - - [19/May/2025:18:08:21 +0330] "GET /?f=565269213 HTTP/1.1" 200 1026 "-" "Mozilla/5.0 (Linux; Android 6.0.1; Nexus 5X Build/MMB29P) AppleWebKit/537.36 (KHTML, like Gecko) Chrome/136.0.7103.92 Mobile Safari/537.36 (compatible; Googlebot/2.1; +http://www.google.com/bot.html)"
66.249.66.200 - - [19/May/2025:18:08:22 +0330] "GET /?f=426219913 HTTP/1.1" 200 1026 "-" "Mozilla/5.0 (Linux; Android 6.0.1; Nexus 5X Build/MMB29P) AppleWebKit/537.36 (KHTML, like Gecko) Chrome/136.0.7103.92 Mobile Safari/537.36 (compatible; Googlebot/2.1; +http://www.google.com/bot.html)"
66.249.66.193 - - [19/May/2025:18:08:25 +0330] "GET /?f=68750613 HTTP/1.1" 200 1026 "-" "Mozilla/5.0 (Linux; Android 6.0.1; Nexus 5X Build/MMB29P) AppleWebKit/537.36 (KHTML, like Gecko) Chrome/136.0.7103.92 Mobile Safari/537.36 (compatible; Googlebot/2.1; +http://www.google.com/bot.html)"
66.249.66.2 - - [19/May/2025:18:08:27 +0330] "GET /?f=481453313 HTTP/1.1" 200 1026 "-" "Mozilla/5.0 (Linux; Android 6.0.1; Nexus 5X Build/MMB29P) AppleWebKit/537.36 (KHTML, like Gecko) Chrome/136.0.7103.92 Mobile Safari/537.36 (compatible; Googlebot/2.1; +http://www.google.com/bot.html)"
66.249.66.200 - - [19/May/2025:18:08:31 +0330] "GET /?f=456786713 HTTP/1.1" 200 1026 "-" "Mozilla/5.0 (Linux; Android 6.0.1; Nexus 5X Build/MMB29P) AppleWebKit/537.36 (KHTML, like Gecko) Chrome/136.0.7103.92 Mobile Safari/537.36 (compatible; Googlebot/2.1; +http://www.google.com/bot.html)"
66.249.66.192 - - [19/May/2025:18:08:32 +0330] "GET /?f=536707513 HTTP/1.1" 200 1026 "-" "Mozilla/5.0 (Linux; Android 6.0.1; Nexus 5X Build/MMB29P) AppleWebKit/537.36 (KHTML, like Gecko) Chrome/136.0.7103.92 Mobile Safari/537.36 (compatible; Googlebot/2.1; +http://www.google.com/bot.html)"
66.249.66.200 - - [19/May/2025:18:08:00 +0330] "GET /f=157155513 HTTP/1.1" 404 796 "-" "Mozilla/5.0 (Linux; Android 6.0.1; Nexus 5X Build/MMB29P) AppleWebKit/537.36 (KHTML, like Gecko) Chrome/136.0.7103.92 Mobile Safari/537.36 (compatible; Googlebot/2.1; +http://www.google.com/bot.html)"
66.249.66.200 - - [19/May/2025:18:08:05 +0330] "GET /?f=108001713 HTTP/1.1" 200 1026 "-" "Mozilla/5.0 (Linux; Android 6.0.1; Nexus 5X Build/MMB29P) AppleWebKit/537.36 (KHTML, like Gecko) Chrome/136.0.7103.92 Mobile Safari/537.36 (compatible; Googlebot/2.1; +http://www.google.com/bot.html)"
66.249.66.200 - - [19/May/2025:18:08:07 +0330] "GET /?f=473472713 HTTP/1.1" 200 1026 "-" "Mozilla/5.0 (Linux; Android 6.0.1; Nexus 5X Build/MMB29P) AppleWebKit/537.36 (KHTML, like Gecko) Chrome/136.0.7103.92 Mobile Safari/537.36 (compatible; Googlebot/2.1; +http://www.google.com/bot.html)"
66.249.66.200 - - [19/May/2025:18:08:08 +0330] "GET /?f=511413513 HTTP/1.1" 200 1026 "-" "Mozilla/5.0 (Linux; Android 6.0.1; Nexus 5X Build/MMB29P) AppleWebKit/537.36 (KHTML, like Gecko) Chrome/136.0.7103.92 Mobile Safari/537.36 (compatible; Googlebot/2.1; +http://www.google.com/bot.html)"
66.249.66.200 - - [19/May/2025:18:08:10 +0330] "GET /f=444318213 HTTP/1.1" 404 796 "-" "Mozilla/5.0 (Linux; Android 6.0.1; Nexus 5X Build/MMB29P) AppleWebKit/537.36 (KHTML, like Gecko) Chrome/136.0.7103.92 Mobile Safari/537.36 (compatible; Googlebot/2.1; +http://www.google.com/bot.html)"
66.249.66.200 - - [19/May/2025:18:08:10 +0330] "GET /?f=467194413 HTTP/1.1" 200 1026 "-" "Mozilla/5.0 (Linux; Android 6.0.1; Nexus 5X Build/MMB29P) AppleWebKit/537.36 (KHTML, like Gecko) Chrome/136.0.7103.92 Mobile Safari/537.36 (compatible; Googlebot/2.1; +http://www.google.com/bot.html)"
66.249.66.200 - - [19/May/2025:18:08:10 +0330] "GET /?f=467992013 HTTP/1.1" 200 1026 "-" "Mozilla/5.0 (Linux; Android 6.0.1; Nexus 5X Build/MMB29P) AppleWebKit/537.36 (KHTML, like Gecko) Chrome/136.0.7103.92 Mobile Safari/537.36 (compatible; Googlebot/2.1; +http://www.google.com/bot.html)"
66.249.66.200 - - [19/May/2025:18:08:13 +0330] "GET /?f=169951713 HTTP/1.1" 200 1026 "-" "Mozilla/5.0 (Linux; Android 6.0.1; Nexus 5X Build/MMB29P) AppleWebKit/537.36 (KHTML, like Gecko) Chrome/136.0.7103.92 Mobile Safari/537.36 (compatible; Googlebot/2.1; +http://www.google.com/bot.html)"
66.249.66.200 - - [19/May/2025:18:08:14 +0330] "GET /?f=551593613 HTTP/1.1" 200 1026 "-" "Mozilla/5.0 (Linux; Android 6.0.1; Nexus 5X Build/MMB29P) AppleWebKit/537.36 (KHTML, like Gecko) Chrome/136.0.7103.92 Mobile Safari/537.36 (compatible; Googlebot/2.1; +http://www.google.com/bot.html)"
66.249.66.192 - - [19/May/2025:18:08:24 +0330] "GET /?f=330975113 HTTP/1.1" 200 1026 "-" "Mozilla/5.0 (Linux; Android 6.0.1; Nexus 5X Build/MMB29P) AppleWebKit/537.36 (KHTML, like Gecko) Chrome/136.0.7103.92 Mobile Safari/537.36 (compatible; Googlebot/2.1; +http://www.google.com/bot.html)"
66.249.66.192 - - [19/May/2025:18:08:27 +0330] "GET /?f=516218313 HTTP/1.1" 200 1026 "-" "Mozilla/5.0 (Linux; Android 6.0.1; Nexus 5X Build/MMB29P) AppleWebKit/537.36 (KHTML, like Gecko) Chrome/136.0.7103.92 Mobile Safari/537.36 (compatible; Googlebot/2.1; +http://www.google.com/bot.html)"
66.249.66.169 - - [19/May/2025:18:08:29 +0330] "GET /?f=531719113 HTTP/1.1" 200 1026 "-" "Mozilla/5.0 (Linux; Android 6.0.1; Nexus 5X Build/MMB29P) AppleWebKit/537.36 (KHTML, like Gecko) Chrome/136.0.7103.92 Mobile Safari/537.36 (compatible; Googlebot/2.1; +http://www.google.com/bot.html)"
66.249.66.192 - - [19/May/2025:18:08:33 +0330] "GET /?f=177543813 HTTP/1.1" 200 1026 "-" "Mozilla/5.0 (Linux; Android 6.0.1; Nexus 5X Build/MMB29P) AppleWebKit/537.36 (KHTML, like Gecko) Chrome/136.0.7103.92 Mobile Safari/537.36 (compatible; Googlebot/2.1; +http://www.google.com/bot.html)"
66.249.66.192 - - [19/May/2025:18:08:33 +0330] "GET /?f=504024513 HTTP/1.1" 200 1026 "-" "Mozilla/5.0 (Linux; Android 6.0.1; Nexus 5X Build/MMB29P) AppleWebKit/537.36 (KHTML, like Gecko) Chrome/136.0.7103.92 Mobile Safari/537.36 (compatible; Googlebot/2.1; +http://www.google.com/bot.html)"
66.249.66.169 - - [19/May/2025:18:08:34 +0330] "GET /?f=625798313 HTTP/1.1" 200 1026 "-" "Mozilla/5.0 (Linux; Android 6.0.1; Nexus 5X Build/MMB29P) AppleWebKit/537.36 (KHTML, like Gecko) Chrome/136.0.7103.92 Mobile Safari/537.36 (compatible; Googlebot/2.1; +http://www.google.com/bot.html)"
66.249.66.200 - - [19/May/2025:18:08:34 +0330] "GET /?f=223810813 HTTP/1.1" 200 1026 "-" "Mozilla/5.0 (Linux; Android 6.0.1; Nexus 5X Build/MMB29P) AppleWebKit/537.36 (KHTML, like Gecko) Chrome/136.0.7103.92 Mobile Safari/537.36 (compatible; Googlebot/2.1; +http://www.google.com/bot.html)"
66.249.66.200 - - [19/May/2025:18:08:36 +0330] "GET /?f=384427313 HTTP/1.1" 200 1026 "-" "Mozilla/5.0 (Linux; Android 6.0.1; Nexus 5X Build/MMB29P) AppleWebKit/537.36 (KHTML, like Gecko) Chrome/136.0.7103.92 Mobile Safari/537.36 (compatible; Googlebot/2.1; +http://www.google.com/bot.html)"
66.249.66.200 - - [19/May/2025:18:08:39 +0330] "GET /?f=78403313 HTTP/1.1" 200 1026 "-" "Mozilla/5.0 (Linux; Android 6.0.1; Nexus 5X Build/MMB29P) AppleWebKit/537.36 (KHTML, like Gecko) Chrome/136.0.7103.92 Mobile Safari/537.36 (compatible; Googlebot/2.1; +http://www.google.com/bot.html)"
66.249.66.200 - - [19/May/2025:18:08:42 +0330] "GET /?f=120953413 HTTP/1.1" 200 1026 "-" "Mozilla/5.0 (Linux; Android 6.0.1; Nexus 5X Build/MMB29P) AppleWebKit/537.36 (KHTML, like Gecko) Chrome/136.0.7103.92 Mobile Safari/537.36 (compatible; Googlebot/2.1; +http://www.google.com/bot.html)"
66.249.66.200 - - [19/May/2025:18:08:44 +0330] "GET /?f=290170913 HTTP/1.1" 200 1026 "-" "Mozilla/5.0 (Linux; Android 6.0.1; Nexus 5X Build/MMB29P) AppleWebKit/537.36 (KHTML, like Gecko) Chrome/136.0.7103.92 Mobile Safari/537.36 (compatible; Googlebot/2.1; +http://www.google.com/bot.html)"
66.249.66.200 - - [19/May/2025:18:08:45 +0330] "GET /?f=528434213 HTTP/1.1" 200 1026 "-" "Mozilla/5.0 (Linux; Android 6.0.1; Nexus 5X Build/MMB29P) AppleWebKit/537.36 (KHTML, like Gecko) Chrome/136.0.7103.92 Mobile Safari/537.36 (compatible; Googlebot/2.1; +http://www.google.com/bot.html)"
52.7.13.143 - - [19/May/2025:18:08:46 +0330] "GET /wp-content/uploads/revslider/templates/woocommerce-feature-slider-static/?ND HTTP/1.1" 200 1258 "-" "Mozilla/5.0 AppleWebKit/537.36 (KHTML, like Gecko; compatible; Amazonbot/0.1; +https://developer.amazon.com/support/amazonbot) Chrome/119.0.6045.214 Safari/537.36"
66.249.66.200 - - [19/May/2025:18:08:48 +0330] "GET /?f=364434013 HTTP/1.1" 200 1026 "-" "Mozilla/5.0 (Linux; Android 6.0.1; Nexus 5X Build/MMB29P) AppleWebKit/537.36 (KHTML, like Gecko) Chrome/136.0.7103.92 Mobile Safari/537.36 (compatible; Googlebot/2.1; +http://www.google.com/bot.html)"
